000
CDUS45 KPIH 160740
CLIRXE


CLIMATE REPORT
NATIONAL WEATHER SERVICE POCATELLO ID
139 AM MDT TUE SEP 16 2014


...................................

...THE REXBURG ID CLIMATE SUMMARY FOR SEPTEMBER 15 2014...

CLIMATE NORMAL PERIOD 1981 TO 2010
CLIMATE RECORD PERIOD 1998 TO 2014


WEATHER ITEM   OBSERVED TIME   RECORD YEAR NORMAL DEPARTURE LAST
                VALUE   (LST)  VALUE       VALUE  FROM      YEAR
                                                  NORMAL
..................................................................
TEMPERATURE (F)
 YESTERDAY
  MAXIMUM         82    403 PM  91    2000  72     10       76
  MINIMUM         43    637 AM  33    2003  40      3       55
  AVERAGE         63                        56      7       66

PRECIPITATION (IN)
  YESTERDAY        0.00         MM      MM   0.02  -0.02      T
  MONTH TO DATE    0.17                      0.43  -0.26     0.38
  SINCE OCT 1     13.30                     12.56   0.74     9.05
  SINCE JAN 1     11.44                      9.35   2.09     5.66

SNOWFALL (IN)
  YESTERDAY       MM
  MONTH TO DATE   MM
  SINCE SEP 1     MM
  SINCE JUL 1     MM
  SNOW DEPTH      MM

DEGREE DAYS
 HEATING
  YESTERDAY        2                         9     -7        0
  MONTH TO DATE  131                       101     30        6
  SINCE SEP 1    131                       101     30        6
  SINCE JUL 1    205                       174     31        6

 COOLING
  YESTERDAY        0                         0      0        1
  MONTH TO DATE    0                         5     -5       33
  SINCE SEP 1      0                         5     -5       33
  SINCE JAN 1    222                       207     15      446
..................................................................


WIND (MPH)
  HIGHEST WIND SPEED    14   HIGHEST WIND DIRECTION    SW (220)
  HIGHEST GUST SPEED    20   HIGHEST GUST DIRECTION     W (260)
  AVERAGE WIND SPEED     4.7


SKY COVER
  POSSIBLE SUNSHINE  MM
  AVERAGE SKY COVER 0.0


WEATHER CONDITIONS
 THE FOLLOWING WEATHER WAS RECORDED YESTERDAY.
  HAZE


RELATIVE HUMIDITY (PERCENT)
 HIGHEST    65           200 AM
 LOWEST     16           300 PM
 AVERAGE    41

..........................................................


THE REXBURG ID CLIMATE NORMALS FOR TODAY
                         NORMAL    RECORD    YEAR
 MAXIMUM TEMPERATURE (F)   71        89      2000
 MINIMUM TEMPERATURE (F)   40        36      2007
                                             2006


SUNRISE AND SUNSET
SEPTEMBER 16 2014.....SUNRISE   708 AM MDT   SUNSET   736 PM MDT
SEPTEMBER 17 2014.....SUNRISE   709 AM MDT   SUNSET   734 PM MDT


-  INDICATES NEGATIVE NUMBERS.
R  INDICATES RECORD WAS SET OR TIED.
MM INDICATES DATA IS MISSING.
T  INDICATES TRACE AMOUNT.




$$
