000
CDUS45 KPIH 170750
CLIRXE


CLIMATE REPORT
NATIONAL WEATHER SERVICE POCATELLO ID
1249 AM MST SAT FEB 17 2018


...................................

...THE REXBURG ID CLIMATE SUMMARY FOR FEBRUARY 16 2018...

CLIMATE NORMAL PERIOD 1981 TO 2010
CLIMATE RECORD PERIOD 1998 TO 2018


WEATHER ITEM   OBSERVED TIME   RECORD YEAR NORMAL DEPARTURE LAST
                VALUE   (LST)  VALUE       VALUE  FROM      YEAR
                                                  NORMAL
..................................................................
TEMPERATURE (F)
 YESTERDAY
  MAXIMUM         29    729 PM  45    2007  32     -3       41
  MINIMUM         21    508 AM  -8    2002  12      9       20
  AVERAGE         25                        22      3       31

PRECIPITATION (IN)
  YESTERDAY        T            MM      MM   0.03  -0.03     0.01
  MONTH TO DATE    0.05                      0.47  -0.42     0.39
  SINCE OCT 1      3.47                      4.42  -0.95     7.29
  SINCE JAN 1      1.37                      1.21   0.16     1.53

SNOWFALL (IN)
  YESTERDAY       MM
  MONTH TO DATE   MM
  SINCE DEC 1     MM
  SINCE JUL 1     MM
  SNOW DEPTH      MM

DEGREE DAYS
 HEATING
  YESTERDAY       40                        43     -3       34
  MONTH TO DATE  521                       709   -188      572
  SINCE DEC 1   3052                      3474   -422     3709
  SINCE JUL 1   4931                      5486   -555     5356

 COOLING
  YESTERDAY        0                         0      0        0
  MONTH TO DATE    0                         0      0        0
  SINCE DEC 1      0                         0      0        0
  SINCE JAN 1      0                         0      0        0
..................................................................


WIND (MPH)
  HIGHEST WIND SPEED    22   HIGHEST WIND DIRECTION    SW (210)
  HIGHEST GUST SPEED    31   HIGHEST GUST DIRECTION    SW (210)
  AVERAGE WIND SPEED    14.0


SKY COVER
  POSSIBLE SUNSHINE  MM
  AVERAGE SKY COVER 0.6


WEATHER CONDITIONS
 THE FOLLOWING WEATHER WAS RECORDED YESTERDAY.
  SNOW
  LIGHT SNOW
  FOG


RELATIVE HUMIDITY (PERCENT)
 HIGHEST    92           200 PM
 LOWEST     55          1100 AM
 AVERAGE    74

..........................................................


THE REXBURG ID CLIMATE NORMALS FOR TODAY
                         NORMAL    RECORD    YEAR
 MAXIMUM TEMPERATURE (F)   33        44      2014
                                             2007
 MINIMUM TEMPERATURE (F)   12        -6      2006


SUNRISE AND SUNSET
FEBRUARY 17 2018......SUNRISE   723 AM MST   SUNSET   600 PM MST
FEBRUARY 18 2018......SUNRISE   721 AM MST   SUNSET   601 PM MST


-  INDICATES NEGATIVE NUMBERS.
R  INDICATES RECORD WAS SET OR TIED.
MM INDICATES DATA IS MISSING.
T  INDICATES TRACE AMOUNT.




$$
