000
CDUS45 KPIH 010739
CLIRXE


CLIMATE REPORT
NATIONAL WEATHER SERVICE POCATELLO ID
136 AM MDT WED JUL 1 2015


...................................

...THE REXBURG ID CLIMATE SUMMARY FOR JUNE 30 2015...

CLIMATE NORMAL PERIOD 1981 TO 2010
CLIMATE RECORD PERIOD 1998 TO 2015


WEATHER ITEM   OBSERVED TIME   RECORD YEAR NORMAL DEPARTURE LAST
                VALUE   (LST)  VALUE       VALUE  FROM      YEAR
                                                  NORMAL
..................................................................
TEMPERATURE (F)
 YESTERDAY
  MAXIMUM         88    131 PM  93    2013  79      9       74
  MINIMUM         62    602 AM  43    2014  48     14       43
  AVERAGE         75                        63     12       59

PRECIPITATION (IN)
  YESTERDAY        T            MM      MM   0.02  -0.02     0.00
  MONTH TO DATE    0.77                      1.37  -0.60     0.74
  SINCE OCT 1      8.44                     10.45  -2.01     7.65
  SINCE JAN 1      5.67                      7.24  -1.57     5.79

SNOWFALL (IN)
  YESTERDAY       MM
  MONTH TO DATE   MM
  SINCE JUN 1     MM
  SINCE JUL 1     MM
  SNOW DEPTH      MM

DEGREE DAYS
 HEATING
  YESTERDAY        0                         3     -3        6
  MONTH TO DATE   40                       171   -131      155
  SINCE JUN 1     40                       172   -132      155
  SINCE JUL 1   6801                      8130  -1329     7792

 COOLING
  YESTERDAY       10                         1      9        0
  MONTH TO DATE   89                        18     71        3
  SINCE JUN 1     89                        18     71        3
  SINCE JAN 1     89                        22     67        3
..................................................................


WIND (MPH)
  HIGHEST WIND SPEED    12   HIGHEST WIND DIRECTION     S (200)
  HIGHEST GUST SPEED    14   HIGHEST GUST DIRECTION    SE (130)
  AVERAGE WIND SPEED     4.6


SKY COVER
  POSSIBLE SUNSHINE  MM
  AVERAGE SKY COVER 0.1


WEATHER CONDITIONS
 THE FOLLOWING WEATHER WAS RECORDED YESTERDAY.
  NO SIGNIFICANT WEATHER WAS OBSERVED.


RELATIVE HUMIDITY (PERCENT)
 HIGHEST    78           400 AM
 LOWEST     28           100 PM
 AVERAGE    53

..........................................................


THE REXBURG ID CLIMATE NORMALS FOR TODAY
                         NORMAL    RECORD    YEAR
 MAXIMUM TEMPERATURE (F)   79        93      2013
 MINIMUM TEMPERATURE (F)   48        42      1999


SUNRISE AND SUNSET
JULY  1 2015..........SUNRISE   549 AM MDT   SUNSET   913 PM MDT
JULY  2 2015..........SUNRISE   549 AM MDT   SUNSET   913 PM MDT


-  INDICATES NEGATIVE NUMBERS.
R  INDICATES RECORD WAS SET OR TIED.
MM INDICATES DATA IS MISSING.
T  INDICATES TRACE AMOUNT.




$$
