106
CDUS45 KPIH 290752
CLIRXE


CLIMATE REPORT
NATIONAL WEATHER SERVICE POCATELLO ID
150 AM MDT FRI JUL 29 2016


...................................

...THE REXBURG ID CLIMATE SUMMARY FOR JULY 28 2016...

CLIMATE NORMAL PERIOD 1981 TO 2010
CLIMATE RECORD PERIOD 1998 TO 2016


WEATHER ITEM   OBSERVED TIME   RECORD YEAR NORMAL DEPARTURE LAST
                VALUE   (LST)  VALUE       VALUE  FROM      YEAR
                                                  NORMAL
..................................................................
TEMPERATURE (F)
 YESTERDAY
  MAXIMUM         90        MM  97    2006  87      3       69
  MINIMUM         57        MM  37    2015  52      5       37
  AVERAGE         74                        69      5       53

PRECIPITATION (IN)
  YESTERDAY        0.00         MM      MM   0.02  -0.02     0.00
  MONTH TO DATE    0.15                      0.66  -0.51     0.92
  SINCE OCT 1      9.07                     11.11  -2.04     9.36
  SINCE JAN 1      5.91                      7.90  -1.99     6.59

SNOWFALL (IN)
  YESTERDAY       MM
  MONTH TO DATE   MM
  SINCE JUN 1     MM
  SINCE JUL 1     MM
  SNOW DEPTH      MM

DEGREE DAYS
 HEATING
  YESTERDAY        0                         0      0       12
  MONTH TO DATE   34                        27      7       38
  SINCE JUN 1    104                       199    -95       78
  SINCE JUL 1     34                        27      7       38

 COOLING
  YESTERDAY        9                         4      5        0
  MONTH TO DATE   95                        77     18       92
  SINCE JUN 1    147                        95     52      181
  SINCE JAN 1    147                        99     48      181
..................................................................


WIND (MPH)
  HIGHEST WIND SPEED    13   HIGHEST WIND DIRECTION    NE (40)
  HIGHEST GUST SPEED    17   HIGHEST GUST DIRECTION    NE (40)
  AVERAGE WIND SPEED     6.3


SKY COVER
  POSSIBLE SUNSHINE  MM
  AVERAGE SKY COVER 0.0


WEATHER CONDITIONS
 THE FOLLOWING WEATHER WAS RECORDED YESTERDAY.
  NO SIGNIFICANT WEATHER WAS OBSERVED.


RELATIVE HUMIDITY (PERCENT)
 HIGHEST    67           600 AM
 LOWEST     15           300 PM
 AVERAGE    41

..........................................................


THE REXBURG ID CLIMATE NORMALS FOR TODAY
                         NORMAL    RECORD    YEAR
 MAXIMUM TEMPERATURE (F)   87        95      2007
                                             2006
                                             2000
 MINIMUM TEMPERATURE (F)   52        40      2015


SUNRISE AND SUNSET
JULY 29 2016..........SUNRISE   613 AM MDT   SUNSET   853 PM MDT
JULY 30 2016..........SUNRISE   614 AM MDT   SUNSET   852 PM MDT


-  INDICATES NEGATIVE NUMBERS.
R  INDICATES RECORD WAS SET OR TIED.
MM INDICATES DATA IS MISSING.
T  INDICATES TRACE AMOUNT.




$$
