000
CDUS45 KPIH 302328
CLIRXE


CLIMATE REPORT
NATIONAL WEATHER SERVICE POCATELLO ID
526 PM MDT FRI SEP 30 2016


...................................

...THE REXBURG ID CLIMATE SUMMARY FOR SEPTEMBER 30 2016...
VALID TODAY AS OF 0500 PM LOCAL TIME.

CLIMATE NORMAL PERIOD 1981 TO 2010
CLIMATE RECORD PERIOD 1998 TO 2016


WEATHER ITEM   OBSERVED TIME   RECORD YEAR NORMAL DEPARTURE LAST
                VALUE   (LST)  VALUE       VALUE  FROM      YEAR
                                                  NORMAL
..................................................................
TEMPERATURE (F)
 TODAY
  MAXIMUM         74    350 PM  84    2011  65      9       81
  MINIMUM         44    624 AM  30    1999  35      9       41
  AVERAGE         59                        50      9       61

PRECIPITATION (IN)
  TODAY            0.00         MM      MM   0.03  -0.03      T
  MONTH TO DATE    1.78                      0.96   0.82     0.43
  SINCE OCT 1     10.89                     13.09  -2.20    10.34
  SINCE JAN 1      7.73                      9.88  -2.15     7.57

SNOWFALL (IN)
  TODAY           MM
  MONTH TO DATE   MM
  SINCE SEP 1     MM
  SINCE JUL 1     MM
  SNOW DEPTH      MM

DEGREE DAYS
 HEATING
  TODAY            6                        15     -9        4
  MONTH TO DATE  256                       285    -29      163
  SINCE SEP 1    256                       285    -29      163
  SINCE JUL 1    320                       358    -38      238

 COOLING
  TODAY            0                         0      0        0
  MONTH TO DATE   14                         6      8       18
  SINCE SEP 1     14                         6      8       18
  SINCE JAN 1    261                       208     53      307
..................................................................


WIND (MPH)
  HIGHEST WIND SPEED    13   HIGHEST WIND DIRECTION     W (250)
  HIGHEST GUST SPEED    17   HIGHEST GUST DIRECTION    SW (230)
  AVERAGE WIND SPEED     3.8


SKY COVER
  POSSIBLE SUNSHINE  MM
  AVERAGE SKY COVER 0.1


WEATHER CONDITIONS
 THE FOLLOWING WEATHER WAS RECORDED TODAY.
  NO SIGNIFICANT WEATHER WAS OBSERVED.


RELATIVE HUMIDITY (PERCENT)
 HIGHEST   100           600 AM
 LOWEST     38           400 PM
 AVERAGE    69

..........................................................


THE REXBURG ID CLIMATE NORMALS FOR TOMORROW
                         NORMAL    RECORD    YEAR
 MAXIMUM TEMPERATURE (F)   65        83      2011
                                             2010
 MINIMUM TEMPERATURE (F)   35        28      2002


SUNRISE AND SUNSET
SEPTEMBER 30 2016.....SUNRISE   724 AM MDT   SUNSET   709 PM MDT
OCTOBER  1 2016.......SUNRISE   725 AM MDT   SUNSET   707 PM MDT


-  INDICATES NEGATIVE NUMBERS.
R  INDICATES RECORD WAS SET OR TIED.
MM INDICATES DATA IS MISSING.
T  INDICATES TRACE AMOUNT.




$$
