000
CDUS45 KPIH 250735
CLIRXE


CLIMATE REPORT
NATIONAL WEATHER SERVICE POCATELLO ID
134 AM MDT THU MAY 25 2017


...................................

...THE REXBURG ID CLIMATE SUMMARY FOR MAY 24 2017...

CLIMATE NORMAL PERIOD 1981 TO 2010
CLIMATE RECORD PERIOD 1998 TO 2017


WEATHER ITEM   OBSERVED TIME   RECORD YEAR NORMAL DEPARTURE LAST
                VALUE   (LST)  VALUE       VALUE  FROM      YEAR
                                                  NORMAL
..................................................................
TEMPERATURE (F)
 YESTERDAY
  MAXIMUM         74    132 PM  87    2003  68      6       65
  MINIMUM         45   1159 PM  31    2012  41      4       34
  AVERAGE         60                        55      5       50

PRECIPITATION (IN)
  YESTERDAY        0.00         MM      MM   0.06  -0.06     0.16
  MONTH TO DATE    0.80                      1.31  -0.51     1.92
  SINCE OCT 1     11.81                      8.63   3.18     8.74
  SINCE JAN 1      6.05                      5.42   0.63     5.58

SNOWFALL (IN)
  YESTERDAY       MM
  MONTH TO DATE   MM
  SINCE MAR 1     MM
  SINCE JUL 1     MM
  SNOW DEPTH      MM

DEGREE DAYS
 HEATING
  YESTERDAY        5                        10     -5       15
  MONTH TO DATE  279                       326    -47      293
  SINCE MAR 1   1676                      1918   -242     1653
  SINCE JUL 1   7471                      7891   -420     7230

 COOLING
  YESTERDAY        0                         0      0        0
  MONTH TO DATE    0                         0      0        0
  SINCE MAR 1      0                         0      0        0
  SINCE JAN 1      0                         0      0        0
..................................................................


WIND (MPH)
  HIGHEST WIND SPEED    45   HIGHEST WIND DIRECTION    SW (220)
  HIGHEST GUST SPEED    63   HIGHEST GUST DIRECTION    SW (230)
  AVERAGE WIND SPEED    18.4


SKY COVER
  POSSIBLE SUNSHINE  MM
  AVERAGE SKY COVER 0.0


WEATHER CONDITIONS
 THE FOLLOWING WEATHER WAS RECORDED YESTERDAY.
  NO SIGNIFICANT WEATHER WAS OBSERVED.


RELATIVE HUMIDITY (PERCENT)
 HIGHEST    63           600 AM
 LOWEST     13           400 PM
 AVERAGE    38

..........................................................


THE REXBURG ID CLIMATE NORMALS FOR TODAY
                         NORMAL    RECORD    YEAR
 MAXIMUM TEMPERATURE (F)   69        87      2003
 MINIMUM TEMPERATURE (F)   42        34      2005
                                             2004


SUNRISE AND SUNSET
MAY 25 2017...........SUNRISE   552 AM MDT   SUNSET   857 PM MDT
MAY 26 2017...........SUNRISE   551 AM MDT   SUNSET   858 PM MDT


-  INDICATES NEGATIVE NUMBERS.
R  INDICATES RECORD WAS SET OR TIED.
MM INDICATES DATA IS MISSING.
T  INDICATES TRACE AMOUNT.




$$
