000
CDUS46 KSTO 280052
CLISAC

CLIMATE REPORT
NATIONAL WEATHER SERVICE SACRAMENTO, CA
549 PM PDT WED AUG 27 2014


...................................

...THE SACRAMENTO EXEC. AIRPORT CA CLIMATE SUMMARY FOR AUGUST 27 2014...
VALID TODAY AS OF 0500 PM LOCAL TIME.

CLIMATE NORMAL PERIOD 1981 TO 2010
CLIMATE RECORD PERIOD 1930 TO 2014


WEATHER ITEM   OBSERVED TIME   RECORD YEAR NORMAL DEPARTURE LAST
                VALUE   (LST)  VALUE       VALUE  FROM      YEAR
                                                  NORMAL
..................................................................
TEMPERATURE (F)
 TODAY
  MAXIMUM         95    356 PM 103    2001  90      5       93
  MINIMUM         63    611 AM  50    1952  58      5       57
  AVERAGE         79

PRECIPITATION (IN)
  TODAY            0.00          0.03 1949   0.00   0.00     0.00
  MONTH TO DATE    T                         0.04  -0.04      T
  SINCE JUL 1      0.01                      0.04  -0.03      T
  SINCE JAN 1      7.90                     11.94  -4.04     3.91

SNOWFALL (IN)
  TODAY            0.0          MM      MM   0.0             0.0
  MONTH TO DATE    0.0                       0.0             0.0
  SINCE JUN 1      0.0                       0.0             0.0
  SINCE JUL 1      0.0                       0.0             0.0

DEGREE DAYS
 HEATING
  TODAY            0

 COOLING
  TODAY           14
..................................................................


WIND (MPH)
  RESULTANT WIND SPEED   3   RESULTANT WIND DIRECTION   S (170)
  HIGHEST WIND SPEED     9   HIGHEST WIND DIRECTION    SW (230)
  HIGHEST GUST SPEED    16   HIGHEST GUST DIRECTION     S (180)


SKY COVER
  POSSIBLE SUNSHINE  MM
  AVERAGE SKY COVER 0.0


WEATHER CONDITIONS
 THE FOLLOWING WEATHER WAS RECORDED TODAY.
  NO SIGNIFICANT WEATHER WAS OBSERVED.


RELATIVE HUMIDITY (PERCENT)
 HIGHEST    78
 LOWEST     20
 AVERAGE    49

..........................................................


THE SACRAMENTO EXEC. AIRPORT CA CLIMATE NORMALS FOR TOMORROW
                         NORMAL    RECORD    YEAR
 MAXIMUM TEMPERATURE (F)   90       104      2008
 MINIMUM TEMPERATURE (F)   58        46      1939


SUNRISE AND SUNSET
AUGUST 27 2014........SUNRISE   631 AM PDT   SUNSET   743 PM PDT
AUGUST 28 2014........SUNRISE   632 AM PDT   SUNSET   742 PM PDT


-  INDICATES NEGATIVE NUMBERS.
R  INDICATES RECORD WAS SET OR TIED.
MM INDICATES DATA IS MISSING.
T  INDICATES TRACE AMOUNT.






&&
....................................................................

SACRAMENTO CITY CLIMATE DATA FOR WEDNESDAY AUGUST 27 2014

HIGH...   97  RECORD HIGH   108 IN 1894    NORMAL    HIGH   91
LOW....   64  RECORD LOW     51 IN 1952    NORMAL    LOW    60

RAIN SINCE MIDNIGHT....  0.00   RECORD THIS DATE....... 0.01 IN 1949
TOTAL THIS MONTH.......  0.00   NORMAL SEASON TO DATE.........  0.02
TOTAL SINCE JULY 1ST...  0.02   PERCENT OF NORMAL.............  100%


$$
