000
CDUS46 KSTO 280853 RRA
CLISAC

CLIMATE REPORT
NATIONAL WEATHER SERVICE SACRAMENTO, CA
150 AM PDT SUN MAY 28 2017


.................................................................

...THE SACRAMENTO EXEC. AIRPORT CA CLIMATE SUMMARY FOR MAY 27 2017...

CLIMATE NORMAL PERIOD 1981 TO 2010
CLIMATE RECORD PERIOD 1930 TO 2017


WEATHER ITEM   OBSERVED TIME   RECORD YEAR NORMAL DEPARTURE LAST
                VALUE   (LST)  VALUE       VALUE  FROM      YEAR
                                                  NORMAL
..................................................................
TEMPERATURE (F)
 YESTERDAY
  MAXIMUM         MM        MM 100    1984  83     MM       89
  MINIMUM         MM        MM  43    1977  53     MM       54
  AVERAGE         MM

PRECIPITATION (IN)
  YESTERDAY        0.00          1.35 1990   0.02  -0.02     0.00
  MONTH TO DATE    0.00                      0.61  -0.61     0.39
  SINCE OCT 1     32.93                     17.90  15.03    16.19
  SINCE JAN 1     23.48                     11.62  11.86    12.75

SNOWFALL (IN)
  YESTERDAY        0.0          MM      MM   0.0             0.0
  MONTH TO DATE    0.0                       0.0             0.0
  SINCE MAR 1      0.0                       0.0             0.0
  SINCE JUL 1      0.0                       0.0             0.0

DEGREE DAYS
 HEATING
  YESTERDAY       MM

 COOLING
  YESTERDAY       MM
..................................................................


WIND (MPH)
  RESULTANT WIND SPEED  11   RESULTANT WIND DIRECTION  SW (210)
  HIGHEST WIND SPEED    14   HIGHEST WIND DIRECTION    SW (210)
  HIGHEST GUST SPEED    MM   HIGHEST GUST DIRECTION    MM


SKY COVER
  POSSIBLE SUNSHINE  MM
  AVERAGE SKY COVER 0.0


WEATHER CONDITIONS
 THE FOLLOWING WEATHER WAS RECORDED YESTERDAY.
  NO SIGNIFICANT WEATHER WAS OBSERVED.


RELATIVE HUMIDITY (PERCENT)
 HIGHEST    93
 LOWEST     63
 AVERAGE    78

..........................................................


THE SACRAMENTO EXEC. AIRPORT CA CLIMATE NORMALS FOR TODAY
                         NORMAL    RECORD    YEAR
 MAXIMUM TEMPERATURE (F)   83       105      1984
 MINIMUM TEMPERATURE (F)   53        43      2010


SUNRISE AND SUNSET
MAY 28 2017...........SUNRISE   545 AM PDT   SUNSET   822 PM PDT
MAY 29 2017...........SUNRISE   545 AM PDT   SUNSET   823 PM PDT


-  INDICATES NEGATIVE NUMBERS.
R  INDICATES RECORD WAS SET OR TIED.
MM INDICATES DATA IS MISSING.
T  INDICATES TRACE AMOUNT.


&&
....................................................................

SACRAMENTO CITY CLIMATE DATA FOR SATURDAY MAY 27 2017

HIGH...   79  RECORD HIGH   104 IN 1984    NORMAL    HIGH   83
LOW....   56  RECORD LOW     45 IN 1927    NORMAL    LOW    56

RAIN SINCE MIDNIGHT....  0.00   RECORD THIS DATE....... 1.56 IN 1990
TOTAL THIS MONTH.......  0.00   NORMAL SINCE OCT 1ST.........  19.63
TOTAL SINCE OCT 1ST.. . 33.66   PERCENT OF NORMAL.............  171%


$$
NNNN
