000
CDUS46 KSTO 290845 RRA
CLISAC

CLIMATE REPORT
NATIONAL WEATHER SERVICE SACRAMENTO, CA
141 AM PDT WED MAR 29 2017


...................................

...THE SACRAMENTO EXEC. AIRPORT CA CLIMATE SUMMARY FOR MARCH 28 2017...

CLIMATE NORMAL PERIOD 1981 TO 2010
CLIMATE RECORD PERIOD 1930 TO 2017


WEATHER ITEM   OBSERVED TIME   RECORD YEAR NORMAL DEPARTURE LAST
                VALUE   (LST)  VALUE       VALUE  FROM      YEAR
                                                  NORMAL
..................................................................
TEMPERATURE (F)
 YESTERDAY
  MAXIMUM         73    310 PM  84    2015  67      6       63
  MINIMUM         51    612 AM  34    1985  45      6       42
  AVERAGE         62

PRECIPITATION (IN)
  YESTERDAY        0.00          1.05 1963   0.07  -0.07     0.00
  MONTH TO DATE    2.38                      2.56  -0.18     5.07
  SINCE OCT 1     30.00                     15.95  14.05    14.77
  SINCE JAN 1     20.55                      9.67  10.88    11.33

SNOWFALL (IN)
  YESTERDAY        0.0          MM      MM   0.0             0.0
  MONTH TO DATE    0.0                       0.0             0.0
  SINCE MAR 1      0.0                       0.0             0.0
  SINCE JUL 1      0.0                       0.0             0.0

DEGREE DAYS
 HEATING
  YESTERDAY        3

 COOLING
  YESTERDAY        0
..................................................................


WIND (MPH)
  RESULTANT WIND SPEED  13   RESULTANT WIND DIRECTION  NW (330)
  HIGHEST WIND SPEED    28   HIGHEST WIND DIRECTION    NW (330)
  HIGHEST GUST SPEED    38   HIGHEST GUST DIRECTION     N (340)


SKY COVER
  POSSIBLE SUNSHINE  MM
  AVERAGE SKY COVER 0.0


WEATHER CONDITIONS
 THE FOLLOWING WEATHER WAS RECORDED YESTERDAY.
  NO SIGNIFICANT WEATHER WAS OBSERVED.


RELATIVE HUMIDITY (PERCENT)
 HIGHEST    71
 LOWEST     35
 AVERAGE    53

..........................................................


THE SACRAMENTO EXEC. AIRPORT CA CLIMATE NORMALS FOR TODAY
                         NORMAL    RECORD    YEAR
 MAXIMUM TEMPERATURE (F)   67        84      2015
 MINIMUM TEMPERATURE (F)   45        33      1967


SUNRISE AND SUNSET
MARCH 29 2017.........SUNRISE   655 AM PDT   SUNSET   727 PM PDT
MARCH 30 2017.........SUNRISE   653 AM PDT   SUNSET   728 PM PDT


-  INDICATES NEGATIVE NUMBERS.
R  INDICATES RECORD WAS SET OR TIED.
MM INDICATES DATA IS MISSING.
T  INDICATES TRACE AMOUNT.




&&
....................................................................

SACRAMENTO CITY CLIMATE DATA FOR TUESDAY MARCH 28 2017

HIGH...   74  RECORD HIGH    84 IN 2015    NORMAL    HIGH   69
LOW....   51  RECORD LOW     37 IN 1892    NORMAL    LOW    47

RAIN SINCE MIDNIGHT....  0.00   RECORD THIS DATE....... 1.28 IN 1904
TOTAL THIS MONTH.......  2.74   NORMAL SINCE OCT 1ST.........  17.43
TOTAL SINCE OCT 1ST... 30.28   PERCENT OF NORMAL.............  174%


$$
NNNN
