000
CDUS46 KSGX 110117
CLISAN


CLIMATE REPORT
NATIONAL WEATHER SERVICE SAN DIEGO, CA
517 PM PST SAT DEC 10 2016


...................................

...THE SAN DIEGO INTL AIRPORT CA CLIMATE SUMMARY FOR DECEMBER 10 2016...
VALID TODAY AS OF 0500 PM LOCAL TIME.

CLIMATE NORMAL PERIOD 1981 TO 2010
CLIMATE RECORD PERIOD 1874 TO 2016


WEATHER ITEM   OBSERVED TIME   RECORD YEAR NORMAL DEPARTURE LAST
                VALUE   (LST)  VALUE       VALUE  FROM      YEAR
                                                  NORMAL
..................................................................
TEMPERATURE (F)
 TODAY
  MAXIMUM         68   1211 PM  84    1950  65      3       67
  MINIMUM         57    818 AM  40    1884  49      8       57
  AVERAGE         63                        57      6       62

PRECIPITATION (IN)
  TODAY            0.00          2.56 1943   0.04  -0.04      T
  MONTH TO DATE    0.00                      0.43  -0.43      T
  SINCE OCT 1      0.68                      2.01  -1.33     1.97
  SINCE JAN 1      6.01                      9.24  -3.23     9.01

DEGREE DAYS
 HEATING
  TODAY            2                         8     -6        3
  MONTH TO DATE   63                        77    -14       23
  SINCE DEC 1     63                        77    -14       23
  SINCE JUL 1    113                       222   -109       92

 COOLING
  TODAY            0                         0      0        0
  MONTH TO DATE    0                         0      0        0
  SINCE DEC 1      0                         0      0        0
  SINCE JAN 1   1163                       720    443     1564
..................................................................


WIND (MPH)
  RESULTANT WIND SPEED   2   RESULTANT WIND DIRECTION   N (10)
  HIGHEST WIND SPEED    14   HIGHEST WIND DIRECTION    NW (300)
  HIGHEST GUST SPEED    18   HIGHEST GUST DIRECTION    NW (300)
  AVERAGE WIND SPEED     4.3


SKY COVER
  POSSIBLE SUNSHINE  MM
  AVERAGE SKY COVER 0.9


WEATHER CONDITIONS
 THE FOLLOWING WEATHER WAS RECORDED TODAY.
  FOG
  HAZE


RELATIVE HUMIDITY (PERCENT)
 HIGHEST    86           600 AM
 LOWEST     63          1200 PM
 AVERAGE    75

..........................................................


THE SAN DIEGO INTL AIRPORT CA CLIMATE NORMALS FOR TOMORROW
                         NORMAL    RECORD    YEAR
 MAXIMUM TEMPERATURE (F)   65        84      1958
 MINIMUM TEMPERATURE (F)   48        39      1947


SUNRISE AND SUNSET
DECEMBER 10 2016......SUNRISE   640 AM PST   SUNSET   443 PM PST
DECEMBER 11 2016......SUNRISE   641 AM PST   SUNSET   443 PM PST


-  INDICATES NEGATIVE NUMBERS.
R  INDICATES RECORD WAS SET OR TIED.
MM INDICATES DATA IS MISSING.
T  INDICATES TRACE AMOUNT.




$$
