000
CDUS46 KSGX 200120
CLISAN


CLIMATE REPORT
NATIONAL WEATHER SERVICE SAN DIEGO, CA
520 PM PST SUN NOV 19 2017


...................................

...THE SAN DIEGO INTL AIRPORT CA CLIMATE SUMMARY FOR NOVEMBER 19 2017...
VALID TODAY AS OF 0500 PM LOCAL TIME.

CLIMATE NORMAL PERIOD 1981 TO 2010
CLIMATE RECORD PERIOD 1874 TO 2017


WEATHER ITEM   OBSERVED TIME   RECORD YEAR NORMAL DEPARTURE LAST
                VALUE   (LST)  VALUE       VALUE  FROM      YEAR
                                                  NORMAL
..................................................................
TEMPERATURE (F)
 TODAY
  MAXIMUM         73   1124 AM  85    1917  68      5       72
                                      1914
  MINIMUM         52    503 AM  39    1994  53     -1       52
  AVERAGE         63                        60      3       62

PRECIPITATION (IN)
  TODAY            0.00          1.05 1852   0.03  -0.03     0.00
  MONTH TO DATE    T                         0.56  -0.56     0.00
  SINCE OCT 1      T                         1.13  -1.13     0.07
  SINCE JAN 1      7.83                      8.36  -0.53     5.40

DEGREE DAYS
 HEATING
  TODAY            2                         5     -3        3
  MONTH TO DATE    8                        60    -52        3
  SINCE SEP 1      8                        80    -72        3
  SINCE JUL 1      8                        81    -73        3

 COOLING
  TODAY            0                         0      0        0
  MONTH TO DATE   18                        11      7       81
  SINCE SEP 1    456                       250    206      481
  SINCE JAN 1   1159                       718    441     1163
..................................................................


WIND (MPH)
  RESULTANT WIND SPEED   3   RESULTANT WIND DIRECTION  NW (320)
  HIGHEST WIND SPEED    13   HIGHEST WIND DIRECTION    NW (310)
  HIGHEST GUST SPEED    16   HIGHEST GUST DIRECTION    NW (310)
  AVERAGE WIND SPEED     4.0


SKY COVER
  POSSIBLE SUNSHINE  MM
  AVERAGE SKY COVER 0.6


WEATHER CONDITIONS
 THE FOLLOWING WEATHER WAS RECORDED TODAY.
  FOG
  FOG W/VISIBILITY <= 1/4 MILE


RELATIVE HUMIDITY (PERCENT)
 HIGHEST   100           400 AM
 LOWEST     27          1100 AM
 AVERAGE    64

..........................................................


THE SAN DIEGO INTL AIRPORT CA CLIMATE NORMALS FOR TOMORROW
                         NORMAL    RECORD    YEAR
 MAXIMUM TEMPERATURE (F)   68        86      1914
 MINIMUM TEMPERATURE (F)   52        38      1964


SUNRISE AND SUNSET
NOVEMBER 19 2017......SUNRISE   623 AM PST   SUNSET   445 PM PST
NOVEMBER 20 2017......SUNRISE   624 AM PST   SUNSET   445 PM PST


-  INDICATES NEGATIVE NUMBERS.
R  INDICATES RECORD WAS SET OR TIED.
MM INDICATES DATA IS MISSING.
T  INDICATES TRACE AMOUNT.




$$
