343
CDUS46 KSGX 261132
CLISAN


CLIMATE REPORT
NATIONAL WEATHER SERVICE SAN DIEGO, CA
431 AM PDT WED APR 26 2017


...................................

...THE SAN DIEGO INTL AIRPORT CA CLIMATE SUMMARY FOR APRIL 25 2017...

CLIMATE NORMAL PERIOD 1981 TO 2010
CLIMATE RECORD PERIOD 1874 TO 2017


WEATHER ITEM   OBSERVED TIME   RECORD YEAR NORMAL DEPARTURE LAST
                VALUE   (LST)  VALUE       VALUE  FROM      YEAR
                                                  NORMAL
..................................................................
TEMPERATURE (F)
 YESTERDAY
  MAXIMUM         69    300 PM  83    1992  68      1       65
  MINIMUM         62   1159 PM  44    1883  57      5       59
                                      1880
  AVERAGE         66                        63      3       62

PRECIPITATION (IN)
  YESTERDAY        T             0.86 1951   0.02  -0.02     0.00
  MONTH TO DATE    0.01                      0.70  -0.69     0.55
  SINCE OCT 1     11.71                      9.87   1.84     7.42
  SINCE JAN 1      6.81                      6.76   0.05     4.57

DEGREE DAYS
 HEATING
  YESTERDAY        0                         3     -3        3
  MONTH TO DATE   19                        98    -79       16
  SINCE MAR 1     95                       276   -181       85
  SINCE JUL 1    687                      1134   -447      625

 COOLING
  YESTERDAY        1                         1      0        0
  MONTH TO DATE   21                         7     14       49
  SINCE MAR 1     32                        12     20       54
  SINCE JAN 1     32                        17     15       99
..................................................................


WIND (MPH)
  RESULTANT WIND SPEED   5   RESULTANT WIND DIRECTION  SW (230)
  HIGHEST WIND SPEED    15   HIGHEST WIND DIRECTION     S (180)
  HIGHEST GUST SPEED    19   HIGHEST GUST DIRECTION    NW (300)
  AVERAGE WIND SPEED     8.6


SKY COVER
  POSSIBLE SUNSHINE  MM
  AVERAGE SKY COVER 0.7


WEATHER CONDITIONS
 THE FOLLOWING WEATHER WAS RECORDED YESTERDAY.
  NO SIGNIFICANT WEATHER WAS OBSERVED.


RELATIVE HUMIDITY (PERCENT)
 HIGHEST    78           600 AM
 LOWEST     55           400 PM
 AVERAGE    67

..........................................................


THE SAN DIEGO INTL AIRPORT CA CLIMATE NORMALS FOR TODAY
                         NORMAL    RECORD    YEAR
 MAXIMUM TEMPERATURE (F)   68        88      2004
 MINIMUM TEMPERATURE (F)   57        47      1932
                                             1882


SUNRISE AND SUNSET
APRIL 26 2017.........SUNRISE   606 AM PDT   SUNSET   727 PM PDT
APRIL 27 2017.........SUNRISE   605 AM PDT   SUNSET   728 PM PDT


-  INDICATES NEGATIVE NUMBERS.
R  INDICATES RECORD WAS SET OR TIED.
MM INDICATES DATA IS MISSING.
T  INDICATES TRACE AMOUNT.




$$
