270
CDUS46 KSGX 110117
CLISAN


CLIMATE REPORT
NATIONAL WEATHER SERVICE SAN DIEGO, CA
517 PM PST WED FEB 10 2016


...................................

...THE SAN DIEGO/LINDBERGH FIELD CA CLIMATE SUMMARY FOR FEBRUARY 10 2016...
VALID TODAY AS OF 0500 PM LOCAL TIME.

CLIMATE NORMAL PERIOD 1981 TO 2010
CLIMATE RECORD PERIOD 1874 TO 2016


WEATHER ITEM   OBSERVED TIME   RECORD YEAR NORMAL DEPARTURE LAST
                VALUE   (LST)  VALUE       VALUE  FROM      YEAR
                                                  NORMAL
..................................................................
TEMPERATURE (F)
 TODAY
  MAXIMUM         86R   156 PM  81    1988  65     21       70
  MINIMUM         57    537 AM  34    1891  50      7       53
  AVERAGE         72                        58     14       62

PRECIPITATION (IN)
  TODAY            0.00          1.21 1915   0.08  -0.08     0.00
  MONTH TO DATE    T                         0.73  -0.73     0.00
  SINCE OCT 1      6.06                      5.82   0.24     5.29
  SINCE JAN 1      3.21                      2.71   0.50     0.42

DEGREE DAYS
 HEATING
  TODAY            0                         7     -7        3
  MONTH TO DATE   46                        76    -30       26
  SINCE DEC 1    447                       586   -139      280
  SINCE JUL 1    516                       731   -215      302

 COOLING
  TODAY            7                         0      7        0
  MONTH TO DATE   16                         0     16        0
  SINCE DEC 1     16                         2     14        4
  SINCE JAN 1     16                         2     14        0
..................................................................


WIND (MPH)
  RESULTANT WIND SPEED   1   RESULTANT WIND DIRECTION   N (360)
  HIGHEST WIND SPEED     9   HIGHEST WIND DIRECTION    NW (300)
  HIGHEST GUST SPEED    12   HIGHEST GUST DIRECTION    NW (300)
  AVERAGE WIND SPEED     1.6


SKY COVER
  POSSIBLE SUNSHINE  MM
  AVERAGE SKY COVER 0.4


WEATHER CONDITIONS
 THE FOLLOWING WEATHER WAS RECORDED TODAY.
  NO SIGNIFICANT WEATHER WAS OBSERVED.


RELATIVE HUMIDITY (PERCENT)
 HIGHEST    46           200 AM
 LOWEST     11           300 PM
 AVERAGE    29

..........................................................


THE SAN DIEGO/LINDBERGH FIELD CA CLIMATE NORMALS FOR TOMORROW
                         NORMAL    RECORD    YEAR
 MAXIMUM TEMPERATURE (F)   65        83      1988
 MINIMUM TEMPERATURE (F)   50        34      1894


SUNRISE AND SUNSET
FEBRUARY 10 2016......SUNRISE   637 AM PST   SUNSET   529 PM PST
FEBRUARY 11 2016......SUNRISE   636 AM PST   SUNSET   530 PM PST


-  INDICATES NEGATIVE NUMBERS.
R  INDICATES RECORD WAS SET OR TIED.
MM INDICATES DATA IS MISSING.
T  INDICATES TRACE AMOUNT.




$$
