000
CDUS46 KSGX 100018
CLISAN


CLIMATE REPORT
NATIONAL WEATHER SERVICE SAN DIEGO, CA
518 PM PDT WED JUL 9 2014


...................................

...THE SAN DIEGO/LINDBERGH FIELD CA CLIMATE SUMMARY FOR JULY 9 2014...
VALID TODAY AS OF 0500 PM LOCAL TIME.

CLIMATE NORMAL PERIOD 1981 TO 2010
CLIMATE RECORD PERIOD 1850 TO 2014


WEATHER ITEM   OBSERVED TIME   RECORD YEAR NORMAL DEPARTURE LAST
                VALUE   (LST)  VALUE       VALUE  FROM      YEAR
                                                  NORMAL
..................................................................
TEMPERATURE (F)
 TODAY
  MAXIMUM         78   1046 AM  95    1985  74      4       77
  MINIMUM         68    537 AM  57    1948  65      3       69
                                      1943
                                      1892
  AVERAGE         73                        70      3       73

PRECIPITATION (IN)
  TODAY            0.00          T    1992   0.01  -0.01     0.00
                                      1973
                                      1959
  MONTH TO DATE    0.00                      0.01  -0.01     0.00
  SINCE JUL 1      0.00                      0.01  -0.01     0.00
  SINCE JAN 1      2.82                      7.04  -4.22     3.33

SNOWFALL (IN)
  TODAY            0.0
  MONTH TO DATE    0.0
  SINCE JAN 1      0.0
  SINCE JUL 1      0.0
  SNOW DEPTH       0

DEGREE DAYS
 HEATING
  TODAY            0                         0      0        0
  MONTH TO DATE    0                         0      0        0
  SINCE JUN 1      0                        18    -18       15
  SINCE JUL 1      0                         0      0        0

 COOLING
  TODAY            8                         5      3        8
  MONTH TO DATE   77                        37     40       58
  SINCE JUN 1    189                        97     92      128
  SINCE JAN 1    428                       146    282      182
..................................................................


WIND (MPH)
  RESULTANT WIND SPEED   1   RESULTANT WIND DIRECTION   W (270)
  HIGHEST WIND SPEED    13   HIGHEST WIND DIRECTION     W (270)
  HIGHEST GUST SPEED    17   HIGHEST GUST DIRECTION     W (290)
  AVERAGE WIND SPEED     4.2


SKY COVER
  POSSIBLE SUNSHINE  MM
  AVERAGE SKY COVER 0.5


WEATHER CONDITIONS
 THE FOLLOWING WEATHER WAS RECORDED TODAY.
  NO SIGNIFICANT WEATHER WAS OBSERVED.


RELATIVE HUMIDITY (PERCENT)
 HIGHEST    76          1200 AM
 LOWEST     60          1000 AM
 AVERAGE    68

..........................................................


THE SAN DIEGO/LINDBERGH FIELD CA CLIMATE NORMALS FOR TOMORROW
                         NORMAL    RECORD    YEAR
 MAXIMUM TEMPERATURE (F)   74        93      1959
 MINIMUM TEMPERATURE (F)   65        57      1882


SUNRISE AND SUNSET
JULY  9 2014..........SUNRISE   548 AM PDT   SUNSET   759 PM PDT
JULY 10 2014..........SUNRISE   549 AM PDT   SUNSET   759 PM PDT


-  INDICATES NEGATIVE NUMBERS.
R  INDICATES RECORD WAS SET OR TIED.
MM INDICATES DATA IS MISSING.
T  INDICATES TRACE AMOUNT.




$$
