591
CDUS46 KSGX 220154
CLISAN


CLIMATE REPORT
NATIONAL WEATHER SERVICE SAN DIEGO, CA
554 PM PST TUE FEB 21 2017


...................................

...THE SAN DIEGO INTL AIRPORT CA CLIMATE SUMMARY FOR FEBRUARY 21 2017...
VALID TODAY AS OF 0500 PM LOCAL TIME.

CLIMATE NORMAL PERIOD 1981 TO 2010
CLIMATE RECORD PERIOD 1874 TO 2017


WEATHER ITEM   OBSERVED TIME   RECORD YEAR NORMAL DEPARTURE LAST
                VALUE   (LST)  VALUE       VALUE  FROM      YEAR
                                                  NORMAL
..................................................................
TEMPERATURE (F)
 TODAY
  MAXIMUM         74   1244 PM  83    1981  65      9       69
  MINIMUM         56    722 AM  39    1953  51      5       56
                                      1882
  AVERAGE         65                        58      7       63

PRECIPITATION (IN)
  TODAY            0.00          2.18 2005   0.09  -0.09     0.00
  MONTH TO DATE    1.31                      1.69  -0.38     0.05
  SINCE OCT 1      9.22                      6.78   2.44     6.11
  SINCE JAN 1      4.32                      3.67   0.65     3.26

DEGREE DAYS
 HEATING
  TODAY            0                         7     -7        2
  MONTH TO DATE   85                       153    -68       62
  SINCE DEC 1    483                       663   -180      463
  SINCE JUL 1    533                       808   -275      532

 COOLING
  TODAY            0                         0      0        0
  MONTH TO DATE    0                         0      0       40
  SINCE DEC 1      4                         2      2       40
  SINCE JAN 1      0                         2     -2       40
..................................................................


WIND (MPH)
  RESULTANT WIND SPEED   4   RESULTANT WIND DIRECTION  NW (320)
  HIGHEST WIND SPEED    17   HIGHEST WIND DIRECTION    NW (300)
  HIGHEST GUST SPEED    22   HIGHEST GUST DIRECTION    NW (310)
  AVERAGE WIND SPEED     4.9


SKY COVER
  POSSIBLE SUNSHINE  MM
  AVERAGE SKY COVER 0.7


WEATHER CONDITIONS
 THE FOLLOWING WEATHER WAS RECORDED TODAY.
  HAZE


RELATIVE HUMIDITY (PERCENT)
 HIGHEST    86          1200 AM
 LOWEST     53          1200 PM
 AVERAGE    70

..........................................................


THE SAN DIEGO INTL AIRPORT CA CLIMATE NORMALS FOR TOMORROW
                         NORMAL    RECORD    YEAR
 MAXIMUM TEMPERATURE (F)   65        87      2002
 MINIMUM TEMPERATURE (F)   51        38      1897


SUNRISE AND SUNSET
FEBRUARY 21 2017......SUNRISE   625 AM PST   SUNSET   540 PM PST
FEBRUARY 22 2017......SUNRISE   624 AM PST   SUNSET   541 PM PST


-  INDICATES NEGATIVE NUMBERS.
R  INDICATES RECORD WAS SET OR TIED.
MM INDICATES DATA IS MISSING.
T  INDICATES TRACE AMOUNT.




$$
