000
CDUS46 KSGX 280018
CLISAN


CLIMATE REPORT
NATIONAL WEATHER SERVICE SAN DIEGO, CA
418 PM PST SAT DEC 27 2014


...................................

...THE SAN DIEGO/LINDBERGH FIELD CA CLIMATE SUMMARY FOR DECEMBER 27 2014...
VALID TODAY AS OF 0400 PM LOCAL TIME.

CLIMATE NORMAL PERIOD 1981 TO 2010
CLIMATE RECORD PERIOD 1850 TO 2014


WEATHER ITEM   OBSERVED TIME   RECORD YEAR NORMAL DEPARTURE LAST
                VALUE   (LST)  VALUE       VALUE  FROM      YEAR
                                                  NORMAL
..................................................................
TEMPERATURE (F)
 TODAY
  MAXIMUM         62    236 PM  85    1956  64     -2       79
  MINIMUM         43    712 AM  37    1987  48     -5       48
                                      1926
                                      1924
  AVERAGE         53                        56     -3       64

PRECIPITATION (IN)
  TODAY            0.00          2.15 1879   0.05  -0.05     0.00
  MONTH TO DATE    4.42                      1.28   3.14     0.46
  SINCE JUL 1      4.87                      3.06   1.81     2.24
  SINCE JAN 1      7.69                     10.09  -2.40     5.57

SNOWFALL (IN)
  TODAY            0.0
  MONTH TO DATE    0.0
  SINCE JAN 1      0.0
  SINCE JUL 1      0.0
  SNOW DEPTH       0

DEGREE DAYS
 HEATING
  TODAY           12                         9      3        1
  MONTH TO DATE   88                       229   -141      150
  SINCE DEC 1     88                       229   -141      150
  SINCE JUL 1    110                       374   -264      220

 COOLING
  TODAY            0                         0      0        0
  MONTH TO DATE    4                         0      4        4
  SINCE DEC 1      4                         0      4        4
  SINCE JAN 1   1495                       720    775      765
..................................................................


WIND (MPH)
  RESULTANT WIND SPEED   2   RESULTANT WIND DIRECTION   W (280)
  HIGHEST WIND SPEED    12   HIGHEST WIND DIRECTION     W (260)
  HIGHEST GUST SPEED    15   HIGHEST GUST DIRECTION     W (260)
  AVERAGE WIND SPEED     3.2


SKY COVER
  POSSIBLE SUNSHINE  MM
  AVERAGE SKY COVER 0.3


WEATHER CONDITIONS
 THE FOLLOWING WEATHER WAS RECORDED TODAY.
  NO SIGNIFICANT WEATHER WAS OBSERVED.


RELATIVE HUMIDITY (PERCENT)
 HIGHEST    49           600 AM
 LOWEST     15          1200 PM
 AVERAGE    32

..........................................................


THE SAN DIEGO/LINDBERGH FIELD CA CLIMATE NORMALS FOR TOMORROW
                         NORMAL    RECORD    YEAR
 MAXIMUM TEMPERATURE (F)   64        84      1919
 MINIMUM TEMPERATURE (F)   48        37      1987


SUNRISE AND SUNSET
DECEMBER 27 2014......SUNRISE   650 AM PST   SUNSET   450 PM PST
DECEMBER 28 2014......SUNRISE   650 AM PST   SUNSET   451 PM PST


-  INDICATES NEGATIVE NUMBERS.
R  INDICATES RECORD WAS SET OR TIED.
MM INDICATES DATA IS MISSING.
T  INDICATES TRACE AMOUNT.




$$
