000
CDUS44 KEWX 280746
CLISAT


CLIMATE REPORT
NATIONAL WEATHER SERVICE AUSTIN/SAN ANTONIO, TX
244 AM CDT TUE MAR 28 2017


...................................

...THE SAN ANTONIO CLIMATE SUMMARY FOR MARCH 27 2017...

CLIMATE NORMAL PERIOD 1981 TO 2010
CLIMATE RECORD PERIOD 1886 TO 2017


WEATHER ITEM   OBSERVED TIME   RECORD YEAR NORMAL DEPARTURE LAST
                VALUE   (LST)  VALUE       VALUE  FROM      YEAR
                                                  NORMAL
..................................................................
TEMPERATURE (F)
 YESTERDAY
  MAXIMUM         82    349 PM  96    1984  76      6       74
  MINIMUM         67    637 AM  31    1913  53     14       57
  AVERAGE         75                        65     10       66

PRECIPITATION (IN)
  YESTERDAY        0.00          2.52 1938   0.07  -0.07      T
  MONTH TO DATE    1.22                      2.05  -0.83     3.42
  SINCE MAR 1      1.22                      2.05  -0.83     3.42
  SINCE JAN 1      7.55                      5.60   1.95     6.35

SNOWFALL (IN)
  YESTERDAY        0.0
  MONTH TO DATE    0.0
  SINCE MAR 1      0.0
  SINCE JUL 1      0.0
  SNOW DEPTH       0

DEGREE DAYS
 HEATING
  YESTERDAY        0                         3     -3        0
  MONTH TO DATE   51                       141    -90       66
  SINCE MAR 1     51                       141    -90       66
  SINCE JUL 1    769                      1442   -673     1015

 COOLING
  YESTERDAY       10                         3      7        1
  MONTH TO DATE  111                        54     57       87
  SINCE MAR 1    111                        54     57       87
  SINCE JAN 1    211                        80    131      116
..................................................................


WIND (MPH)
  HIGHEST WIND SPEED    18   HIGHEST WIND DIRECTION    SE (130)
  HIGHEST GUST SPEED    22   HIGHEST GUST DIRECTION    SE (130)
  AVERAGE WIND SPEED     8.4


SKY COVER
  AVERAGE SKY COVER 0.6


WEATHER CONDITIONS
 THE FOLLOWING WEATHER WAS RECORDED YESTERDAY.
  FOG


RELATIVE HUMIDITY (PERCENT)
 HIGHEST    93           600 AM
 LOWEST     62           300 PM
 AVERAGE    78

..........................................................


THE SAN ANTONIO CLIMATE NORMALS FOR TODAY
                         NORMAL    RECORD    YEAR
 MAXIMUM TEMPERATURE (F)   76       100      1971
 MINIMUM TEMPERATURE (F)   53        29      1955


SUNRISE AND SUNSET
MARCH 28 2017.........SUNRISE   728 AM CDT   SUNSET   750 PM CDT
MARCH 29 2017.........SUNRISE   727 AM CDT   SUNSET   751 PM CDT


-  INDICATES NEGATIVE NUMBERS.
R  INDICATES RECORD WAS SET OR TIED.
MM INDICATES DATA IS MISSING.
T  INDICATES TRACE AMOUNT.




$$
