000
CDUS44 KEWX 200719
CLISAT


CLIMATE REPORT
NATIONAL WEATHER SERVICE AUSTIN/SAN ANTONIO, TX
218 AM CDT MON OCT 20 2014


...................................

...THE SAN ANTONIO CLIMATE SUMMARY FOR OCTOBER 19 2014...

CLIMATE NORMAL PERIOD 1981 TO 2010
CLIMATE RECORD PERIOD 1886 TO 2014


WEATHER ITEM   OBSERVED TIME   RECORD YEAR NORMAL DEPARTURE LAST
                VALUE   (LST)  VALUE       VALUE  FROM      YEAR
                                                  NORMAL
..................................................................
TEMPERATURE (F)
 YESTERDAY
  MAXIMUM         86    153 PM  92    1993  82      4       72
                                      1979
  MINIMUM         66    639 AM  38    1989  59      7       51
  AVERAGE         76                        70      6       62

PRECIPITATION (IN)
  YESTERDAY        0.00          1.76 1985   0.16  -0.16      T
  MONTH TO DATE    0.62                      2.60  -1.98     1.97
  SINCE SEP 1      2.39                      5.63  -3.24     5.67
  SINCE JAN 1     18.46                     26.57  -8.11    29.11

SNOWFALL (IN)
  YESTERDAY        0.0
  MONTH TO DATE    0.0
  SINCE SEP 1      0.0
  SINCE JUL 1      0.0
  SNOW DEPTH       0

DEGREE DAYS
 HEATING
  YESTERDAY        0                         1     -1        3
  MONTH TO DATE    0                         8     -8        7
  SINCE SEP 1      0                        10    -10        7
  SINCE JUL 1      0                        10    -10        7

 COOLING
  YESTERDAY       11                         6      5        0
  MONTH TO DATE  241                       157     84      198
  SINCE SEP 1    757                       600    157      756
  SINCE JAN 1   3357                      2991    366     3349
..................................................................


WIND (MPH)
  HIGHEST WIND SPEED    17   HIGHEST WIND DIRECTION    SE (120)
  HIGHEST GUST SPEED    22   HIGHEST GUST DIRECTION     E (110)
  AVERAGE WIND SPEED     7.0


SKY COVER
  AVERAGE SKY COVER 0.6


WEATHER CONDITIONS
 THE FOLLOWING WEATHER WAS RECORDED YESTERDAY.
  NO SIGNIFICANT WEATHER WAS OBSERVED.


RELATIVE HUMIDITY (PERCENT)
 HIGHEST    93           500 AM
 LOWEST     37           300 PM
 AVERAGE    65

..........................................................


THE SAN ANTONIO CLIMATE NORMALS FOR TODAY
                         NORMAL    RECORD    YEAR
 MAXIMUM TEMPERATURE (F)   81        92      1979
 MINIMUM TEMPERATURE (F)   59        34      1966


SUNRISE AND SUNSET
OCTOBER 20 2014.......SUNRISE   739 AM CDT   SUNSET   658 PM CDT
OCTOBER 21 2014.......SUNRISE   739 AM CDT   SUNSET   657 PM CDT


-  INDICATES NEGATIVE NUMBERS.
R  INDICATES RECORD WAS SET OR TIED.
MM INDICATES DATA IS MISSING.
T  INDICATES TRACE AMOUNT.




$$
