000
CDUS44 KEWX 250721
CLISAT


CLIMATE REPORT
NATIONAL WEATHER SERVICE AUSTIN/SAN ANTONIO, TX
220 AM CDT FRI JUL 25 2014


...................................

...THE SAN ANTONIO CLIMATE SUMMARY FOR JULY 24 2014...

CLIMATE NORMAL PERIOD 1981 TO 2010
CLIMATE RECORD PERIOD 1886 TO 2014


WEATHER ITEM   OBSERVED TIME   RECORD YEAR NORMAL DEPARTURE LAST
                VALUE   (LST)  VALUE       VALUE  FROM      YEAR
                                                  NORMAL
..................................................................
TEMPERATURE (F)
 YESTERDAY
  MAXIMUM         94    509 PM 104    1934  95     -1      100
  MINIMUM         79    649 AM  65    1942  75      4       79
  AVERAGE         87                        85      2       90

PRECIPITATION (IN)
  YESTERDAY        T             1.36 1935   0.05  -0.05     0.00
  MONTH TO DATE    3.24                      2.33   0.91     0.68
  SINCE JUN 1      8.62                      6.47   2.15     2.70
  SINCE JAN 1     15.98                     18.44  -2.46    22.54

SNOWFALL (IN)
  YESTERDAY        0.0
  MONTH TO DATE    0.0
  SINCE JUN 1      0.0
  SINCE JUL 1      0.0
  SNOW DEPTH       0

DEGREE DAYS
 HEATING
  YESTERDAY        0                         0      0        0
  MONTH TO DATE    0                         0      0        0
  SINCE JUN 1      0                         0      0        0
  SINCE JUL 1      0                         0      0        0

 COOLING
  YESTERDAY       22                        20      2       25
  MONTH TO DATE  472                       466      6      492
  SINCE JUN 1   1023                       989     34     1067
  SINCE JAN 1   1727                      1618    109     1684
..................................................................


WIND (MPH)
  HIGHEST WIND SPEED    15   HIGHEST WIND DIRECTION    SE (140)
  HIGHEST GUST SPEED    19   HIGHEST GUST DIRECTION    SE (130)
  AVERAGE WIND SPEED     6.8


SKY COVER
  AVERAGE SKY COVER 0.7


WEATHER CONDITIONS
 THE FOLLOWING WEATHER WAS RECORDED YESTERDAY.
  NO SIGNIFICANT WEATHER WAS OBSERVED.


RELATIVE HUMIDITY (PERCENT)
 HIGHEST    79           100 AM
 LOWEST     41           300 PM
 AVERAGE    60

..........................................................


THE SAN ANTONIO CLIMATE NORMALS FOR TODAY
                         NORMAL    RECORD    YEAR
 MAXIMUM TEMPERATURE (F)   95       104      1994
                                             1954
 MINIMUM TEMPERATURE (F)   75        64      1911


SUNRISE AND SUNSET
JULY 25 2014..........SUNRISE   650 AM CDT   SUNSET   831 PM CDT
JULY 26 2014..........SUNRISE   650 AM CDT   SUNSET   830 PM CDT


-  INDICATES NEGATIVE NUMBERS.
R  INDICATES RECORD WAS SET OR TIED.
MM INDICATES DATA IS MISSING.
T  INDICATES TRACE AMOUNT.




$$
