000
CDUS44 KEWX 232351
CLISAT


CLIMATE REPORT
NATIONAL WEATHER SERVICE AUSTIN/SAN ANTONIO, TX
549 PM CST SUN NOV 23 2014


...................................

...THE SAN ANTONIO CLIMATE SUMMARY FOR NOVEMBER 23 2014...
VALID TODAY AS OF 549 PM LOCAL TIME.

CLIMATE NORMAL PERIOD 1981 TO 2010
CLIMATE RECORD PERIOD 1886 TO 2014


WEATHER ITEM   OBSERVED TIME   RECORD YEAR NORMAL DEPARTURE LAST
                VALUE   (LST)  VALUE       VALUE  FROM      YEAR
                                                  NORMAL
..................................................................
TEMPERATURE (F)
 TODAY
  MAXIMUM         81    359 PM  84    2005  70     11       45
                                      1967
  MINIMUM         52    727 AM  25    1975  47      5       38
  AVERAGE         67                        58      9       42

PRECIPITATION (IN)
  TODAY            0.00          2.00 1974   0.06  -0.06     0.03
  MONTH TO DATE    7.21                      1.85   5.36     0.69
  SINCE SEP 1     10.89                      8.99   1.90     7.20
  SINCE JAN 1     26.96                     29.93  -2.97    30.64

SNOWFALL (IN)
  TODAY            0.0
  MONTH TO DATE    0.0
  SINCE SEP 1      0.0
  SINCE JUL 1      0.0
  SNOW DEPTH       0

DEGREE DAYS
 HEATING
  TODAY            0                         8     -8       23
  MONTH TO DATE  201                       115     86       90
  SINCE SEP 1    201                       148     53      101
  SINCE JUL 1    201                       148     53      101

 COOLING
  TODAY            2                         1      1        0
  MONTH TO DATE   21                        55    -34       73
  SINCE SEP 1    892                       719    173      913
  SINCE JAN 1   3492                      3110    382     3506
..................................................................


WIND (MPH)
  HIGHEST WIND SPEED    20   HIGHEST WIND DIRECTION    SW (240)
  HIGHEST GUST SPEED    27   HIGHEST GUST DIRECTION    SW (240)
  AVERAGE WIND SPEED     8.6


SKY COVER
  AVERAGE SKY COVER 0.3


WEATHER CONDITIONS
 THE FOLLOWING WEATHER WAS RECORDED TODAY.
  NO SIGNIFICANT WEATHER WAS OBSERVED.


RELATIVE HUMIDITY (PERCENT)
 HIGHEST    93           300 AM
 LOWEST     26           200 PM
 AVERAGE    60

..........................................................


THE SAN ANTONIO CLIMATE NORMALS FOR TOMORROW
                         NORMAL    RECORD    YEAR
 MAXIMUM TEMPERATURE (F)   69        85      2010
 MINIMUM TEMPERATURE (F)   47        25      1970


SUNRISE AND SUNSET
NOVEMBER 23 2014......SUNRISE   705 AM CST   SUNSET   536 PM CST
NOVEMBER 24 2014......SUNRISE   705 AM CST   SUNSET   535 PM CST


-  INDICATES NEGATIVE NUMBERS.
R  INDICATES RECORD WAS SET OR TIED.
MM INDICATES DATA IS MISSING.
T  INDICATES TRACE AMOUNT.




$$
