269
CDUS44 KEWX 250715
CLISAT


CLIMATE REPORT
NATIONAL WEATHER SERVICE AUSTIN/SAN ANTONIO, TX
215 AM CDT WED MAY 25 2016


...................................

...THE SAN ANTONIO CLIMATE SUMMARY FOR MAY 24 2016...

CLIMATE NORMAL PERIOD 1981 TO 2010
CLIMATE RECORD PERIOD 1886 TO 2016


WEATHER ITEM   OBSERVED TIME   RECORD YEAR NORMAL DEPARTURE LAST
                VALUE   (LST)  VALUE       VALUE  FROM      YEAR
                                                  NORMAL
..................................................................
TEMPERATURE (F)
 YESTERDAY
  MAXIMUM         85    436 PM 101    1989  89     -4       85
                                      1955
                                      1925
  MINIMUM         74    500 AM  55    1967  69      5       65
                                      1910
  AVERAGE         80                        79      1       75

PRECIPITATION (IN)
  YESTERDAY        T             2.76 1908   0.13  -0.13     0.15
  MONTH TO DATE    4.89                      2.97   1.92     7.04
  SINCE MAR 1     14.64                      7.38   7.26    17.55
  SINCE JAN 1     17.57                     10.93   6.64    21.75

SNOWFALL (IN)
  YESTERDAY        0.0
  MONTH TO DATE    0.0
  SINCE MAR 1      T
  SINCE JUL 1      T
  SNOW DEPTH       0

DEGREE DAYS
 HEATING
  YESTERDAY        0                         0      0        0
  MONTH TO DATE    1                         0      1        0
  SINCE MAR 1     89                       193   -104      179
  SINCE JUL 1   1038                      1494   -456     1494

 COOLING
  YESTERDAY       15                        14      1       10
  MONTH TO DATE  218                       268    -50      264
  SINCE MAR 1    492                       501     -9      535
  SINCE JAN 1    521                       527     -6      548
..................................................................


WIND (MPH)
  HIGHEST WIND SPEED    21   HIGHEST WIND DIRECTION    SE (130)
  HIGHEST GUST SPEED    25   HIGHEST GUST DIRECTION    SE (120)
  AVERAGE WIND SPEED    11.6


SKY COVER
  AVERAGE SKY COVER 0.9


WEATHER CONDITIONS
 THE FOLLOWING WEATHER WAS RECORDED YESTERDAY.
  LIGHT RAIN
  FOG


RELATIVE HUMIDITY (PERCENT)
 HIGHEST    93           300 AM
 LOWEST     74          1200 PM
 AVERAGE    84

..........................................................


THE SAN ANTONIO CLIMATE NORMALS FOR TODAY
                         NORMAL    RECORD    YEAR
 MAXIMUM TEMPERATURE (F)   89       103      1989
 MINIMUM TEMPERATURE (F)   69        58      1967
                                             1947


SUNRISE AND SUNSET
MAY 25 2016...........SUNRISE   636 AM CDT   SUNSET   826 PM CDT
MAY 26 2016...........SUNRISE   636 AM CDT   SUNSET   826 PM CDT


-  INDICATES NEGATIVE NUMBERS.
R  INDICATES RECORD WAS SET OR TIED.
MM INDICATES DATA IS MISSING.
T  INDICATES TRACE AMOUNT.




$$
