000
CDUS44 KEWX 282221
CLISAT


CLIMATE REPORT
NATIONAL WEATHER SERVICE AUSTIN/SAN ANTONIO, TX
421 PM CST FRI NOV 28 2014


...................................

...THE SAN ANTONIO CLIMATE SUMMARY FOR NOVEMBER 28 2014...
VALID TODAY AS OF 420 PM LOCAL TIME.

CLIMATE NORMAL PERIOD 1981 TO 2010
CLIMATE RECORD PERIOD 1886 TO 2014


WEATHER ITEM   OBSERVED TIME   RECORD YEAR NORMAL DEPARTURE LAST
                VALUE   (LST)  VALUE       VALUE  FROM      YEAR
                                                  NORMAL
..................................................................
TEMPERATURE (F)
 TODAY
  MAXIMUM         73    255 PM  90    1949  68      5       57
  MINIMUM         42    658 AM  25    1993  46     -4       33
  AVERAGE         58                        57      1       45

PRECIPITATION (IN)
  TODAY            0.00          1.43 1952   0.06  -0.06     0.00
  MONTH TO DATE    7.21                      2.16   5.05     1.50
  SINCE SEP 1     10.89                      9.30   1.59     8.01
  SINCE JAN 1     26.96                     30.24  -3.28    31.45

SNOWFALL (IN)
  TODAY            0.0
  MONTH TO DATE    0.0
  SINCE SEP 1      0.0
  SINCE JUL 1      0.0
  SNOW DEPTH       0

DEGREE DAYS
 HEATING
  TODAY            7                         9     -2       20
  MONTH TO DATE  247                       158     89      198
  SINCE SEP 1    247                       191     56      209
  SINCE JUL 1    247                       191     56      209

 COOLING
  TODAY            0                         1     -1        0
  MONTH TO DATE   21                        60    -39       73
  SINCE SEP 1    892                       724    168      913
  SINCE JAN 1   3492                      3115    377     3506
..................................................................


WIND (MPH)
  HIGHEST WIND SPEED    18   HIGHEST WIND DIRECTION     S (190)
  HIGHEST GUST SPEED    26   HIGHEST GUST DIRECTION     S (180)
  AVERAGE WIND SPEED     7.8


SKY COVER
  AVERAGE SKY COVER 0.2


WEATHER CONDITIONS
 THE FOLLOWING WEATHER WAS RECORDED TODAY.
  NO SIGNIFICANT WEATHER WAS OBSERVED.


RELATIVE HUMIDITY (PERCENT)
 HIGHEST    82           100 AM
 LOWEST     41           200 PM
 AVERAGE    62

..........................................................


THE SAN ANTONIO CLIMATE NORMALS FOR TOMORROW
                         NORMAL    RECORD    YEAR
 MAXIMUM TEMPERATURE (F)   68        91      1949
 MINIMUM TEMPERATURE (F)   45        21      1976


SUNRISE AND SUNSET
NOVEMBER 28 2014......SUNRISE   709 AM CST   SUNSET   535 PM CST
NOVEMBER 29 2014......SUNRISE   710 AM CST   SUNSET   535 PM CST


-  INDICATES NEGATIVE NUMBERS.
R  INDICATES RECORD WAS SET OR TIED.
MM INDICATES DATA IS MISSING.
T  INDICATES TRACE AMOUNT.




$$
