000
CDUS42 KCHS 012204
CLISAV


CLIMATE REPORT
NATIONAL WEATHER SERVICE CHARLESTON SC
504 PM EST SUN FEB 1 2015


...................................

...THE SAVANNAH GA CLIMATE SUMMARY FOR FEBRUARY 1 2015...
VALID TODAY AS OF 0500 PM LOCAL TIME.

CLIMATE NORMAL PERIOD 1981 TO 2010
CLIMATE RECORD PERIOD 1871 TO 2015


WEATHER ITEM   OBSERVED TIME   RECORD YEAR NORMAL DEPARTURE LAST
                VALUE   (LST)  VALUE       VALUE  FROM      YEAR
                                                  NORMAL
..................................................................
TEMPERATURE (F)
 TODAY
  MAXIMUM         71    228 PM  85    2002  62      9       54
  MINIMUM         36    734 AM  23    1977  40     -4       46
                                      1965
                                      1936
  AVERAGE         54                        51      3       50

PRECIPITATION (IN)
  TODAY            0.00          1.57 1897   0.11  -0.11     0.15
  MONTH TO DATE    0.00                      0.11  -0.11     0.15
  SINCE DEC 1      8.14                      6.75   1.39     4.94
  SINCE JAN 1      4.12                      3.80   0.32     2.56

SNOWFALL (IN)
  TODAY            0.0                       0.0    0.0
  SINCE DEC 1      0.0                       0.2   -0.2
  SINCE JUL 1      0.0                       0.2   -0.2

DEGREE DAYS
 HEATING
  TODAY           11                        14     -3       15
  MONTH TO DATE   11                        14     -3       15
  SINCE DEC 1    768                       921   -153      858
  SINCE JUL 1   1060                      1188   -128     1114

 COOLING
  TODAY            0                         0      0        0
  MONTH TO DATE    0                         0      0        0
  SINCE DEC 1     11                        12     -1       41
  SINCE JAN 1      5                         3      2        3
..................................................................


WIND (MPH)
  HIGHEST WIND SPEED    25   HIGHEST WIND DIRECTION     S (170)
  HIGHEST GUST SPEED    31   HIGHEST GUST DIRECTION     S (170)
  AVERAGE WIND SPEED     6.6


SKY COVER
  POSSIBLE SUNSHINE  MM
  AVERAGE SKY COVER 0.4


WEATHER CONDITIONS
 THE FOLLOWING WEATHER WAS RECORDED TODAY.
  NO SIGNIFICANT WEATHER WAS OBSERVED.


RELATIVE HUMIDITY (PERCENT)
 HIGHEST    92           500 AM
 LOWEST     44           200 PM
 AVERAGE    68

..........................................................


THE SAVANNAH GA CLIMATE NORMALS FOR TOMORROW
                         NORMAL    RECORD    YEAR
 MAXIMUM TEMPERATURE (F)   62        81      1950
 MINIMUM TEMPERATURE (F)   40        18      1917


SUNRISE AND SUNSET
FEBRUARY  1 2015......SUNRISE   719 AM EST   SUNSET   558 PM EST
FEBRUARY  2 2015......SUNRISE   718 AM EST   SUNSET   559 PM EST


-  INDICATES NEGATIVE NUMBERS.
R  INDICATES RECORD WAS SET OR TIED.
MM INDICATES DATA IS MISSING.
T  INDICATES TRACE AMOUNT.




$$
