000
CDUS42 KCHS 300604
CLISAV


CLIMATE REPORT
NATIONAL WEATHER SERVICE CHARLESTON SC
203 AM EDT MON MAY 30 2016


...................................

...THE SAVANNAH GA CLIMATE SUMMARY FOR MAY 29 2016...

CLIMATE NORMAL PERIOD 1981 TO 2010
CLIMATE RECORD PERIOD 1871 TO 2016


WEATHER ITEM   OBSERVED TIME   RECORD YEAR NORMAL DEPARTURE LAST
                VALUE   (LST)  VALUE       VALUE  FROM      YEAR
                                                  NORMAL
..................................................................
TEMPERATURE (F)
 YESTERDAY
  MAXIMUM         71   1129 PM  98    1945  87    -16       87
                                      1898
  MINIMUM         67    304 PM  55    1968  66      1       64
                                      1961
  AVERAGE         69                        77     -8       76

PRECIPITATION (IN)
  YESTERDAY        1.25          1.63 1923   0.13   1.12     0.00
  MONTH TO DATE    8.99                      2.72   6.27     1.17
  SINCE MAR 1     16.26                      9.52   6.74     9.71
  SINCE JAN 1     22.67                     16.00   6.67    17.27

DEGREE DAYS
 HEATING
  YESTERDAY        0                         0      0        0
  MONTH TO DATE    4                         6     -2        2
  SINCE MAR 1    146                       292   -146      158
  SINCE JUL 1   1215                      1809   -594     1693

 COOLING
  YESTERDAY        4                        12     -8       11
  MONTH TO DATE  263                       243     20      272
  SINCE MAR 1    478                       369    109      509
  SINCE JAN 1    499                       379    120      514
..................................................................


WIND (MPH)
  HIGHEST WIND SPEED    30   HIGHEST WIND DIRECTION    NW (310)
  HIGHEST GUST SPEED    41   HIGHEST GUST DIRECTION    NW (330)
  AVERAGE WIND SPEED    15.0


SKY COVER
  POSSIBLE SUNSHINE  MM
  AVERAGE SKY COVER 1.0


WEATHER CONDITIONS
 THE FOLLOWING WEATHER WAS RECORDED YESTERDAY.
  HEAVY RAIN
  RAIN
  LIGHT RAIN
  FOG
  HAZE


RELATIVE HUMIDITY (PERCENT)
 HIGHEST    93           300 AM
 LOWEST     73          1000 PM
 AVERAGE    83

..........................................................


THE SAVANNAH GA CLIMATE NORMALS FOR TODAY
                         NORMAL    RECORD    YEAR
 MAXIMUM TEMPERATURE (F)   87       101      1898
 MINIMUM TEMPERATURE (F)   66        53      1971


SUNRISE AND SUNSET
MAY 30 2016...........SUNRISE   620 AM EDT   SUNSET   825 PM EDT
MAY 31 2016...........SUNRISE   619 AM EDT   SUNSET   826 PM EDT


-  INDICATES NEGATIVE NUMBERS.
R  INDICATES RECORD WAS SET OR TIED.
MM INDICATES DATA IS MISSING.
T  INDICATES TRACE AMOUNT.




$$
