493
CDUS42 KCHS 212104
CLISAV


CLIMATE REPORT
NATIONAL WEATHER SERVICE CHARLESTON SC
504 PM EDT THU SEP 21 2017


...................................

...THE SAVANNAH GA CLIMATE SUMMARY FOR SEPTEMBER 21 2017...
VALID TODAY AS OF 0500 PM LOCAL TIME.

CLIMATE NORMAL PERIOD 1981 TO 2010
CLIMATE RECORD PERIOD 1871 TO 2017


WEATHER ITEM   OBSERVED TIME   RECORD YEAR NORMAL DEPARTURE LAST
                VALUE   (LST)  VALUE       VALUE  FROM      YEAR
                                                  NORMAL
..................................................................
TEMPERATURE (F)
 TODAY
  MAXIMUM         91    319 PM 100    1925  85      6       89
  MINIMUM         70    611 AM  46    1897  67      3       72
  AVERAGE         81                        76      5       81

PRECIPITATION (IN)
  TODAY            0.00          5.66 1989   0.13  -0.13      T
  MONTH TO DATE    5.13                      3.36   1.77     3.60
  SINCE SEP 1      5.13                      3.36   1.77     3.60
  SINCE JAN 1     47.49                     37.73   9.76    37.97

DEGREE DAYS
 HEATING
  TODAY            0                         0      0        0
  MONTH TO DATE    0                         0      0        0
  SINCE SEP 1      0                         0      0        0
  SINCE JUL 1      0                         0      0        0

 COOLING
  TODAY           16                        11      5       16
  MONTH TO DATE  281                       275      6      314
  SINCE SEP 1    281                       275      6      314
  SINCE JAN 1   2541                      2182    359     2624
..................................................................


WIND (MPH)
  HIGHEST WIND SPEED    12   HIGHEST WIND DIRECTION    SE (130)
  HIGHEST GUST SPEED    15   HIGHEST GUST DIRECTION    SE (130)
  AVERAGE WIND SPEED     2.2


SKY COVER
  POSSIBLE SUNSHINE  MM
  AVERAGE SKY COVER 0.4


WEATHER CONDITIONS
 THE FOLLOWING WEATHER WAS RECORDED TODAY.
  FOG


RELATIVE HUMIDITY (PERCENT)
 HIGHEST   100           500 AM
 LOWEST     49           300 PM
 AVERAGE    75

..........................................................


THE SAVANNAH GA CLIMATE NORMALS FOR TOMORROW
                         NORMAL    RECORD    YEAR
 MAXIMUM TEMPERATURE (F)   85       100      1925
 MINIMUM TEMPERATURE (F)   66        46      1897


SUNRISE AND SUNSET
SEPTEMBER 21 2017.....SUNRISE   713 AM EDT   SUNSET   722 PM EDT
SEPTEMBER 22 2017.....SUNRISE   713 AM EDT   SUNSET   721 PM EDT


-  INDICATES NEGATIVE NUMBERS.
R  INDICATES RECORD WAS SET OR TIED.
MM INDICATES DATA IS MISSING.
T  INDICATES TRACE AMOUNT.




$$
