000
CDUS42 KCHS 242108
CLISAV


CLIMATE REPORT
NATIONAL WEATHER SERVICE CHARLESTON SC
508 PM EDT WED MAY 24 2017


...................................

...THE SAVANNAH GA CLIMATE SUMMARY FOR MAY 24 2017...
VALID TODAY AS OF 0500 PM LOCAL TIME.

CLIMATE NORMAL PERIOD 1981 TO 2010
CLIMATE RECORD PERIOD 1871 TO 2017


WEATHER ITEM   OBSERVED TIME   RECORD YEAR NORMAL DEPARTURE LAST
                VALUE   (LST)  VALUE       VALUE  FROM      YEAR
                                                  NORMAL
..................................................................
TEMPERATURE (F)
 TODAY
  MAXIMUM         81   1034 AM  98    2011  86     -5       84
                                      1953
  MINIMUM         71    215 PM  51    2001  65      6       61
                                      1954
                                      1892
  AVERAGE         76                        76      0       73

PRECIPITATION (IN)
  TODAY            0.42          2.29 1938   0.11   0.31     0.00
  MONTH TO DATE   11.39                      2.11   9.28     7.30
  SINCE MAR 1     14.77                      8.91   5.86    14.57
  SINCE JAN 1     23.60                     15.39   8.21    20.98

DEGREE DAYS
 HEATING
  TODAY            0                         0      0        0
  MONTH TO DATE    1                         6     -5        4
  SINCE MAR 1    213                       292    -79      146
  SINCE JUL 1   1023                      1809   -786     1215

 COOLING
  TODAY           11                        11      0        8
  MONTH TO DATE  238                       187     51      218
  SINCE MAR 1    520                       313    207      433
  SINCE JAN 1    578                       323    255      454
..................................................................


WIND (MPH)
  HIGHEST WIND SPEED    31   HIGHEST WIND DIRECTION     S (170)
  HIGHEST GUST SPEED    39   HIGHEST GUST DIRECTION     S (170)
  AVERAGE WIND SPEED    10.9


SKY COVER
  POSSIBLE SUNSHINE  MM
  AVERAGE SKY COVER 0.9


WEATHER CONDITIONS
 THE FOLLOWING WEATHER WAS RECORDED TODAY.
  THUNDERSTORM
  HEAVY RAIN
  RAIN
  LIGHT RAIN
  FOG


RELATIVE HUMIDITY (PERCENT)
 HIGHEST    93           500 AM
 LOWEST     69           900 AM
 AVERAGE    81

..........................................................


THE SAVANNAH GA CLIMATE NORMALS FOR TOMORROW
                         NORMAL    RECORD    YEAR
 MAXIMUM TEMPERATURE (F)   87       100      1953
 MINIMUM TEMPERATURE (F)   65        49      1967


SUNRISE AND SUNSET
MAY 24 2017...........SUNRISE   622 AM EDT   SUNSET   822 PM EDT
MAY 25 2017...........SUNRISE   622 AM EDT   SUNSET   822 PM EDT


-  INDICATES NEGATIVE NUMBERS.
R  INDICATES RECORD WAS SET OR TIED.
MM INDICATES DATA IS MISSING.
T  INDICATES TRACE AMOUNT.




$$
