000
CDUS42 KCHS 280611
CLISAV


CLIMATE REPORT
NATIONAL WEATHER SERVICE CHARLESTON SC
210 AM EDT FRI AUG 28 2015


...................................

...THE SAVANNAH GA CLIMATE SUMMARY FOR AUGUST 27 2015...

CLIMATE NORMAL PERIOD 1981 TO 2010
CLIMATE RECORD PERIOD 1871 TO 2015


WEATHER ITEM   OBSERVED TIME   RECORD YEAR NORMAL DEPARTURE LAST
                VALUE   (LST)  VALUE       VALUE  FROM      YEAR
                                                  NORMAL
..................................................................
TEMPERATURE (F)
 YESTERDAY
  MAXIMUM         89   1251 PM 102    1938  90     -1       90
  MINIMUM         74    404 PM  61    1966  72      2       66
  AVERAGE         82                        81      1       78

PRECIPITATION (IN)
  YESTERDAY        T             4.33 1881   0.20  -0.20     0.00
  MONTH TO DATE    5.91                      5.77   0.14     3.41
  SINCE JUN 1     16.90                     17.32  -0.42    19.27
  SINCE JAN 1     34.23                     33.58   0.65    35.06

DEGREE DAYS
 HEATING
  YESTERDAY        0                         0      0        0
  MONTH TO DATE    0                         0      0        0
  SINCE JUN 1      0                         0      0        0
  SINCE JUL 1      0                         0      0        0

 COOLING
  YESTERDAY       17                        16      1       13
  MONTH TO DATE  470                       450     20      500
  SINCE JUN 1   1562                      1442    120     1554
  SINCE JAN 1   2097                      1845    252     2043
..................................................................


WIND (MPH)
  HIGHEST WIND SPEED    29   HIGHEST WIND DIRECTION     E (90)
  HIGHEST GUST SPEED    38   HIGHEST GUST DIRECTION     E (80)
  AVERAGE WIND SPEED     6.0


SKY COVER
  POSSIBLE SUNSHINE  MM
  AVERAGE SKY COVER 0.7


WEATHER CONDITIONS
 THE FOLLOWING WEATHER WAS RECORDED YESTERDAY.
  THUNDERSTORM
  LIGHT RAIN
  FOG


RELATIVE HUMIDITY (PERCENT)
 HIGHEST    87           500 AM
 LOWEST     70          1000 AM
 AVERAGE    79

..........................................................


THE SAVANNAH GA CLIMATE NORMALS FOR TODAY
                         NORMAL    RECORD    YEAR
 MAXIMUM TEMPERATURE (F)   89        99      1903
 MINIMUM TEMPERATURE (F)   72        60      1927


SUNRISE AND SUNSET
AUGUST 28 2015........SUNRISE   657 AM EDT   SUNSET   754 PM EDT
AUGUST 29 2015........SUNRISE   658 AM EDT   SUNSET   753 PM EDT


-  INDICATES NEGATIVE NUMBERS.
R  INDICATES RECORD WAS SET OR TIED.
MM INDICATES DATA IS MISSING.
T  INDICATES TRACE AMOUNT.

$$
