000
CDUS42 KCHS 060610
CLISAV


CLIMATE REPORT
NATIONAL WEATHER SERVICE CHARLESTON SC
110 AM EST SAT FEB 6 2016


...................................

...THE SAVANNAH GA CLIMATE SUMMARY FOR FEBRUARY 5 2016...

CLIMATE NORMAL PERIOD 1981 TO 2010
CLIMATE RECORD PERIOD 1871 TO 2016


WEATHER ITEM   OBSERVED TIME   RECORD YEAR NORMAL DEPARTURE LAST
                VALUE   (LST)  VALUE       VALUE  FROM      YEAR
                                                  NORMAL
..................................................................
TEMPERATURE (F)
 YESTERDAY
  MAXIMUM         57    350 PM  82    2008  62     -5       63
                                      1957
  MINIMUM         36   1154 PM  15    1917  40     -4       41
  AVERAGE         47                        51     -4       52

PRECIPITATION (IN)
  YESTERDAY        0.00          2.36 1960   0.11  -0.11     0.37
  MONTH TO DATE    2.10                      0.54   1.56     0.80
  SINCE DEC 1      8.58                      7.18   1.40     8.94
  SINCE JAN 1      5.23                      4.23   1.00     4.92

SNOWFALL (IN)
  YESTERDAY        0.0                       0.0    0.0
  SINCE DEC 1      T                         0.2   -0.2
  SINCE JUL 1      T                         0.2   -0.2

DEGREE DAYS
 HEATING
  YESTERDAY       18                        14      4       13
  MONTH TO DATE   24                        70    -46       81
  SINCE DEC 1    594                       977   -383      838
  SINCE JUL 1    719                      1244   -525     1130

 COOLING
  YESTERDAY        0                         0      0        0
  MONTH TO DATE    9                         0      9        0
  SINCE DEC 1    115                        12    103       11
  SINCE JAN 1      9                         3      6        5
..................................................................


WIND (MPH)
  HIGHEST WIND SPEED    22   HIGHEST WIND DIRECTION    NW (300)
  HIGHEST GUST SPEED    29   HIGHEST GUST DIRECTION    NW (300)
  AVERAGE WIND SPEED    10.9


SKY COVER
  POSSIBLE SUNSHINE  MM
  AVERAGE SKY COVER 0.1


WEATHER CONDITIONS
 THE FOLLOWING WEATHER WAS RECORDED YESTERDAY.
  NO SIGNIFICANT WEATHER WAS OBSERVED.


RELATIVE HUMIDITY (PERCENT)
 HIGHEST    64          1100 PM
 LOWEST     26           400 PM
 AVERAGE    45

..........................................................


THE SAVANNAH GA CLIMATE NORMALS FOR TODAY
                         NORMAL    RECORD    YEAR
 MAXIMUM TEMPERATURE (F)   63        82      2008
 MINIMUM TEMPERATURE (F)   40        19      1966


SUNRISE AND SUNSET
FEBRUARY  6 2016......SUNRISE   715 AM EST   SUNSET   603 PM EST
FEBRUARY  7 2016......SUNRISE   715 AM EST   SUNSET   604 PM EST


-  INDICATES NEGATIVE NUMBERS.
R  INDICATES RECORD WAS SET OR TIED.
MM INDICATES DATA IS MISSING.
T  INDICATES TRACE AMOUNT.




$$
