000
CDUS42 KCHS 262109
CLISAV


CLIMATE REPORT
NATIONAL WEATHER SERVICE CHARLESTON SC
509 PM EDT TUE MAY 26 2015


...................................

...THE SAVANNAH GA CLIMATE SUMMARY FOR MAY 26 2015...
VALID TODAY AS OF 0500 PM LOCAL TIME.

CLIMATE NORMAL PERIOD 1981 TO 2010
CLIMATE RECORD PERIOD 1871 TO 2015


WEATHER ITEM   OBSERVED TIME   RECORD YEAR NORMAL DEPARTURE LAST
                VALUE   (LST)  VALUE       VALUE  FROM      YEAR
                                                  NORMAL
..................................................................
TEMPERATURE (F)
 TODAY
  MAXIMUM         88    217 PM 100    1953  87      1       84
  MINIMUM         69    549 AM  49    1979  65      4       68
  AVERAGE         79                        76      3       76

PRECIPITATION (IN)
  TODAY            0.00          1.21 1968   0.12  -0.12     0.45
  MONTH TO DATE    1.17                      2.35  -1.18     3.21
  SINCE MAR 1      9.71                      9.15   0.56    11.41
  SINCE JAN 1     17.27                     15.63   1.64    15.52

DEGREE DAYS
 HEATING
  TODAY            0                         0      0        0
  MONTH TO DATE    2                         6     -4        0
  SINCE MAR 1    158                       292   -134      301
  SINCE JUL 1   1693                      1809   -116     1682

 COOLING
  TODAY           14                        11      3       11
  MONTH TO DATE  238                       209     29      251
  SINCE MAR 1    475                       335    140      401
  SINCE JAN 1    480                       345    135      419
..................................................................


WIND (MPH)
  HIGHEST WIND SPEED    17   HIGHEST WIND DIRECTION     S (180)
  HIGHEST GUST SPEED    23   HIGHEST GUST DIRECTION     E (110)
  AVERAGE WIND SPEED     7.8


SKY COVER
  POSSIBLE SUNSHINE  MM
  AVERAGE SKY COVER 0.6


WEATHER CONDITIONS
 THE FOLLOWING WEATHER WAS RECORDED TODAY.
  FOG


RELATIVE HUMIDITY (PERCENT)
 HIGHEST   100           500 AM
 LOWEST     46           200 PM
 AVERAGE    73

..........................................................


THE SAVANNAH GA CLIMATE NORMALS FOR TOMORROW
                         NORMAL    RECORD    YEAR
 MAXIMUM TEMPERATURE (F)   87        98      1989
                                             1962
 MINIMUM TEMPERATURE (F)   66        53      1961


SUNRISE AND SUNSET
MAY 26 2015...........SUNRISE   621 AM EDT   SUNSET   823 PM EDT
MAY 27 2015...........SUNRISE   621 AM EDT   SUNSET   823 PM EDT


-  INDICATES NEGATIVE NUMBERS.
R  INDICATES RECORD WAS SET OR TIED.
MM INDICATES DATA IS MISSING.
T  INDICATES TRACE AMOUNT.




$$
