000
CDUS42 KCHS 232206
CLISAV


CLIMATE REPORT
NATIONAL WEATHER SERVICE CHARLESTON SC
506 PM EST THU NOV 23 2017


...................................

...THE SAVANNAH GA CLIMATE SUMMARY FOR NOVEMBER 23 2017...
VALID TODAY AS OF 0500 PM LOCAL TIME.

CLIMATE NORMAL PERIOD 1981 TO 2010
CLIMATE RECORD PERIOD 1871 TO 2017


WEATHER ITEM   OBSERVED TIME   RECORD YEAR NORMAL DEPARTURE LAST
                VALUE   (LST)  VALUE       VALUE  FROM      YEAR
                                                  NORMAL
..................................................................
TEMPERATURE (F)
 TODAY
  MAXIMUM         59   1249 AM  82    2010  69    -10       73
                                      1941
                                      1900
  MINIMUM         48   1019 AM  26    1956  46      2       44
  AVERAGE         54                        57     -3       59

PRECIPITATION (IN)
  TODAY            0.51          2.11 1948   0.07   0.44     0.00
  MONTH TO DATE    1.07                      1.81  -0.74      T
  SINCE SEP 1      8.31                     10.08  -1.77    16.59
  SINCE JAN 1     50.67                     44.45   6.22    50.96

SNOWFALL (IN)
  TODAY           MM                         0.0   MM
  SINCE SEP 1      0.0                       0.0    0.0
  SINCE JUL 1      0.0                       0.0    0.0

DEGREE DAYS
 HEATING
  TODAY           11                         9      2        6
  MONTH TO DATE  122                       142    -20      142
  SINCE SEP 1    170                       199    -29      154
  SINCE JUL 1    170                       199    -29      154

 COOLING
  TODAY            0                         1     -1        0
  MONTH TO DATE   36                        33      3       32
  SINCE SEP 1    704                       538    166      674
  SINCE JAN 1   2964                      2445    519     2984
..................................................................


WIND (MPH)
  HIGHEST WIND SPEED    13   HIGHEST WIND DIRECTION     N (10)
  HIGHEST GUST SPEED    16   HIGHEST GUST DIRECTION     N (10)
  AVERAGE WIND SPEED     7.3


SKY COVER
  POSSIBLE SUNSHINE  MM
  AVERAGE SKY COVER 0.7


WEATHER CONDITIONS
 THE FOLLOWING WEATHER WAS RECORDED TODAY.
  RAIN
  LIGHT RAIN
  FOG


RELATIVE HUMIDITY (PERCENT)
 HIGHEST   100          1200 AM
 LOWEST     66           500 AM
 AVERAGE    83

..........................................................


THE SAVANNAH GA CLIMATE NORMALS FOR TOMORROW
                         NORMAL    RECORD    YEAR
 MAXIMUM TEMPERATURE (F)   68        83      2014
                                             1967
 MINIMUM TEMPERATURE (F)   46        20      1970


SUNRISE AND SUNSET
NOVEMBER 23 2017......SUNRISE   701 AM EST   SUNSET   521 PM EST
NOVEMBER 24 2017......SUNRISE   702 AM EST   SUNSET   521 PM EST


-  INDICATES NEGATIVE NUMBERS.
R  INDICATES RECORD WAS SET OR TIED.
MM INDICATES DATA IS MISSING.
T  INDICATES TRACE AMOUNT.




$$
