000
CDUS42 KCHS 072206
CLISAV


CLIMATE REPORT
NATIONAL WEATHER SERVICE CHARLESTON SC
506 PM EST WED DEC 7 2016


...................................

...THE SAVANNAH GA CLIMATE SUMMARY FOR DECEMBER 7 2016...
VALID TODAY AS OF 0500 PM LOCAL TIME.

CLIMATE NORMAL PERIOD 1981 TO 2010
CLIMATE RECORD PERIOD 1871 TO 2016


WEATHER ITEM   OBSERVED TIME   RECORD YEAR NORMAL DEPARTURE LAST
                VALUE   (LST)  VALUE       VALUE  FROM      YEAR
                                                  NORMAL
..................................................................
TEMPERATURE (F)
 TODAY
  MAXIMUM         64    435 PM  82    1998  64      0       68
                                      1978
  MINIMUM         49    714 AM  18    1937  42      7       47
  AVERAGE         57                        53      4       58

PRECIPITATION (IN)
  TODAY            0.00          0.66 1969   0.09  -0.09     0.35
  MONTH TO DATE    3.46                      0.61   2.85     0.73
  SINCE DEC 1      3.46                      0.61   2.85     0.73
  SINCE JAN 1     54.62                     45.62   9.00    44.98

SNOWFALL (IN)
  TODAY            0.0                       0.0    0.0
  SINCE DEC 1      0.0                       0.0    0.0
  SINCE JUL 1      0.0                       0.0    0.0

DEGREE DAYS
 HEATING
  TODAY            8                        12     -4        7
  MONTH TO DATE   47                        80    -33       40
  SINCE DEC 1     47                        80    -33       40
  SINCE JUL 1    227                       347   -120      165

 COOLING
  TODAY            0                         0      0        0
  MONTH TO DATE    3                         3      0        6
  SINCE DEC 1      3                         3      0        6
  SINCE JAN 1   3014                      2452    562     2751
..................................................................


WIND (MPH)
  HIGHEST WIND SPEED    10   HIGHEST WIND DIRECTION    SE (130)
  HIGHEST GUST SPEED    12   HIGHEST GUST DIRECTION    SE (130)
  AVERAGE WIND SPEED     1.8


SKY COVER
  POSSIBLE SUNSHINE  MM
  AVERAGE SKY COVER 0.6


WEATHER CONDITIONS
 THE FOLLOWING WEATHER WAS RECORDED TODAY.
  FOG
  FOG W/VISIBILITY <= 1/4 MILE


RELATIVE HUMIDITY (PERCENT)
 HIGHEST    96           400 AM
 LOWEST     67           300 PM
 AVERAGE    82

..........................................................


THE SAVANNAH GA CLIMATE NORMALS FOR TOMORROW
                         NORMAL    RECORD    YEAR
 MAXIMUM TEMPERATURE (F)   64        82      1978
 MINIMUM TEMPERATURE (F)   42        20      1965


SUNRISE AND SUNSET
DECEMBER  7 2016......SUNRISE   713 AM EST   SUNSET   520 PM EST
DECEMBER  8 2016......SUNRISE   714 AM EST   SUNSET   520 PM EST


-  INDICATES NEGATIVE NUMBERS.
R  INDICATES RECORD WAS SET OR TIED.
MM INDICATES DATA IS MISSING.
T  INDICATES TRACE AMOUNT.




$$
