126
CDUS42 KCHS 010603
CLISAV


CLIMATE REPORT
NATIONAL WEATHER SERVICE CHARLESTON SC
103 AM EST WED MAR 1 2017


...................................

...THE SAVANNAH GA CLIMATE SUMMARY FOR FEBRUARY 28 2017...

CLIMATE NORMAL PERIOD 1981 TO 2010
CLIMATE RECORD PERIOD 1871 TO 2017


WEATHER ITEM   OBSERVED TIME   RECORD YEAR NORMAL DEPARTURE LAST
                VALUE   (LST)  VALUE       VALUE  FROM      YEAR
                                                  NORMAL
..................................................................
TEMPERATURE (F)
 YESTERDAY
  MAXIMUM         84    213 PM  86    1962  67     17       72
  MINIMUM         62    236 AM  20    2002  44     18       35
  AVERAGE         73                        56     17       54

PRECIPITATION (IN)
  YESTERDAY        T             1.54 1966   0.10  -0.10     0.00
  MONTH TO DATE    2.22                      2.79  -0.57     3.28
  SINCE DEC 1     13.12                      9.43   3.69     9.76
  SINCE JAN 1      8.83                      6.48   2.35     6.41

SNOWFALL (IN)
  YESTERDAY        0.0                       0.0    0.0
  SINCE DEC 1      0.0                       0.3   -0.3
  SINCE JUL 1      0.0                       0.3   -0.3

DEGREE DAYS
 HEATING
  YESTERDAY        0                        10    -10       11
  MONTH TO DATE  128                       343   -215      324
  SINCE DEC 1    629                      1250   -621      939
  SINCE JUL 1    810                      1517   -707     1064

 COOLING
  YESTERDAY        8                         0      8        0
  MONTH TO DATE   35                         7     28       21
  SINCE DEC 1     68                        19     49      127
  SINCE JAN 1     58                        10     48       21
..................................................................


WIND (MPH)
  HIGHEST WIND SPEED    16   HIGHEST WIND DIRECTION     S (170)
  HIGHEST GUST SPEED    19   HIGHEST GUST DIRECTION     S (170)
  AVERAGE WIND SPEED     8.4


SKY COVER
  POSSIBLE SUNSHINE  MM
  AVERAGE SKY COVER 0.7


WEATHER CONDITIONS
 THE FOLLOWING WEATHER WAS RECORDED YESTERDAY.
  LIGHT RAIN


RELATIVE HUMIDITY (PERCENT)
 HIGHEST    93           600 AM
 LOWEST     47           200 PM
 AVERAGE    70

..........................................................


THE SAVANNAH GA CLIMATE NORMALS FOR TODAY
                         NORMAL    RECORD    YEAR
 MAXIMUM TEMPERATURE (F)   68        86      1918
 MINIMUM TEMPERATURE (F)   45        23      2002


SUNRISE AND SUNSET
MARCH  1 2017.........SUNRISE   652 AM EST   SUNSET   623 PM EST
MARCH  2 2017.........SUNRISE   651 AM EST   SUNSET   623 PM EST


-  INDICATES NEGATIVE NUMBERS.
R  INDICATES RECORD WAS SET OR TIED.
MM INDICATES DATA IS MISSING.
T  INDICATES TRACE AMOUNT.




$$
