000
CDUS46 KLOX 280910
CLISBA


CLIMATE REPORT
NATIONAL WEATHER SERVICE LOS ANGELES/OXNARD CA
210 AM PDT THU AUG 28 2014


...................................

...THE SANTA BARBARA AIRPORT CA CLIMATE SUMMARY FOR AUGUST 27 2014...

CLIMATE NORMAL PERIOD 1981 TO 2010
CLIMATE RECORD PERIOD 1940 TO 2014


WEATHER ITEM   OBSERVED TIME   RECORD YEAR NORMAL DEPARTURE LAST
                VALUE   (LST)  VALUE       VALUE  FROM      YEAR
                                                  NORMAL
..................................................................
TEMPERATURE (F)
 YESTERDAY
  MAXIMUM         83    353 PM  98    1971  75      8       75
  MINIMUM         54    421 AM  48    1975  57     -3       58
  AVERAGE         69                        66      3       67

PRECIPITATION (IN)
  YESTERDAY        0.00          T    1972   0.00   0.00     0.00
  MONTH TO DATE    0.01                      0.10  -0.09     0.00
  SINCE JUL 1      0.02                      0.13  -0.11     0.07
  SINCE JAN 1      5.22                     12.18  -6.96     3.42

SNOWFALL (IN)
  YESTERDAY        0.0
  MONTH TO DATE    0.0
  SINCE JUN 1      0.0
  SINCE JUL 1      0.0

DEGREE DAYS
 HEATING
  YESTERDAY        0                         1     -1        0
  MONTH TO DATE    0                        27    -27       21
  SINCE JUN 1     52                       144    -92       73
  SINCE JUL 1      0                        54    -54       30

 COOLING
  YESTERDAY        4                         2      2        2
  MONTH TO DATE   75                        54     21       22
  SINCE JUN 1    246                       112    134      114
  SINCE JAN 1    314                       126    188      171
..................................................................


WIND (MPH)
  HIGHEST WIND SPEED    14   HIGHEST WIND DIRECTION     W (260)
  HIGHEST GUST SPEED    16   HIGHEST GUST DIRECTION     W (250)
  AVERAGE WIND SPEED     4.3


SKY COVER
  POSSIBLE SUNSHINE  MM
  AVERAGE SKY COVER 0.0


WEATHER CONDITIONS
 THE FOLLOWING WEATHER WAS RECORDED YESTERDAY.
  HAZE


RELATIVE HUMIDITY (PERCENT)
 HIGHEST    86           400 AM
 LOWEST     34           200 PM
 AVERAGE    60

..........................................................


THE SANTA BARBARA AIRPORT CA CLIMATE NORMALS FOR TODAY
                         NORMAL    RECORD    YEAR
 MAXIMUM TEMPERATURE (F)   75        92      1971
 MINIMUM TEMPERATURE (F)   57        49      1942


SUNRISE AND SUNSET
AUGUST 28 2014........SUNRISE   630 AM PDT   SUNSET   731 PM PDT
AUGUST 29 2014........SUNRISE   630 AM PDT   SUNSET   729 PM PDT


-  INDICATES NEGATIVE NUMBERS.
R  INDICATES RECORD WAS SET OR TIED.
MM INDICATES DATA IS MISSING.
T  INDICATES TRACE AMOUNT.




$$
