000
CDUS46 KLOX 250116
CLISBA


CLIMATE REPORT
NATIONAL WEATHER SERVICE LOS ANGELES/OXNARD CA
616 PM PDT TUE MAY 24 2016


...................................

...THE SANTA BARBARA AIRPORT CA CLIMATE SUMMARY FOR MAY 24 2016...
VALID TODAY AS OF 0600 PM LOCAL TIME.

CLIMATE NORMAL PERIOD 1981 TO 2010
CLIMATE RECORD PERIOD 1940 TO 2016


WEATHER ITEM   OBSERVED TIME   RECORD YEAR NORMAL DEPARTURE LAST
                VALUE   (LST)  VALUE       VALUE  FROM      YEAR
                                                  NORMAL
..................................................................
TEMPERATURE (F)
 TODAY
  MAXIMUM         67    102 PM  92    2006  69     -2       70
  MINIMUM         51    509 AM  42    1957  52     -1       49
  AVERAGE         59                        60     -1       60

PRECIPITATION (IN)
  TODAY            0.00          0.02 1992   0.01  -0.01     0.00
                                      1992
                                      2008
  MONTH TO DATE    T                         0.30  -0.30     0.32
  SINCE OCT 1     10.19                     17.24  -7.05     9.32
  SINCE JAN 1      9.31                     11.94  -2.63     3.03

SNOWFALL (IN)
  TODAY            0.0
  MONTH TO DATE    0.0
  SINCE MAR 1      0.0
  SINCE JUL 1      0.0

DEGREE DAYS
 HEATING
  TODAY            6                         5      1        5
  MONTH TO DATE  140                       129     11      145
  SINCE MAR 1    456                       653   -197      409
  SINCE JUL 1   1519                      2254   -735     1234

 COOLING
  TODAY            0                         0      0        0
  MONTH TO DATE    0                         0      0        0
  SINCE MAR 1      8                         7      1       38
  SINCE JAN 1     10                         7      3       38
..................................................................


WIND (MPH)
  HIGHEST WIND SPEED    17   HIGHEST WIND DIRECTION     W (260)
  HIGHEST GUST SPEED    21   HIGHEST GUST DIRECTION     W (250)
  AVERAGE WIND SPEED     7.2


SKY COVER
  POSSIBLE SUNSHINE  MM
  AVERAGE SKY COVER 0.4


WEATHER CONDITIONS
 THE FOLLOWING WEATHER WAS RECORDED TODAY.
  NO SIGNIFICANT WEATHER WAS OBSERVED.


RELATIVE HUMIDITY (PERCENT)
 HIGHEST    83           200 AM
 LOWEST     58          1100 AM
 AVERAGE    71

..........................................................


THE SANTA BARBARA AIRPORT CA CLIMATE NORMALS FOR TOMORROW
                         NORMAL    RECORD    YEAR
 MAXIMUM TEMPERATURE (F)   69        90      1968
 MINIMUM TEMPERATURE (F)   52        42      1989


SUNRISE AND SUNSET
MAY 24 2016...........SUNRISE   551 AM PDT   SUNSET   802 PM PDT
MAY 25 2016...........SUNRISE   551 AM PDT   SUNSET   802 PM PDT


-  INDICATES NEGATIVE NUMBERS.
R  INDICATES RECORD WAS SET OR TIED.
MM INDICATES DATA IS MISSING.
T  INDICATES TRACE AMOUNT.




$$
