000
CDUS46 KLOX 290857
CLISBA


CLIMATE REPORT
NATIONAL WEATHER SERVICE LOS ANGELES/OXNARD CA
157 AM PDT FRI MAY 29 2015


...................................

...THE SANTA BARBARA AIRPORT CA CLIMATE SUMMARY FOR MAY 28 2015...

CLIMATE NORMAL PERIOD 1981 TO 2010
CLIMATE RECORD PERIOD 1940 TO 2015


WEATHER ITEM   OBSERVED TIME   RECORD YEAR NORMAL DEPARTURE LAST
                VALUE   (LST)  VALUE       VALUE  FROM      YEAR
                                                  NORMAL
..................................................................
TEMPERATURE (F)
 YESTERDAY
  MAXIMUM         69    427 PM  85    1978  69      0       69
  MINIMUM         51    442 AM  44    2008  52     -1       55
                                      1991
  AVERAGE         60                        61     -1       62

PRECIPITATION (IN)
  YESTERDAY        0.00          0.36 1971   0.00   0.00     0.00
  MONTH TO DATE    0.32                      0.32   0.00      T
  SINCE OCT 1      9.32                     17.26  -7.94     6.49
  SINCE JAN 1      3.03                     11.96  -8.93     5.20

SNOWFALL (IN)
  YESTERDAY        0.0
  MONTH TO DATE    0.0
  SINCE MAR 1      0.0
  SINCE JUL 1      0.0

DEGREE DAYS
 HEATING
  YESTERDAY        5                         4      1        3
  MONTH TO DATE  165                       147     18       49
  SINCE MAR 1    429                       671   -242      374
  SINCE JUL 1   1254                      2272  -1018     1609

 COOLING
  YESTERDAY        0                         0      0        0
  MONTH TO DATE    0                         0      0       52
  SINCE MAR 1     38                         7     31       68
  SINCE JAN 1     38                         7     31       68
..................................................................


WIND (MPH)
  HIGHEST WIND SPEED    14   HIGHEST WIND DIRECTION    SE (150)
  HIGHEST GUST SPEED    17   HIGHEST GUST DIRECTION    SE (150)
  AVERAGE WIND SPEED     6.0


SKY COVER
  POSSIBLE SUNSHINE  MM
  AVERAGE SKY COVER 0.2


WEATHER CONDITIONS
 THE FOLLOWING WEATHER WAS RECORDED YESTERDAY.
  FOG
  FOG W/VISIBILITY <= 1/4 MILE


RELATIVE HUMIDITY (PERCENT)
 HIGHEST    93           600 AM
 LOWEST     63           400 PM
 AVERAGE    78

..........................................................


THE SANTA BARBARA AIRPORT CA CLIMATE NORMALS FOR TODAY
                         NORMAL    RECORD    YEAR
 MAXIMUM TEMPERATURE (F)   69        83      2013
 MINIMUM TEMPERATURE (F)   52        41      1953


SUNRISE AND SUNSET
MAY 29 2015...........SUNRISE   549 AM PDT   SUNSET   805 PM PDT
MAY 30 2015...........SUNRISE   549 AM PDT   SUNSET   805 PM PDT


-  INDICATES NEGATIVE NUMBERS.
R  INDICATES RECORD WAS SET OR TIED.
MM INDICATES DATA IS MISSING.
T  INDICATES TRACE AMOUNT.




$$
