000
CDUS46 KLOX 300938
CLISBA


CLIMATE REPORT
NATIONAL WEATHER SERVICE LOS ANGELES/OXNARD CA
238 AM PDT FRI SEP 30 2016


...................................

...THE SANTA BARBARA AIRPORT CA CLIMATE SUMMARY FOR SEPTEMBER 29 2016...

CLIMATE NORMAL PERIOD 1981 TO 2010
CLIMATE RECORD PERIOD 1940 TO 2016


WEATHER ITEM   OBSERVED TIME   RECORD YEAR NORMAL DEPARTURE LAST
                VALUE   (LST)  VALUE       VALUE  FROM      YEAR
                                                  NORMAL
..................................................................
TEMPERATURE (F)
 YESTERDAY
  MAXIMUM         80   1255 PM  98    2005  73      7       85
  MINIMUM         57    556 AM  44    1955  54      3       55
  AVERAGE         69                        64      5       70

PRECIPITATION (IN)
  YESTERDAY        0.00          0.41 1979   0.01  -0.01     0.00
  MONTH TO DATE    0.01                      0.24  -0.23     0.17
  SINCE OCT 1     10.22                     17.74  -7.52     9.80
  SINCE JAN 1      9.34                     12.44  -3.10     3.51

SNOWFALL (IN)
  YESTERDAY        0.0
  MONTH TO DATE    0.0
  SINCE SEP 1      0.0
  SINCE JUL 1      0.0

DEGREE DAYS
 HEATING
  YESTERDAY        0                         2     -2        0
  MONTH TO DATE   36                        39     -3        0
  SINCE SEP 1     36                        39     -3        0
  SINCE JUL 1     58                        90    -32        0

 COOLING
  YESTERDAY        4                         1      3        5
  MONTH TO DATE   74                        44     30      208
  SINCE SEP 1     74                        44     30      208
  SINCE JAN 1    222                       171     51      586
..................................................................


WIND (MPH)
  HIGHEST WIND SPEED    15   HIGHEST WIND DIRECTION     W (260)
  HIGHEST GUST SPEED    17   HIGHEST GUST DIRECTION     W (270)
  AVERAGE WIND SPEED     4.3


SKY COVER
  POSSIBLE SUNSHINE  MM
  AVERAGE SKY COVER 0.0


WEATHER CONDITIONS
 THE FOLLOWING WEATHER WAS RECORDED YESTERDAY.
  NO SIGNIFICANT WEATHER WAS OBSERVED.


RELATIVE HUMIDITY (PERCENT)
 HIGHEST   100          1100 PM
 LOWEST     45           100 PM
 AVERAGE    73

..........................................................


THE SANTA BARBARA AIRPORT CA CLIMATE NORMALS FOR TODAY
                         NORMAL    RECORD    YEAR
 MAXIMUM TEMPERATURE (F)   73        90      1980
 MINIMUM TEMPERATURE (F)   54        42      1950


SUNRISE AND SUNSET
SEPTEMBER 30 2016.....SUNRISE   654 AM PDT   SUNSET   644 PM PDT
OCTOBER  1 2016.......SUNRISE   654 AM PDT   SUNSET   643 PM PDT


-  INDICATES NEGATIVE NUMBERS.
R  INDICATES RECORD WAS SET OR TIED.
MM INDICATES DATA IS MISSING.
T  INDICATES TRACE AMOUNT.




$$
