000
CDUS46 KLOX 270909
CLISBA


CLIMATE REPORT
NATIONAL WEATHER SERVICE LOS ANGELES/OXNARD CA
209 AM PDT SAT AUG 27 2016


...................................

...THE SANTA BARBARA AIRPORT CA CLIMATE SUMMARY FOR AUGUST 26 2016...

CLIMATE NORMAL PERIOD 1981 TO 2010
CLIMATE RECORD PERIOD 1940 TO 2016


WEATHER ITEM   OBSERVED TIME   RECORD YEAR NORMAL DEPARTURE LAST
                VALUE   (LST)  VALUE       VALUE  FROM      YEAR
                                                  NORMAL
..................................................................
TEMPERATURE (F)
 YESTERDAY
  MAXIMUM         71    240 PM  86    1977  75     -4       83
  MINIMUM         62   1159 PM  48    2002  57      5       63
  AVERAGE         67                        66      1       73

PRECIPITATION (IN)
  YESTERDAY        0.00          0.34 1984   0.01  -0.01     0.00
  MONTH TO DATE    0.00                      0.10  -0.10      T
  SINCE OCT 1     10.21                     17.48  -7.27     9.63
  SINCE JAN 1      9.33                     12.18  -2.85     3.34

SNOWFALL (IN)
  YESTERDAY        0.0
  MONTH TO DATE    0.0
  SINCE JUN 1      0.0
  SINCE JUL 1      0.0

DEGREE DAYS
 HEATING
  YESTERDAY        0                         1     -1        0
  MONTH TO DATE    5                        26    -21        0
  SINCE JUN 1     92                       143    -51       30
  SINCE JUL 1     20                        53    -33        0

 COOLING
  YESTERDAY        2                         2      0        8
  MONTH TO DATE   35                        52    -17      140
  SINCE JUN 1    124                       110     14      284
  SINCE JAN 1    134                       124     10      322
..................................................................


WIND (MPH)
  HIGHEST WIND SPEED    14   HIGHEST WIND DIRECTION     W (270)
  HIGHEST GUST SPEED    MM   HIGHEST GUST DIRECTION    MM
  AVERAGE WIND SPEED     5.7


SKY COVER
  POSSIBLE SUNSHINE  MM
  AVERAGE SKY COVER 0.6


WEATHER CONDITIONS
 THE FOLLOWING WEATHER WAS RECORDED YESTERDAY.
  HAZE


RELATIVE HUMIDITY (PERCENT)
 HIGHEST    93          1200 AM
 LOWEST     68           100 PM
 AVERAGE    81

..........................................................


THE SANTA BARBARA AIRPORT CA CLIMATE NORMALS FOR TODAY
                         NORMAL    RECORD    YEAR
 MAXIMUM TEMPERATURE (F)   75        98      1971
 MINIMUM TEMPERATURE (F)   57        48      1975


SUNRISE AND SUNSET
AUGUST 27 2016........SUNRISE   629 AM PDT   SUNSET   731 PM PDT
AUGUST 28 2016........SUNRISE   630 AM PDT   SUNSET   730 PM PDT


-  INDICATES NEGATIVE NUMBERS.
R  INDICATES RECORD WAS SET OR TIED.
MM INDICATES DATA IS MISSING.
T  INDICATES TRACE AMOUNT.




$$
