000
CDUS46 KLOX 241000
CLISBA


CLIMATE REPORT
NATIONAL WEATHER SERVICE LOS ANGELES/OXNARD CA
200 AM PST MON NOV 24 2014


...................................

...THE SANTA BARBARA AIRPORT CA CLIMATE SUMMARY FOR NOVEMBER 23 2014...

CLIMATE NORMAL PERIOD 1981 TO 2010
CLIMATE RECORD PERIOD 1940 TO 2014


WEATHER ITEM   OBSERVED TIME   RECORD YEAR NORMAL DEPARTURE LAST
                VALUE   (LST)  VALUE       VALUE  FROM      YEAR
                                                  NORMAL
..................................................................
TEMPERATURE (F)
 YESTERDAY
  MAXIMUM         76    200 PM  90    1950  67      9       66
  MINIMUM         46   1059 PM  32    2003  43      3       44
                                      1994
  AVERAGE         61                        55      6       55

PRECIPITATION (IN)
  YESTERDAY        0.00          1.17 1946   0.06  -0.06     0.00
  MONTH TO DATE    0.18                      1.19  -1.01     0.33
  SINCE JUL 1      1.36                      2.41  -1.05     0.79
  SINCE JAN 1      6.56                     14.46  -7.90     4.14

SNOWFALL (IN)
  YESTERDAY        0.0
  MONTH TO DATE    0.0
  SINCE SEP 1      0.0
  SINCE JUL 1      0.0

DEGREE DAYS
 HEATING
  YESTERDAY        4                        10     -6       10
  MONTH TO DATE   80                       184   -104      140
  SINCE SEP 1     97                       350   -253      292
  SINCE JUL 1     97                       401   -304      322

 COOLING
  YESTERDAY        0                         0      0        0
  MONTH TO DATE    4                         0      4        0
  SINCE SEP 1    198                        59    139       87
  SINCE JAN 1    529                       186    343      285
..................................................................


WIND (MPH)
  HIGHEST WIND SPEED    17   HIGHEST WIND DIRECTION    NE (50)
  HIGHEST GUST SPEED    19   HIGHEST GUST DIRECTION    NE (50)
  AVERAGE WIND SPEED     4.6


SKY COVER
  POSSIBLE SUNSHINE  MM
  AVERAGE SKY COVER 0.0


WEATHER CONDITIONS
 THE FOLLOWING WEATHER WAS RECORDED YESTERDAY.
  NO SIGNIFICANT WEATHER WAS OBSERVED.


RELATIVE HUMIDITY (PERCENT)
 HIGHEST    86           200 AM
 LOWEST     19           200 PM
 AVERAGE    53

..........................................................


THE SANTA BARBARA AIRPORT CA CLIMATE NORMALS FOR TODAY
                         NORMAL    RECORD    YEAR
 MAXIMUM TEMPERATURE (F)   67        82      1979
 MINIMUM TEMPERATURE (F)   43        31      1941


SUNRISE AND SUNSET
NOVEMBER 24 2014......SUNRISE   641 AM PST   SUNSET   451 PM PST
NOVEMBER 25 2014......SUNRISE   642 AM PST   SUNSET   450 PM PST


-  INDICATES NEGATIVE NUMBERS.
R  INDICATES RECORD WAS SET OR TIED.
MM INDICATES DATA IS MISSING.
T  INDICATES TRACE AMOUNT.




$$
