000
CDUS46 KLOX 170121
CLISBA


CLIMATE REPORT
NATIONAL WEATHER SERVICE LOS ANGELES/OXNARD CA
521 PM PST SAT DEC 16 2017


...................................

...THE SANTA BARBARA AIRPORT CA CLIMATE SUMMARY FOR DECEMBER 16 2017...
VALID TODAY AS OF 0500 PM LOCAL TIME.

CLIMATE NORMAL PERIOD 1981 TO 2010
CLIMATE RECORD PERIOD 1940 TO 2017


WEATHER ITEM   OBSERVED TIME   RECORD YEAR NORMAL DEPARTURE LAST
                VALUE   (LST)  VALUE       VALUE  FROM      YEAR
                                                  NORMAL
..................................................................
TEMPERATURE (F)
 TODAY
  MAXIMUM         69    103 PM  82    2013  63      6       61
                                      1980
  MINIMUM         45    610 AM  28    2003  40      5       49
                                      1975
  AVERAGE         57                        52      5       55

PRECIPITATION (IN)
  TODAY            0.00          1.79 2002   0.10  -0.10     0.41
  MONTH TO DATE    0.00                      1.23  -1.23     1.57
  SINCE OCT 1      0.07                      3.59  -3.52     3.19
  SINCE JAN 1     19.76                     16.05   3.71    12.53

SNOWFALL (IN)
  TODAY            0.0
  MONTH TO DATE    0.0
  SINCE DEC 1      0.0
  SINCE JUL 1      0.0

DEGREE DAYS
 HEATING
  TODAY            8                        13     -5       10
  MONTH TO DATE  170                       202    -32      168
  SINCE DEC 1    170                       202    -32      168
  SINCE JUL 1    421                       680   -259      497

 COOLING
  TODAY            0                         0      0        0
  MONTH TO DATE    0                         0      0        0
  SINCE DEC 1      0                         0      0        0
  SINCE JAN 1    385                       188    197      259
..................................................................


WIND (MPH)
  HIGHEST WIND SPEED    20   HIGHEST WIND DIRECTION     N (20)
  HIGHEST GUST SPEED    27   HIGHEST GUST DIRECTION    NE (30)
  AVERAGE WIND SPEED     5.0


SKY COVER
  POSSIBLE SUNSHINE  MM
  AVERAGE SKY COVER 0.1


WEATHER CONDITIONS
 THE FOLLOWING WEATHER WAS RECORDED TODAY.
  HAZE


RELATIVE HUMIDITY (PERCENT)
 HIGHEST    93           100 AM
 LOWEST     29          1000 AM
 AVERAGE    61

..........................................................


THE SANTA BARBARA AIRPORT CA CLIMATE NORMALS FOR TOMORROW
                         NORMAL    RECORD    YEAR
 MAXIMUM TEMPERATURE (F)   63        77      2013
 MINIMUM TEMPERATURE (F)   40        29      1990


SUNRISE AND SUNSET
DECEMBER 16 2017......SUNRISE   659 AM PST   SUNSET   451 PM PST
DECEMBER 17 2017......SUNRISE   700 AM PST   SUNSET   451 PM PST


-  INDICATES NEGATIVE NUMBERS.
R  INDICATES RECORD WAS SET OR TIED.
MM INDICATES DATA IS MISSING.
T  INDICATES TRACE AMOUNT.




$$
