000
CDUS43 KIWX 040531
CLISBN


CLIMATE REPORT
NATIONAL WEATHER SERVICE NORTHERN INDIANA
129 AM EDT WED MAY 4 2016


...................................

...THE SOUTH BEND CLIMATE SUMMARY FOR MAY 3 2016...

CLIMATE NORMAL PERIOD 1981 TO 2010
CLIMATE RECORD PERIOD 1893 TO 2016


WEATHER ITEM   OBSERVED TIME   RECORD YEAR NORMAL DEPARTURE LAST
                VALUE   (LST)  VALUE       VALUE  FROM      YEAR
                                                  NORMAL
..................................................................
TEMPERATURE (F)
 YESTERDAY
  MAXIMUM         65    525 PM  89    1928  66     -1       81
  MINIMUM         39    545 AM  29    2004  45     -6       54
                                      1978
                                      1931
  AVERAGE         52                        55     -3       68

PRECIPITATION (IN)
  YESTERDAY        T             1.25 1929   0.11  -0.11      T
  MONTH TO DATE    0.10                      0.34  -0.24      T
  SINCE MAR 1      8.94                      5.99   2.95     3.18
  SINCE JAN 1     12.72                     10.23   2.49     7.08

SNOWFALL (IN)
  YESTERDAY        0.0           0.2  1954   0.0    0.0      0.0
  MONTH TO DATE    0.0                       0.0    0.0      0.0
  SINCE MAR 1     10.9                       8.5    2.4      6.1
  SINCE JUL 1     70.2                      66.6    3.6     83.9
  SNOW DEPTH       0

DEGREE DAYS
 HEATING
  YESTERDAY       13                        10      3        0
  MONTH TO DATE   42                        32     10       16
  SINCE MAR 1   1256                      1374   -118     1391
  SINCE JUL 1   5386                      6063   -677     6488

 COOLING
  YESTERDAY        0                         1     -1        3
  MONTH TO DATE    0                         1     -1        3
  SINCE MAR 1      4                        11     -7        5
  SINCE JAN 1      4                        11     -7        5
..................................................................


WIND (MPH)
  HIGHEST WIND SPEED    14   HIGHEST WIND DIRECTION    NW (300)
  HIGHEST GUST SPEED    19   HIGHEST GUST DIRECTION    NW (320)
  AVERAGE WIND SPEED     6.1


SKY COVER
  AVERAGE SKY COVER 0.6


WEATHER CONDITIONS
 THE FOLLOWING WEATHER WAS RECORDED YESTERDAY.
  NO SIGNIFICANT WEATHER WAS OBSERVED.


RELATIVE HUMIDITY (PERCENT)
 HIGHEST    93           500 AM
 LOWEST     31           500 PM
 AVERAGE    62

..........................................................


THE SOUTH BEND CLIMATE NORMALS FOR TODAY
                         NORMAL    RECORD    YEAR
 MAXIMUM TEMPERATURE (F)   66        89      1949
 MINIMUM TEMPERATURE (F)   45        26      2005
                                             1926


SUNRISE AND SUNSET
MAY  4 2016...........SUNRISE   637 AM EDT   SUNSET   847 PM EDT
MAY  5 2016...........SUNRISE   636 AM EDT   SUNSET   848 PM EDT


-  INDICATES NEGATIVE NUMBERS.
R  INDICATES RECORD WAS SET OR TIED.
MM INDICATES DATA IS MISSING.
T  INDICATES TRACE AMOUNT.




$$
