000
CDUS43 KIWX 240025
CLISBN


CLIMATE REPORT
NATIONAL WEATHER SERVICE NORTHERN INDIANA
824 PM EDT WED AUG 23 2017


...................................

...THE SOUTH BEND CLIMATE SUMMARY FOR AUGUST 23 2017...
VALID AS OF 0800 PM LOCAL TIME.

CLIMATE NORMAL PERIOD 1981 TO 2010
CLIMATE RECORD PERIOD 1893 TO 2017


WEATHER ITEM   OBSERVED TIME   RECORD YEAR NORMAL DEPARTURE LAST
                VALUE   (LST)  VALUE       VALUE  FROM      YEAR
                                                  NORMAL
..................................................................
TEMPERATURE (F)
 TODAY
  MAXIMUM         74    123 PM  95    1959  81     -7       80
                                      1947
                                      1914
  MINIMUM         54    608 AM  44    1920  61     -7       56
  AVERAGE         64                        71     -7       68

PRECIPITATION (IN)
  TODAY            0.00          1.75 2007   0.11  -0.11     0.00
  MONTH TO DATE    1.95                      2.81  -0.86    11.09
  SINCE JUN 1      8.12                     10.60  -2.48    17.58
  SINCE JAN 1     27.35                     24.32   3.03    32.69

DEGREE DAYS
 HEATING
  TODAY            1                         0      1        0
  MONTH TO DATE    7                         0      7        0
  SINCE JUN 1     33                        49    -16       43
  SINCE JUL 1      8                         5      3        8

 COOLING
  TODAY            0                         6     -6        3
  MONTH TO DATE  109                       160    -51      216
  SINCE JUN 1    502                       578    -76      662
  SINCE JAN 1    542                       634    -92      731
..................................................................


WIND (MPH)
  RESULTANT WIND SPEED   8   RESULTANT WIND DIRECTION  NW (320)
  HIGHEST WIND SPEED    21   HIGHEST WIND DIRECTION    NW (320)
  HIGHEST GUST SPEED    26   HIGHEST GUST DIRECTION    NW (330)
  AVERAGE WIND SPEED     9.3


SKY COVER
  POSSIBLE SUNSHINE  MM
  AVERAGE SKY COVER 0.0


WEATHER CONDITIONS
 THE FOLLOWING WEATHER WAS RECORDED TODAY.
  NO SIGNIFICANT WEATHER WAS OBSERVED.


RELATIVE HUMIDITY (PERCENT)
 HIGHEST   100           100 AM
 LOWEST     49          1200 PM
 AVERAGE    75

..........................................................


THE SOUTH BEND CLIMATE NORMALS FOR TOMORROW
                         NORMAL    RECORD    YEAR
 MAXIMUM TEMPERATURE (F)   80        97      1948
                                             1921
 MINIMUM TEMPERATURE (F)   61        42      1927


SUNRISE AND SUNSET
AUGUST 23 2017........SUNRISE   702 AM EDT   SUNSET   833 PM EDT
AUGUST 24 2017........SUNRISE   703 AM EDT   SUNSET   831 PM EDT


-  INDICATES NEGATIVE NUMBERS.
R  INDICATES RECORD WAS SET OR TIED.
MM INDICATES DATA IS MISSING.
T  INDICATES TRACE AMOUNT.




$$
