000
CDUS41 KAKQ 220828
CLISBY


CLIMATE REPORT
NATIONAL WEATHER SERVICE WAKEFIELD, VA
328 AM EST MON DEC 22 2014


...................................

...THE SALISBURY MD CLIMATE SUMMARY FOR DECEMBER 21 2014...

CLIMATE NORMAL PERIOD 1981 TO 2010
CLIMATE RECORD PERIOD 1900 TO 2014


WEATHER ITEM   OBSERVED TIME   RECORD YEAR NORMAL DEPARTURE LAST
                VALUE   (LST)  VALUE       VALUE  FROM      YEAR
                                                  NORMAL
..................................................................
TEMPERATURE (F)
 YESTERDAY
  MAXIMUM         45    258 PM  70    2013  47     -2       70
  MINIMUM         27    118 AM  -2    1942  29     -2       54
  AVERAGE         36                        38     -2       62

PRECIPITATION (IN)
  YESTERDAY        0.00          1.10 1946   0.12  -0.12     0.00
  MONTH TO DATE    0.83                      2.60  -1.77     2.06
  SINCE DEC 1      0.83                      2.60  -1.77     2.06
  SINCE JAN 1     29.04                     44.57 -15.53    47.67

SNOWFALL (IN)
  YESTERDAY        0.0           0.4  1973   0.1   -0.1
  MONTH TO DATE    T                         1.1   -1.1
  SINCE NOV 1      T                         1.3   -1.3
  SINCE JUL 1      T                         1.3   -1.3
  SNOW DEPTH       0

DEGREE DAYS
 HEATING
  YESTERDAY       29                        27      2        3
  MONTH TO DATE  455                       521    -66      461
  SINCE DEC 1    455                       521    -66      461
  SINCE JUL 1   1127                      1339   -212     1166

 COOLING
  YESTERDAY        0                         0      0        0
  MONTH TO DATE    0                         0      0        0
  SINCE DEC 1      0                         0      0        0
  SINCE JAN 1   1379                      1153    226     1628
..................................................................


WIND (MPH)
  HIGHEST WIND SPEED    10   HIGHEST WIND DIRECTION    NW (310)
  HIGHEST GUST SPEED    13   HIGHEST GUST DIRECTION     W (290)
  AVERAGE WIND SPEED     1.5


SKY COVER
  POSSIBLE SUNSHINE  MM
  AVERAGE SKY COVER 0.5


WEATHER CONDITIONS
 THE FOLLOWING WEATHER WAS RECORDED YESTERDAY.
  FOG
  HAZE


RELATIVE HUMIDITY (PERCENT)
 HIGHEST    85           400 AM
 LOWEST     49          1200 PM
 AVERAGE    67

..........................................................


THE SALISBURY MD CLIMATE NORMALS FOR TODAY
                         NORMAL    RECORD    YEAR
 MAXIMUM TEMPERATURE (F)   46        77      2013
 MINIMUM TEMPERATURE (F)   28         7      1989


SUNRISE AND SUNSET
DECEMBER 22 2014......SUNRISE   716 AM EST   SUNSET   445 PM EST
DECEMBER 23 2014......SUNRISE   716 AM EST   SUNSET   446 PM EST


-  INDICATES NEGATIVE NUMBERS.
R  INDICATES RECORD WAS SET OR TIED.
MM INDICATES DATA IS MISSING.
T  INDICATES TRACE AMOUNT.




$$
