000
CDUS41 KAKQ 240529
CLISBY


CLIMATE REPORT
NATIONAL WEATHER SERVICE WAKEFIELD, VA
128 AM EDT SUN SEP 24 2017


...................................

...THE SALISBURY MD CLIMATE SUMMARY FOR SEPTEMBER 23 2017...

CLIMATE NORMAL PERIOD 1981 TO 2010
CLIMATE RECORD PERIOD 1900 TO 2017


WEATHER ITEM   OBSERVED TIME   RECORD YEAR NORMAL DEPARTURE LAST
                VALUE   (LST)  VALUE       VALUE  FROM      YEAR
                                                  NORMAL
..................................................................
TEMPERATURE (F)
 YESTERDAY
  MAXIMUM         87    203 PM  98    1914  76     11       85
  MINIMUM         61    411 AM  39    1918  55      6       66
  AVERAGE         74                        66      8       76

PRECIPITATION (IN)
  YESTERDAY        0.00          1.52 1924   0.14  -0.14     0.00
  MONTH TO DATE    1.94                      3.04  -1.10     3.38
  SINCE SEP 1      1.94                      3.04  -1.10     3.38
  SINCE JAN 1     44.00                     34.11   9.89    37.44

SNOWFALL (IN)
  YESTERDAY        0.0           0.0  2002   0.0    0.0
                                      2001
  MONTH TO DATE    0.0                       0.0    0.0
  SINCE NOV 1      9.6                       9.3    0.3
  SINCE JUL 1      0.0                       0.0    0.0
  SNOW DEPTH       0

DEGREE DAYS
 HEATING
  YESTERDAY        0                         2     -2        0
  MONTH TO DATE    5                        21    -16        0
  SINCE SEP 1      5                        21    -16        0
  SINCE JUL 1      5                        23    -18        0

 COOLING
  YESTERDAY        9                         3      6       11
  MONTH TO DATE  127                       126      1      211
  SINCE SEP 1    127                       126      1      211
  SINCE JAN 1   1294                      1109    185     1400
..................................................................


WIND (MPH)
  HIGHEST WIND SPEED    14   HIGHEST WIND DIRECTION     N (10)
  HIGHEST GUST SPEED    18   HIGHEST GUST DIRECTION     N (10)
  AVERAGE WIND SPEED     3.5


SKY COVER
  POSSIBLE SUNSHINE  MM
  AVERAGE SKY COVER 0.0


WEATHER CONDITIONS
 THE FOLLOWING WEATHER WAS RECORDED YESTERDAY.
  FOG


RELATIVE HUMIDITY (PERCENT)
 HIGHEST   100          1200 AM
 LOWEST     55           200 PM
 AVERAGE    78

..........................................................


THE SALISBURY MD CLIMATE NORMALS FOR TODAY
                         NORMAL    RECORD    YEAR
 MAXIMUM TEMPERATURE (F)   76        95      2010
 MINIMUM TEMPERATURE (F)   55        39      1974
                                             1963


SUNRISE AND SUNSET
SEPTEMBER 24 2017.....SUNRISE   652 AM EDT   SUNSET   655 PM EDT
SEPTEMBER 25 2017.....SUNRISE   653 AM EDT   SUNSET   654 PM EDT


-  INDICATES NEGATIVE NUMBERS.
R  INDICATES RECORD WAS SET OR TIED.
MM INDICATES DATA IS MISSING.
T  INDICATES TRACE AMOUNT.




$$
