000
CDUS41 KAKQ 062228
CLISBY


CLIMATE REPORT
NATIONAL WEATHER SERVICE WAKEFIELD, VA
527 PM EST FRI MAR 6 2015


...................................

...THE SALISBURY MD CLIMATE SUMMARY FOR MARCH 6 2015...
VALID TODAY AS OF 0500 PM LOCAL TIME.

CLIMATE NORMAL PERIOD 1981 TO 2010
CLIMATE RECORD PERIOD 1900 TO 2015


WEATHER ITEM   OBSERVED TIME   RECORD YEAR NORMAL DEPARTURE LAST
                VALUE   (LST)  VALUE       VALUE  FROM      YEAR
                                                  NORMAL
..................................................................
TEMPERATURE (F)
 TODAY
  MAXIMUM         31    300 PM  78    1961  52    -21       38
  MINIMUM         16    659 AM  13    1978  32    -16       29
  AVERAGE         24

PRECIPITATION (IN)
  TODAY            T             3.47 1979   0.14  -0.14     0.00
  MONTH TO DATE    1.38                      0.80   0.58     0.60
  SINCE MAR 1      1.38                      0.80   0.58     0.60
  SINCE JAN 1      9.10                      7.76   1.34     7.82

SNOWFALL (IN)
  TODAY            T
  MONTH TO DATE    T
  SINCE NOV 1     10.5
  SINCE JUL 1     10.5
  SNOW DEPTH       0

DEGREE DAYS
 HEATING
  TODAY           41
  MONTH TO DATE  185
  SINCE MAR 1    185
  SINCE JUL 1   3398

 COOLING
  TODAY            0
  MONTH TO DATE    0
  SINCE MAR 1      0
  SINCE JAN 1      0
..................................................................


WIND (MPH)
  RESULTANT WIND SPEED   7   RESULTANT WIND DIRECTION   N (350)
  HIGHEST WIND SPEED    15   HIGHEST WIND DIRECTION     N (350)
  HIGHEST GUST SPEED    20   HIGHEST GUST DIRECTION     N (350)


SKY COVER
  POSSIBLE SUNSHINE  MM
  AVERAGE SKY COVER 0.2


WEATHER CONDITIONS
 THE FOLLOWING WEATHER WAS RECORDED TODAY.
  NO SIGNIFICANT WEATHER WAS OBSERVED.


RELATIVE HUMIDITY (PERCENT)
 HIGHEST    68
 LOWEST     50
 AVERAGE    59

..........................................................


THE SALISBURY MD CLIMATE NORMALS FOR TOMORROW
                         NORMAL    RECORD    YEAR
 MAXIMUM TEMPERATURE (F)   52        75      1974
 MINIMUM TEMPERATURE (F)   32        11      1960


SUNRISE AND SUNSET
MARCH  6 2015.........SUNRISE   627 AM EST   SUNSET   600 PM EST
MARCH  7 2015.........SUNRISE   626 AM EST   SUNSET   601 PM EST


-  INDICATES NEGATIVE NUMBERS.
R  INDICATES RECORD WAS SET OR TIED.
MM INDICATES DATA IS MISSING.
T  INDICATES TRACE AMOUNT.




$$
