000
CDUS41 KAKQ 280532
CLISBY


CLIMATE REPORT
NATIONAL WEATHER SERVICE WAKEFIELD, VA
132 AM EDT FRI JUL 28 2017


...................................

...THE SALISBURY MD CLIMATE SUMMARY FOR JULY 27 2017...

CLIMATE NORMAL PERIOD 1981 TO 2010
CLIMATE RECORD PERIOD 1900 TO 2017


WEATHER ITEM   OBSERVED TIME   RECORD YEAR NORMAL DEPARTURE LAST
                VALUE   (LST)  VALUE       VALUE  FROM      YEAR
                                                  NORMAL
..................................................................
TEMPERATURE (F)
 YESTERDAY
  MAXIMUM         83   1249 PM 102    1940  86     -3       91
  MINIMUM         66    133 AM  52    1920  67     -1       75
  AVERAGE         75                        77     -2       83

PRECIPITATION (IN)
  YESTERDAY        0.00          2.24 1988   0.16  -0.16     0.09
  MONTH TO DATE    5.55                      3.69   1.86     3.76
  SINCE JUN 1      7.54                      7.40   0.14    10.09
  SINCE JAN 1     24.07                     25.95  -1.88    28.82

SNOWFALL (IN)
  YESTERDAY        0.0           0.0  2002   0.0    0.0
                                      2001
  MONTH TO DATE    0.0                       0.0    0.0
  SINCE NOV 1      9.6                       9.3    0.3
  SINCE JUL 1      0.0                       0.0    0.0
  SNOW DEPTH       0

DEGREE DAYS
 HEATING
  YESTERDAY        0                         0      0        0
  MONTH TO DATE    0                         0      0        0
  SINCE JUN 1     15                        19     -4        1
  SINCE JUL 1      0                         0      0        0

 COOLING
  YESTERDAY       10                        12     -2       18
  MONTH TO DATE  415                       319     96      394
  SINCE JUN 1    693                       546    147      607
  SINCE JAN 1    831                       630    201      692
..................................................................


WIND (MPH)
  HIGHEST WIND SPEED    14   HIGHEST WIND DIRECTION     S (200)
  HIGHEST GUST SPEED    19   HIGHEST GUST DIRECTION    SW (230)
  AVERAGE WIND SPEED     5.4


SKY COVER
  POSSIBLE SUNSHINE  MM
  AVERAGE SKY COVER 0.6


WEATHER CONDITIONS
 THE FOLLOWING WEATHER WAS RECORDED YESTERDAY.
  NO SIGNIFICANT WEATHER WAS OBSERVED.


RELATIVE HUMIDITY (PERCENT)
 HIGHEST   100          1200 AM
 LOWEST     69           100 PM
 AVERAGE    85

..........................................................


THE SALISBURY MD CLIMATE NORMALS FOR TODAY
                         NORMAL    RECORD    YEAR
 MAXIMUM TEMPERATURE (F)   86       100      1949
                                             1940
 MINIMUM TEMPERATURE (F)   67        48      1920


SUNRISE AND SUNSET
JULY 28 2017..........SUNRISE   601 AM EDT   SUNSET   815 PM EDT
JULY 29 2017..........SUNRISE   602 AM EDT   SUNSET   815 PM EDT


-  INDICATES NEGATIVE NUMBERS.
R  INDICATES RECORD WAS SET OR TIED.
MM INDICATES DATA IS MISSING.
T  INDICATES TRACE AMOUNT.




$$
