000
CDUS41 KAKQ 260827
CLISBY


CLIMATE REPORT
NATIONAL WEATHER SERVICE WAKEFIELD, VA
327 AM EST MON JAN 26 2015


...................................

...THE SALISBURY MD CLIMATE SUMMARY FOR JANUARY 25 2015...

CLIMATE NORMAL PERIOD 1981 TO 2010
CLIMATE RECORD PERIOD 1900 TO 2015


WEATHER ITEM   OBSERVED TIME   RECORD YEAR NORMAL DEPARTURE LAST
                VALUE   (LST)  VALUE       VALUE  FROM      YEAR
                                                  NORMAL
..................................................................
TEMPERATURE (F)
 YESTERDAY
  MAXIMUM         52    211 PM  75    1950  44      8       35
  MINIMUM         34    437 AM   4    2003  27      7       16
  AVERAGE         43                        35      8       26

PRECIPITATION (IN)
  YESTERDAY        0.00          1.58 2010   0.12  -0.12      T
  MONTH TO DATE    4.36                      2.88   1.48     2.00
  SINCE DEC 1      6.05                      6.59  -0.54     5.18
  SINCE JAN 1      4.36                      2.88   1.48     2.00

SNOWFALL (IN)
  YESTERDAY        0.0           7.0  1987   0.1   -0.1
  MONTH TO DATE    T                         2.4   -2.4
  SINCE NOV 1      T                         4.2   -4.2
  SINCE JUL 1      T                         4.2   -4.2
  SNOW DEPTH       0

DEGREE DAYS
 HEATING
  YESTERDAY       22                        30     -8       39
  MONTH TO DATE  699                       745    -46      766
  SINCE DEC 1   1343                      1551   -208     1436
  SINCE JUL 1   2015                      2369   -354     2141

 COOLING
  YESTERDAY        0                         0      0        0
  MONTH TO DATE    0                         0      0        0
  SINCE DEC 1      0                         0      0        5
  SINCE JAN 1      0                         0      0        0
..................................................................


WIND (MPH)
  HIGHEST WIND SPEED    17   HIGHEST WIND DIRECTION    SW (240)
  HIGHEST GUST SPEED    23   HIGHEST GUST DIRECTION    SW (240)
  AVERAGE WIND SPEED     7.7


SKY COVER
  POSSIBLE SUNSHINE  MM
  AVERAGE SKY COVER 0.4


WEATHER CONDITIONS
 THE FOLLOWING WEATHER WAS RECORDED YESTERDAY.
  NO SIGNIFICANT WEATHER WAS OBSERVED.


RELATIVE HUMIDITY (PERCENT)
 HIGHEST    82           800 PM
 LOWEST     44           200 PM
 AVERAGE    63

..........................................................


THE SALISBURY MD CLIMATE NORMALS FOR TODAY
                         NORMAL    RECORD    YEAR
 MAXIMUM TEMPERATURE (F)   44        73      1950
 MINIMUM TEMPERATURE (F)   27        -1      1940


SUNRISE AND SUNSET
JANUARY 26 2015.......SUNRISE   712 AM EST   SUNSET   517 PM EST
JANUARY 27 2015.......SUNRISE   711 AM EST   SUNSET   519 PM EST


-  INDICATES NEGATIVE NUMBERS.
R  INDICATES RECORD WAS SET OR TIED.
MM INDICATES DATA IS MISSING.
T  INDICATES TRACE AMOUNT.




$$
