000
CDUS41 KAKQ 302130
CLISBY


CLIMATE REPORT
NATIONAL WEATHER SERVICE WAKEFIELD, VA
529 PM EDT MON MAY 30 2016


...................................

...THE SALISBURY MD CLIMATE SUMMARY FOR MAY 30 2016...
VALID TODAY AS OF 0500 PM LOCAL TIME.

CLIMATE NORMAL PERIOD 1981 TO 2010
CLIMATE RECORD PERIOD 1900 TO 2016


WEATHER ITEM   OBSERVED TIME   RECORD YEAR NORMAL DEPARTURE LAST
                VALUE   (LST)  VALUE       VALUE  FROM      YEAR
                                                  NORMAL
..................................................................
TEMPERATURE (F)
 TODAY
  MAXIMUM         74   1030 AM  95    2011  77     -3       85
                                      1987
  MINIMUM         71    359 PM  40    1925  56     15       62
  AVERAGE         73

PRECIPITATION (IN)
  TODAY            1.09          2.16 1984   0.13   0.96     0.00
  MONTH TO DATE    5.63                      3.49   2.14     1.75
  SINCE MAR 1     11.08                     11.46  -0.38     9.49
  SINCE JAN 1     17.93                     18.42  -0.49    17.21

SNOWFALL (IN)
  TODAY            0.0
  MONTH TO DATE    0.0
  SINCE NOV 1     19.8
  SINCE JUL 1     19.8
  SNOW DEPTH       0

DEGREE DAYS
 HEATING
  TODAY            0
  MONTH TO DATE  159
  SINCE MAR 1    965
  SINCE JUL 1   3636

 COOLING
  TODAY            8
  MONTH TO DATE   54
  SINCE MAR 1     78
  SINCE JAN 1     78
..................................................................


WIND (MPH)
  RESULTANT WIND SPEED   5   RESULTANT WIND DIRECTION   S (180)
  HIGHEST WIND SPEED    10   HIGHEST WIND DIRECTION    SW (220)
  HIGHEST GUST SPEED    14   HIGHEST GUST DIRECTION     S (180)


SKY COVER
  POSSIBLE SUNSHINE  MM
  AVERAGE SKY COVER 0.7


WEATHER CONDITIONS
 THE FOLLOWING WEATHER WAS RECORDED TODAY.
  HEAVY RAIN
  RAIN
  LIGHT RAIN
  FOG


RELATIVE HUMIDITY (PERCENT)
 HIGHEST   100
 LOWEST     93
 AVERAGE    97

..........................................................


THE SALISBURY MD CLIMATE NORMALS FOR TOMORROW
                         NORMAL    RECORD    YEAR
 MAXIMUM TEMPERATURE (F)   78        96      1938
 MINIMUM TEMPERATURE (F)   57        39      2001


SUNRISE AND SUNSET
MAY 30 2016...........SUNRISE   541 AM EDT   SUNSET   819 PM EDT
MAY 31 2016...........SUNRISE   540 AM EDT   SUNSET   820 PM EDT


-  INDICATES NEGATIVE NUMBERS.
R  INDICATES RECORD WAS SET OR TIED.
MM INDICATES DATA IS MISSING.
T  INDICATES TRACE AMOUNT.




$$
