000
CDUS41 KAKQ 170845
CLISBY


CLIMATE REPORT
NATIONAL WEATHER SERVICE WAKEFIELD, VA
445 AM EDT WED SEP 17 2014


...................................

...THE SALISBURY MD CLIMATE SUMMARY FOR SEPTEMBER 16 2014...

CLIMATE NORMAL PERIOD 1981 TO 2010
CLIMATE RECORD PERIOD 1900 TO 2014


WEATHER ITEM   OBSERVED TIME   RECORD YEAR NORMAL DEPARTURE LAST
                VALUE   (LST)  VALUE       VALUE  FROM      YEAR
                                                  NORMAL
..................................................................
TEMPERATURE (F)
 YESTERDAY
  MAXIMUM         81        MM  94    1998  79      2       81
  MINIMUM         61   1100 PM  43    2001  58      3       59
  AVERAGE         71                        68      3       70

PRECIPITATION (IN)
  YESTERDAY        0.00          4.38 1999   0.13  -0.13      T
  MONTH TO DATE    0.36                      2.10  -1.74     0.32
  SINCE SEP 1      0.36                      2.10  -1.74     0.32
  SINCE JAN 1     20.64                     33.17 -12.53    40.00

SNOWFALL (IN)
  YESTERDAY        0.0           0.0  2002   0.0    0.0
                                      2001
  MONTH TO DATE    0.0                       0.0    0.0
  SINCE NOV 1     22.5                       9.3   13.2
  SINCE JUL 1      0.0                       0.0    0.0
  SNOW DEPTH       0

DEGREE DAYS
 HEATING
  YESTERDAY        0                         1     -1        0
  MONTH TO DATE    0                         8     -8        5
  SINCE SEP 1      0                         8     -8        5
  SINCE JUL 1      0                        10    -10        5

 COOLING
  YESTERDAY        6                         5      1        5
  MONTH TO DATE  167                       101     66      159
  SINCE SEP 1    167                       101     66      159
  SINCE JAN 1   1289                      1084    205     1522
..................................................................


WIND (MPH)
  HIGHEST WIND SPEED    13   HIGHEST WIND DIRECTION    NW (330)
  HIGHEST GUST SPEED    MM   HIGHEST GUST DIRECTION    MM
  AVERAGE WIND SPEED     5.6


SKY COVER
  POSSIBLE SUNSHINE  MM
  AVERAGE SKY COVER 0.1


WEATHER CONDITIONS
 THE FOLLOWING WEATHER WAS RECORDED YESTERDAY.
  NO SIGNIFICANT WEATHER WAS OBSERVED.


RELATIVE HUMIDITY (PERCENT)
 HIGHEST    84          1100 PM
 LOWEST     45          1200 PM
 AVERAGE    65

..........................................................


THE SALISBURY MD CLIMATE NORMALS FOR TODAY
                         NORMAL    RECORD    YEAR
 MAXIMUM TEMPERATURE (F)   78        94      1915
 MINIMUM TEMPERATURE (F)   58        39      1923


SUNRISE AND SUNSET
SEPTEMBER 17 2014.....SUNRISE   645 AM EDT   SUNSET   707 PM EDT
SEPTEMBER 18 2014.....SUNRISE   646 AM EDT   SUNSET   705 PM EDT


-  INDICATES NEGATIVE NUMBERS.
R  INDICATES RECORD WAS SET OR TIED.
MM INDICATES DATA IS MISSING.
T  INDICATES TRACE AMOUNT.




$$
