994
CDUS46 KSTO 180040
CLISCK


CLIMATE REPORT
NATIONAL WEATHER SERVICE SACRAMENTO, CA
439 PM PST SUN DEC 17 2017


...................................

...THE STOCKTON AIRPORT CA CLIMATE SUMMARY FOR DECEMBER 17 2017...
VALID TODAY AS OF 0400 PM LOCAL TIME.

CLIMATE NORMAL PERIOD 1981 TO 2010
CLIMATE RECORD PERIOD 1948 TO 2017


WEATHER ITEM   OBSERVED TIME   RECORD YEAR NORMAL DEPARTURE LAST
                VALUE   (LST)  VALUE       VALUE  FROM      YEAR
                                                  NORMAL
..................................................................
TEMPERATURE (F)
 TODAY
  MAXIMUM         61    326 PM  71    1958  53      8       51
  MINIMUM         35    750 AM  24    1965  37     -2       32
  AVERAGE         48

PRECIPITATION (IN)
  TODAY            0.00          0.82 1972   0.07  -0.07      T
  MONTH TO DATE    T                         1.11  -1.11     1.41
  SINCE OCT 1      0.91                      3.62  -2.71     5.46
  SINCE JAN 1     16.54                     12.95   3.59    17.58

SNOWFALL (IN)
  TODAY            0.0          MM      MM
  MONTH TO DATE    0.0
  SINCE DEC 1      0.0
  SINCE JUL 1      0.0

DEGREE DAYS
 HEATING
  TODAY           17                        20     -3       23
  MONTH TO DATE  282                       318    -36      264
  SINCE DEC 1    282                       318    -36      264
  SINCE JUL 1    586                       775   -189      533

 COOLING
  TODAY            0                         0      0        0
  MONTH TO DATE    0                         0      0        0
  SINCE DEC 1      0                         0      0        0
  SINCE JAN 1   1797                      1320    477     1445
..................................................................


WIND (MPH)
  RESULTANT WIND SPEED   2   RESULTANT WIND DIRECTION  NW (310)
  HIGHEST WIND SPEED    12   HIGHEST WIND DIRECTION    SE (140)
  HIGHEST GUST SPEED    14   HIGHEST GUST DIRECTION    SE (150)


SKY COVER
  POSSIBLE SUNSHINE  MM
  AVERAGE SKY COVER 0.0


WEATHER CONDITIONS
 THE FOLLOWING WEATHER WAS RECORDED TODAY.
  NO SIGNIFICANT WEATHER WAS OBSERVED.


RELATIVE HUMIDITY (PERCENT)
 HIGHEST    59           800 AM
 LOWEST     29           300 PM
 AVERAGE    44

..........................................................


THE STOCKTON AIRPORT CA CLIMATE NORMALS FOR TOMORROW
                         NORMAL    RECORD    YEAR
 MAXIMUM TEMPERATURE (F)   53        67      1958
 MINIMUM TEMPERATURE (F)   37        26      1975
                                             1965


SUNRISE AND SUNSET
DECEMBER 17 2017......SUNRISE   715 AM PST   SUNSET   448 PM PST
DECEMBER 18 2017......SUNRISE   716 AM PST   SUNSET   448 PM PST


-  INDICATES NEGATIVE NUMBERS.
R  INDICATES RECORD WAS SET OR TIED.
MM INDICATES DATA IS MISSING.
T  INDICATES TRACE AMOUNT.




$$
