518
CDUS46 KSTO 270040
CLISCK


CLIMATE REPORT
NATIONAL WEATHER SERVICE SACRAMENTO, CA
540 PM PDT MON SEP 26 2016


...................................

...THE STOCKTON AIRPORT CA CLIMATE SUMMARY FOR SEPTEMBER 26 2016...
VALID TODAY AS OF 0500 PM LOCAL TIME.

CLIMATE NORMAL PERIOD 1981 TO 2010
CLIMATE RECORD PERIOD 1948 TO 2016


WEATHER ITEM   OBSERVED TIME   RECORD YEAR NORMAL DEPARTURE LAST
                VALUE   (LST)  VALUE       VALUE  FROM      YEAR
                                                  NORMAL
..................................................................
TEMPERATURE (F)
 TODAY
  MAXIMUM        100R   319 PM 100    2009  86     14       97
                                      1963
                                      1952
  MINIMUM         59    536 AM  47    1973  55      4       61
                                      1955
  AVERAGE         80

PRECIPITATION (IN)
  TODAY            0.00          0.31 1972   0.02  -0.02     0.00
  MONTH TO DATE    T                         0.23  -0.23      T
  SINCE OCT 1     16.69                     14.00   2.69    10.72
  SINCE JAN 1     12.12                      9.27   2.85     2.88

SNOWFALL (IN)
  TODAY            0.0           0.0  2002
                                      2001
  MONTH TO DATE    0.0
  SINCE SEP 1      0.0
  SINCE JUL 1      0.0

DEGREE DAYS
 HEATING
  TODAY            0                         0      0        0
  MONTH TO DATE    3                         0      3        0
  SINCE SEP 1      3                         0      3        0
  SINCE JUL 1      3                         0      3        0

 COOLING
  TODAY           15                         6      9       14
  MONTH TO DATE  192                       203    -11      274
  SINCE SEP 1    192                       203    -11      274
  SINCE JAN 1   1390                      1247    143     1493
..................................................................


WIND (MPH)
  RESULTANT WIND SPEED   3   RESULTANT WIND DIRECTION   E (110)
  HIGHEST WIND SPEED     9   HIGHEST WIND DIRECTION     E (90)
  HIGHEST GUST SPEED    12   HIGHEST GUST DIRECTION     N (350)


SKY COVER
  POSSIBLE SUNSHINE  MM
  AVERAGE SKY COVER 0.0


WEATHER CONDITIONS
 THE FOLLOWING WEATHER WAS RECORDED TODAY.
  NO SIGNIFICANT WEATHER WAS OBSERVED.


RELATIVE HUMIDITY (PERCENT)
 HIGHEST    69           600 AM
 LOWEST     13           300 PM
 AVERAGE    41

..........................................................


THE STOCKTON AIRPORT CA CLIMATE NORMALS FOR TOMORROW
                         NORMAL    RECORD    YEAR
 MAXIMUM TEMPERATURE (F)   85       100      2010
                                             2009
 MINIMUM TEMPERATURE (F)   54        47      1971
                                             1955


SUNRISE AND SUNSET
SEPTEMBER 26 2016.....SUNRISE   657 AM PDT   SUNSET   655 PM PDT
SEPTEMBER 27 2016.....SUNRISE   658 AM PDT   SUNSET   653 PM PDT


-  INDICATES NEGATIVE NUMBERS.
R  INDICATES RECORD WAS SET OR TIED.
MM INDICATES DATA IS MISSING.
T  INDICATES TRACE AMOUNT.




$$
