000
CDUS46 KSTO 170840
CLISCK


CLIMATE REPORT
NATIONAL WEATHER SERVICE SACRAMENTO, CA
140 AM PDT TUE OCT 17 2017


...................................

...THE STOCKTON AIRPORT CA CLIMATE SUMMARY FOR OCTOBER 16 2017...

CLIMATE NORMAL PERIOD 1981 TO 2010
CLIMATE RECORD PERIOD 1948 TO 2017


WEATHER ITEM   OBSERVED TIME   RECORD YEAR NORMAL DEPARTURE LAST
                VALUE   (LST)  VALUE       VALUE  FROM      YEAR
                                                  NORMAL
..................................................................
TEMPERATURE (F)
 YESTERDAY
  MAXIMUM         89    234 PM  98    1961  78     11       69
  MINIMUM         44    628 AM  39    1981  50     -6       60
  AVERAGE         67

PRECIPITATION (IN)
  YESTERDAY        0.00          0.82 1984   0.03  -0.03     0.45
  MONTH TO DATE    0.00                      0.29  -0.29     1.02
  SINCE OCT 1      0.00                      0.29  -0.29     1.02
  SINCE JAN 1     15.63                      9.62   6.01    13.14

SNOWFALL (IN)
  YESTERDAY        0.0           0.0  2002
                                      2001
  MONTH TO DATE    0.0
  SINCE SEP 1      0.0
  SINCE JUL 1      0.0
  SNOW DEPTH       0

DEGREE DAYS
 HEATING
  YESTERDAY        0                         3     -3        0
  MONTH TO DATE   16                        24     -8       22
  SINCE SEP 1     19                        30    -11       26
  SINCE JUL 1     19                        30    -11       26

 COOLING
  YESTERDAY        2                         1      1        0
  MONTH TO DATE   22                        45    -23       22
  SINCE SEP 1    337                       267     70      246
  SINCE JAN 1   1768                      1311    457     1444
..................................................................


WIND (MPH)
  RESULTANT WIND SPEED   0   RESULTANT WIND DIRECTION   N (20)
  HIGHEST WIND SPEED     9   HIGHEST WIND DIRECTION    NW (320)
  HIGHEST GUST SPEED    12   HIGHEST GUST DIRECTION    NW (300)


SKY COVER
  POSSIBLE SUNSHINE  MM
  AVERAGE SKY COVER 0.0


WEATHER CONDITIONS
 THE FOLLOWING WEATHER WAS RECORDED YESTERDAY.
  NO SIGNIFICANT WEATHER WAS OBSERVED.


RELATIVE HUMIDITY (PERCENT)
 HIGHEST    83           600 AM
 LOWEST     15           300 PM
 AVERAGE    49

..........................................................


THE STOCKTON AIRPORT CA CLIMATE NORMALS FOR TODAY
                         NORMAL    RECORD    YEAR
 MAXIMUM TEMPERATURE (F)   78        94      1961
 MINIMUM TEMPERATURE (F)   50        39      1984


SUNRISE AND SUNSET
OCTOBER 17 2017.......SUNRISE   716 AM PDT   SUNSET   624 PM PDT
OCTOBER 18 2017.......SUNRISE   717 AM PDT   SUNSET   623 PM PDT


-  INDICATES NEGATIVE NUMBERS.
R  INDICATES RECORD WAS SET OR TIED.
MM INDICATES DATA IS MISSING.
T  INDICATES TRACE AMOUNT.




$$
