000
CDUS46 KSTO 290834
CLISCK


CLIMATE REPORT
NATIONAL WEATHER SERVICE SACRAMENTO, CA
133 AM PDT MON AUG 29 2016


...................................

...THE STOCKTON AIRPORT CA CLIMATE SUMMARY FOR AUGUST 28 2016...

CLIMATE NORMAL PERIOD 1981 TO 2010
CLIMATE RECORD PERIOD 1948 TO 2016


WEATHER ITEM   OBSERVED TIME   RECORD YEAR NORMAL DEPARTURE LAST
                VALUE   (LST)  VALUE       VALUE  FROM      YEAR
                                                  NORMAL
..................................................................
TEMPERATURE (F)
 YESTERDAY
  MAXIMUM         90    351 PM 106    1981  91     -1      103
  MINIMUM         55    607 AM  49    1955  59     -4       64
  AVERAGE         73

PRECIPITATION (IN)
  YESTERDAY        0.00          T    1949   0.00   0.00     0.00
  MONTH TO DATE    T                         0.01  -0.01     0.01
  SINCE OCT 1     16.69                     13.77   2.92    10.72
  SINCE JAN 1     12.12                      9.04   3.08     2.88

SNOWFALL (IN)
  YESTERDAY        0.0          MM      MM
  MONTH TO DATE    0.0
  SINCE JUN 1      0.0
  SINCE JUL 1      0.0
  SNOW DEPTH       0

DEGREE DAYS
 HEATING
  YESTERDAY        0                         0      0        0
  MONTH TO DATE    0                         0      0        0
  SINCE JUN 1      2                         7     -5        0
  SINCE JUL 1      0                         0      0        0

 COOLING
  YESTERDAY        8                        10     -2       19
  MONTH TO DATE  309                       303      6      346
  SINCE JUN 1   1022                       896    126     1092
  SINCE JAN 1   1168                      1015    153     1188
..................................................................


WIND (MPH)
  RESULTANT WIND SPEED   8   RESULTANT WIND DIRECTION  NW (320)
  HIGHEST WIND SPEED    16   HIGHEST WIND DIRECTION    NW (310)
  HIGHEST GUST SPEED    19   HIGHEST GUST DIRECTION    NW (300)


SKY COVER
  POSSIBLE SUNSHINE  MM
  AVERAGE SKY COVER 0.0


WEATHER CONDITIONS
 THE FOLLOWING WEATHER WAS RECORDED YESTERDAY.
  NO SIGNIFICANT WEATHER WAS OBSERVED.


RELATIVE HUMIDITY (PERCENT)
 HIGHEST    93           400 AM
 LOWEST     27           400 PM
 AVERAGE    60

..........................................................


THE STOCKTON AIRPORT CA CLIMATE NORMALS FOR TODAY
                         NORMAL    RECORD    YEAR
 MAXIMUM TEMPERATURE (F)   91       108      2007
 MINIMUM TEMPERATURE (F)   59        48      1957


SUNRISE AND SUNSET
AUGUST 29 2016........SUNRISE   633 AM PDT   SUNSET   738 PM PDT
AUGUST 30 2016........SUNRISE   634 AM PDT   SUNSET   736 PM PDT


-  INDICATES NEGATIVE NUMBERS.
R  INDICATES RECORD WAS SET OR TIED.
MM INDICATES DATA IS MISSING.
T  INDICATES TRACE AMOUNT.




$$
