000
CDUS46 KSTO 290835
CLISCK


CLIMATE REPORT
NATIONAL WEATHER SERVICE SACRAMENTO, CA
135 AM PDT SUN MAR 29 2015


...................................

...THE STOCKTON AIRPORT CA CLIMATE SUMMARY FOR MARCH 28 2015...

CLIMATE NORMAL PERIOD 1981 TO 2010
CLIMATE RECORD PERIOD 1948 TO 2015


WEATHER ITEM   OBSERVED TIME   RECORD YEAR NORMAL DEPARTURE LAST
                VALUE   (LST)  VALUE       VALUE  FROM      YEAR
                                                  NORMAL
..................................................................
TEMPERATURE (F)
 YESTERDAY
  MAXIMUM         84R   434 PM  84    1957  68     16       72
                                      1952
  MINIMUM         48    604 AM  35    1985  44      4       45
                                      1975
                                      1972
  AVERAGE         66

PRECIPITATION (IN)
  YESTERDAY        0.00          0.34 1974   0.06  -0.06     0.00
  MONTH TO DATE    0.17                      2.00  -1.83     1.34
  SINCE OCT 1      9.47                     12.01  -2.54     5.85
  SINCE JAN 1      1.63                      7.28  -5.65     4.42

SNOWFALL (IN)
  YESTERDAY        0.0          MM      MM
  MONTH TO DATE    0.0
  SINCE MAR 1      0.0
  SINCE JUL 1      0.0
  SNOW DEPTH       0

DEGREE DAYS
 HEATING
  YESTERDAY        0                         9     -9        6
  MONTH TO DATE  124                       297   -173      165
  SINCE MAR 1    124                       297   -173      165
  SINCE JUL 1   1563                      2359   -796     1998

 COOLING
  YESTERDAY        1                         0      1        0
  MONTH TO DATE   15                         0     15        0
  SINCE MAR 1     15                         0     15        0
  SINCE JAN 1     15                         0     15        0
..................................................................


WIND (MPH)
  RESULTANT WIND SPEED   8   RESULTANT WIND DIRECTION  NW (300)
  HIGHEST WIND SPEED    20   HIGHEST WIND DIRECTION    NW (310)
  HIGHEST GUST SPEED    24   HIGHEST GUST DIRECTION    NW (310)


SKY COVER
  POSSIBLE SUNSHINE  MM
  AVERAGE SKY COVER 0.0


WEATHER CONDITIONS
 THE FOLLOWING WEATHER WAS RECORDED YESTERDAY.
  NO SIGNIFICANT WEATHER WAS OBSERVED.


RELATIVE HUMIDITY (PERCENT)
 HIGHEST    86           600 AM
 LOWEST     13           400 PM
 AVERAGE    50

..........................................................


THE STOCKTON AIRPORT CA CLIMATE NORMALS FOR TODAY
                         NORMAL    RECORD    YEAR
 MAXIMUM TEMPERATURE (F)   68        83      2004
 MINIMUM TEMPERATURE (F)   44        35      1975


SUNRISE AND SUNSET
MARCH 29 2015.........SUNRISE   655 AM PDT   SUNSET   725 PM PDT
MARCH 30 2015.........SUNRISE   653 AM PDT   SUNSET   726 PM PDT


-  INDICATES NEGATIVE NUMBERS.
R  INDICATES RECORD WAS SET OR TIED.
MM INDICATES DATA IS MISSING.
T  INDICATES TRACE AMOUNT.




$$
