000
CDUS46 KSTO 310834
CLISCK


CLIMATE REPORT
NATIONAL WEATHER SERVICE SACRAMENTO, CA
134 AM PDT FRI JUL 31 2015


...................................

...THE STOCKTON AIRPORT CA CLIMATE SUMMARY FOR JULY 30 2015...

CLIMATE NORMAL PERIOD 1981 TO 2010
CLIMATE RECORD PERIOD 1948 TO 2015


WEATHER ITEM   OBSERVED TIME   RECORD YEAR NORMAL DEPARTURE LAST
                VALUE   (LST)  VALUE       VALUE  FROM      YEAR
                                                  NORMAL
..................................................................
TEMPERATURE (F)
 YESTERDAY
  MAXIMUM        102    334 PM 109    1977  94      8      101
  MINIMUM         64    526 AM  54    2012  60      4       68
                                      2010
  AVERAGE         83

PRECIPITATION (IN)
  YESTERDAY        0.00          0.14 1966   0.00   0.00     0.00
  MONTH TO DATE    0.01                      0.00   0.01     0.00
  SINCE OCT 1     10.71                     13.76  -3.05     7.23
  SINCE JAN 1      2.87                      9.03  -6.16     5.80

SNOWFALL (IN)
  YESTERDAY        0.0          MM      MM
  MONTH TO DATE    0.0
  SINCE JUN 1      0.0
  SINCE JUL 1      0.0
  SNOW DEPTH       0

DEGREE DAYS
 HEATING
  YESTERDAY        0                         0      0        0
  MONTH TO DATE    0                         0      0        0
  SINCE JUN 1      0                         7     -7        0
  SINCE JUL 1      0                         0      0        0

 COOLING
  YESTERDAY       18                        12      6       20
  MONTH TO DATE  393                       352     41      410
  SINCE JUN 1    732                       582    150      685
  SINCE JAN 1    828                       701    127      868
..................................................................


WIND (MPH)
  RESULTANT WIND SPEED   7   RESULTANT WIND DIRECTION  NW (310)
  HIGHEST WIND SPEED    47   HIGHEST WIND DIRECTION    NW (320)
  HIGHEST GUST SPEED   179   HIGHEST GUST DIRECTION    NW (330)


SKY COVER
  POSSIBLE SUNSHINE  MM
  AVERAGE SKY COVER 0.0


WEATHER CONDITIONS
 THE FOLLOWING WEATHER WAS RECORDED YESTERDAY.
  NO SIGNIFICANT WEATHER WAS OBSERVED.


RELATIVE HUMIDITY (PERCENT)
 HIGHEST    78           600 AM
 LOWEST     21           200 PM
 AVERAGE    50

..........................................................


THE STOCKTON AIRPORT CA CLIMATE NORMALS FOR TODAY
                         NORMAL    RECORD    YEAR
 MAXIMUM TEMPERATURE (F)   94       107      1977
 MINIMUM TEMPERATURE (F)   60        53      2010
                                             2001
                                             1981


SUNRISE AND SUNSET
JULY 31 2015..........SUNRISE   607 AM PDT   SUNSET   815 PM PDT
AUGUST  1 2015........SUNRISE   608 AM PDT   SUNSET   814 PM PDT


-  INDICATES NEGATIVE NUMBERS.
R  INDICATES RECORD WAS SET OR TIED.
MM INDICATES DATA IS MISSING.
T  INDICATES TRACE AMOUNT.




$$
