000
CDUS46 KLOX 260111
CLISDB


CLIMATE REPORT
NATIONAL WEATHER SERVICE LOS ANGELES/OXNARD CA
611 PM PDT MON SEP 25 2017


...................................

...THE SANDBERG CA CLIMATE SUMMARY FOR SEPTEMBER 25 2017...
VALID TODAY AS OF 0600 PM LOCAL TIME.

CLIMATE NORMAL PERIOD 1981 TO 2010
CLIMATE RECORD PERIOD 1934 TO 2017


WEATHER ITEM   OBSERVED TIME   RECORD YEAR NORMAL DEPARTURE LAST
                VALUE   (LST)  VALUE       VALUE  FROM      YEAR
                                                  NORMAL
..................................................................
TEMPERATURE (F)
 TODAY
  MAXIMUM         77    244 PM  91    2015  76      1       86
                                      1960
  MINIMUM         52    546 AM  35    1948  58     -6       66
  AVERAGE         65                        67     -2       76

PRECIPITATION (IN)
  TODAY            0.00          1.72 1939   0.01  -0.01     0.00
  MONTH TO DATE    0.22                      0.13   0.09     0.00
  SINCE OCT 1     13.89                     12.29   1.60     6.93
  SINCE JAN 1     10.05                      8.66   1.39     5.23

DEGREE DAYS
 HEATING
  TODAY            0                         3     -3        0
  MONTH TO DATE   51                        43      8       33
  SINCE SEP 1     51                        43      8       33
  SINCE JUL 1     52                        60     -8       33

 COOLING
  TODAY            0                         5     -5       11
  MONTH TO DATE  171                       167      4      184
  SINCE SEP 1    171                       167      4      184
  SINCE JAN 1   1643                       924    719     1528
..................................................................


WIND (MPH)
  HIGHEST WIND SPEED    22   HIGHEST WIND DIRECTION     E (80)
  HIGHEST GUST SPEED    30   HIGHEST GUST DIRECTION     E (110)
  AVERAGE WIND SPEED    10.5


SKY COVER
  POSSIBLE SUNSHINE  MM
  AVERAGE SKY COVER 0.0


WEATHER CONDITIONS
 THE FOLLOWING WEATHER WAS RECORDED TODAY.
  NO SIGNIFICANT WEATHER WAS OBSERVED.


RELATIVE HUMIDITY (PERCENT)
 HIGHEST    38           200 AM
 LOWEST     13           300 PM
 AVERAGE    26

..........................................................


THE SANDBERG CA CLIMATE NORMALS FOR TOMORROW
                         NORMAL    RECORD    YEAR
 MAXIMUM TEMPERATURE (F)   75        91      2015
                                             2009
                                             2003
 MINIMUM TEMPERATURE (F)   57        40      1986


SUNRISE AND SUNSET
SEPTEMBER 25 2017.....SUNRISE   645 AM PDT   SUNSET   647 PM PDT
SEPTEMBER 26 2017.....SUNRISE   646 AM PDT   SUNSET   645 PM PDT


-  INDICATES NEGATIVE NUMBERS.
R  INDICATES RECORD WAS SET OR TIED.
MM INDICATES DATA IS MISSING.
T  INDICATES TRACE AMOUNT.




$$
