000
CDUS46 KLOX 300904
CLISDB


CLIMATE REPORT
NATIONAL WEATHER SERVICE LOS ANGELES/OXNARD CA
204 AM PDT TUE JUN 30 2015


...................................

...THE SANDBERG CA CLIMATE SUMMARY FOR JUNE 29 2015...

CLIMATE NORMAL PERIOD 1981 TO 2010
CLIMATE RECORD PERIOD 1934 TO 2015


WEATHER ITEM   OBSERVED TIME   RECORD YEAR NORMAL DEPARTURE LAST
                VALUE   (LST)  VALUE       VALUE  FROM      YEAR
                                                  NORMAL
..................................................................
TEMPERATURE (F)
 YESTERDAY
  MAXIMUM         96    342 PM  99    1972  81     15       94
  MINIMUM         71    447 AM  40    1970  61     10       66
  AVERAGE         84                        71     13       80

PRECIPITATION (IN)
  YESTERDAY        0.00          0.02 1991   0.00   0.00     0.00
  MONTH TO DATE    0.11                      0.06   0.05     0.00
  SINCE OCT 1      7.39                     12.11  -4.72     4.28
  SINCE JAN 1      2.49                      8.48  -5.99     3.58

DEGREE DAYS
 HEATING
  YESTERDAY        0                         1     -1        0
  MONTH TO DATE   19                        82    -63        7
  SINCE JUN 1     19                        82    -63        7
  SINCE JUL 1   2401                      4110  -1709     2520

 COOLING
  YESTERDAY       19                         7     12       15
  MONTH TO DATE  318                       125    193      222
  SINCE JUN 1    318                       125    193      222
  SINCE JAN 1    431                       170    261      372
..................................................................


WIND (MPH)
  HIGHEST WIND SPEED    20   HIGHEST WIND DIRECTION    SE (150)
  HIGHEST GUST SPEED    30   HIGHEST GUST DIRECTION    SE (120)
  AVERAGE WIND SPEED     9.4


SKY COVER
  POSSIBLE SUNSHINE  MM
  AVERAGE SKY COVER 0.1


WEATHER CONDITIONS
 THE FOLLOWING WEATHER WAS RECORDED YESTERDAY.
  NO SIGNIFICANT WEATHER WAS OBSERVED.


RELATIVE HUMIDITY (PERCENT)
 HIGHEST    47           300 AM
 LOWEST     17           200 PM
 AVERAGE    32

..........................................................


THE SANDBERG CA CLIMATE NORMALS FOR TODAY
                         NORMAL    RECORD    YEAR
 MAXIMUM TEMPERATURE (F)   81       106      2013
 MINIMUM TEMPERATURE (F)   61        42      1982


SUNRISE AND SUNSET
JUNE 30 2015..........SUNRISE   545 AM PDT   SUNSET   812 PM PDT
JULY  1 2015..........SUNRISE   545 AM PDT   SUNSET   812 PM PDT


-  INDICATES NEGATIVE NUMBERS.
R  INDICATES RECORD WAS SET OR TIED.
MM INDICATES DATA IS MISSING.
T  INDICATES TRACE AMOUNT.




$$
