000
CDUS46 KLOX 240911
CLISDB


CLIMATE REPORT
NATIONAL WEATHER SERVICE LOS ANGELES/OXNARD CA
211 AM PDT SAT JUN 24 2017


...................................

...THE SANDBERG CA CLIMATE SUMMARY FOR JUNE 23 2017...

CLIMATE NORMAL PERIOD 1981 TO 2010
CLIMATE RECORD PERIOD 1934 TO 2017


WEATHER ITEM   OBSERVED TIME   RECORD YEAR NORMAL DEPARTURE LAST
                VALUE   (LST)  VALUE       VALUE  FROM      YEAR
                                                  NORMAL
..................................................................
TEMPERATURE (F)
 YESTERDAY
  MAXIMUM        101R   204 PM  96    1961  79     22       86
  MINIMUM         75    138 AM  42    1963  59     16       69
  AVERAGE         88                        69     19       78

PRECIPITATION (IN)
  YESTERDAY        0.00          T    1945   0.00   0.00     0.00
  MONTH TO DATE    T                         0.06  -0.06      T
  SINCE OCT 1     12.79                     12.11   0.68     6.93
  SINCE JAN 1      8.95                      8.48   0.47     5.23

DEGREE DAYS
 HEATING
  YESTERDAY        0                         2     -2        0
  MONTH TO DATE   40                        76    -36       21
  SINCE JUN 1     40                        76    -36       21
  SINCE JUL 1   3088                      4104  -1016     3065

 COOLING
  YESTERDAY       23                         5     18       13
  MONTH TO DATE  244                        87    157      244
  SINCE JUN 1    244                        87    157      244
  SINCE JAN 1    389                       132    257      325
..................................................................


WIND (MPH)
  HIGHEST WIND SPEED    29   HIGHEST WIND DIRECTION    NW (330)
  HIGHEST GUST SPEED    39   HIGHEST GUST DIRECTION     N (350)
  AVERAGE WIND SPEED    10.6


SKY COVER
  POSSIBLE SUNSHINE  MM
  AVERAGE SKY COVER 0.0


WEATHER CONDITIONS
 THE FOLLOWING WEATHER WAS RECORDED YESTERDAY.
  NO SIGNIFICANT WEATHER WAS OBSERVED.


RELATIVE HUMIDITY (PERCENT)
 HIGHEST    43          1200 AM
 LOWEST     16           200 PM
 AVERAGE    30

..........................................................


THE SANDBERG CA CLIMATE NORMALS FOR TODAY
                         NORMAL    RECORD    YEAR
 MAXIMUM TEMPERATURE (F)   79        96      1957
 MINIMUM TEMPERATURE (F)   59        40      2003


SUNRISE AND SUNSET
JUNE 24 2017..........SUNRISE   543 AM PDT   SUNSET   812 PM PDT
JUNE 25 2017..........SUNRISE   543 AM PDT   SUNSET   812 PM PDT


-  INDICATES NEGATIVE NUMBERS.
R  INDICATES RECORD WAS SET OR TIED.
MM INDICATES DATA IS MISSING.
T  INDICATES TRACE AMOUNT.




$$
