000
CDUS43 KLMK 260627
CLISDF


CLIMATE REPORT
NATIONAL WEATHER SERVICE LOUISVILLE KY
226 AM EDT TUE SEP 26 2017


...................................

...THE LOUISVILLE KY CLIMATE SUMMARY FOR SEPTEMBER 25 2017...

CLIMATE NORMAL PERIOD 1981 TO 2010
CLIMATE RECORD PERIOD 1871 TO 2017


WEATHER ITEM   OBSERVED TIME   RECORD YEAR NORMAL DEPARTURE LAST
                VALUE   (LST)  VALUE       VALUE  FROM      YEAR
                                                  NORMAL
..................................................................
TEMPERATURE (F)
 YESTERDAY
  MAXIMUM         90    409 PM  95    2007  78     12       92
  MINIMUM         67    615 AM  36    1950  57     10       70
  AVERAGE         79                        67     12       81

PRECIPITATION (IN)
  YESTERDAY        0.00          1.38 2000   0.11  -0.11     0.00
  MONTH TO DATE    5.47                      2.50   2.97     0.68
  SINCE SEP 1      5.47                      2.50   2.97     0.68
  SINCE JAN 1     34.88                     33.72   1.16    34.35

SNOWFALL (IN)
  YESTERDAY        0.0          MM      MM   0.0    0.0      0.0
  MONTH TO DATE    0.0                       0.0    0.0      0.0
  SINCE SEP 1      0.0                       0.0    0.0      0.0
  SINCE JUL 1      0.0                       0.0    0.0      0.0
  SNOW DEPTH       0

DEGREE DAYS
 HEATING
  YESTERDAY        0                         2     -2        0
  MONTH TO DATE   12                        15     -3        0
  SINCE SEP 1     12                        15     -3        0
  SINCE JUL 1     12                        15     -3        0

 COOLING
  YESTERDAY       14                         4     10       16
  MONTH TO DATE  173                       192    -19      332
  SINCE SEP 1    173                       192    -19      332
  SINCE JAN 1   1667                      1549    118     1940
..................................................................


WIND (MPH)
  HIGHEST WIND SPEED     9   HIGHEST WIND DIRECTION     E (110)
  HIGHEST GUST SPEED    12   HIGHEST GUST DIRECTION     E (100)
  AVERAGE WIND SPEED     2.3


SKY COVER
  POSSIBLE SUNSHINE  MM
  AVERAGE SKY COVER 0.4


WEATHER CONDITIONS
 THE FOLLOWING WEATHER WAS RECORDED YESTERDAY.
  HAZE


RELATIVE HUMIDITY (PERCENT)
 HIGHEST    87           700 AM
 LOWEST     41           400 PM
 AVERAGE    64

..........................................................


THE LOUISVILLE KY CLIMATE NORMALS FOR TODAY
                         NORMAL    RECORD    YEAR
 MAXIMUM TEMPERATURE (F)   77        93      1958
                                             1900
 MINIMUM TEMPERATURE (F)   56        39      2001
                                             1928


SUNRISE AND SUNSET
SEPTEMBER 26 2017.....SUNRISE   734 AM EDT   SUNSET   733 PM EDT
SEPTEMBER 27 2017.....SUNRISE   735 AM EDT   SUNSET   732 PM EDT


-  INDICATES NEGATIVE NUMBERS.
R  INDICATES RECORD WAS SET OR TIED.
MM INDICATES DATA IS MISSING.
T  INDICATES TRACE AMOUNT.




$$
