015
CDUS43 KLMK 190642
CLISDF


CLIMATE REPORT
NATIONAL WEATHER SERVICE LOUISVILLE KY
142 AM EST FRI JAN 19 2018


...................................

...THE LOUISVILLE KY CLIMATE SUMMARY FOR JANUARY 18 2018...

CLIMATE NORMAL PERIOD 1981 TO 2010
CLIMATE RECORD PERIOD 1871 TO 2018


WEATHER ITEM   OBSERVED TIME   RECORD YEAR NORMAL DEPARTURE LAST
                VALUE   (LST)  VALUE       VALUE  FROM      YEAR
                                                  NORMAL
..................................................................
TEMPERATURE (F)
 YESTERDAY
  MAXIMUM         33    423 PM  72    1929  43    -10       45
  MINIMUM         12    545 AM -16    1994  27    -15       40
  AVERAGE         23                        35    -12       43

PRECIPITATION (IN)
  YESTERDAY        0.00          3.36 1876   0.09  -0.09      T
  MONTH TO DATE    1.15                      1.88  -0.73     3.05
  SINCE DEC 1      3.88                      5.71  -1.83     8.35
  SINCE JAN 1      1.15                      1.88  -0.73     3.05

SNOWFALL (IN)
  YESTERDAY        0.0           3.0  1915   0.1   -0.1      0.0
  MONTH TO DATE    5.0                       1.9    3.1      2.3
  SINCE DEC 1      5.2                       4.5    0.7      2.4
  SINCE JUL 1      5.2                       4.7    0.5      2.4
  SNOW DEPTH       4

DEGREE DAYS
 HEATING
  YESTERDAY       42                        30     12       22
  MONTH TO DATE  711                       540    171      469
  SINCE DEC 1   1574                      1381    193     1300
  SINCE JUL 1   2240                      2116    124     1767

 COOLING
  YESTERDAY        0                         0      0        0
  MONTH TO DATE    0                         0      0        0
  SINCE DEC 1      0                         1     -1        1
  SINCE JAN 1      0                         0      0        0
..................................................................


WIND (MPH)
  HIGHEST WIND SPEED    17   HIGHEST WIND DIRECTION    SW (220)
  HIGHEST GUST SPEED    25   HIGHEST GUST DIRECTION    SW (210)
  AVERAGE WIND SPEED     9.3


SKY COVER
  POSSIBLE SUNSHINE  MM
  AVERAGE SKY COVER 0.0


WEATHER CONDITIONS
 THE FOLLOWING WEATHER WAS RECORDED YESTERDAY.
  NO SIGNIFICANT WEATHER WAS OBSERVED.


RELATIVE HUMIDITY (PERCENT)
 HIGHEST    80           900 AM
 LOWEST     41           400 PM
 AVERAGE    61

..........................................................


THE LOUISVILLE KY CLIMATE NORMALS FOR TODAY
                         NORMAL    RECORD    YEAR
 MAXIMUM TEMPERATURE (F)   43        74      1907
 MINIMUM TEMPERATURE (F)   27       -22      1994


SUNRISE AND SUNSET
JANUARY 19 2018.......SUNRISE   756 AM EST   SUNSET   551 PM EST
JANUARY 20 2018.......SUNRISE   756 AM EST   SUNSET   552 PM EST


-  INDICATES NEGATIVE NUMBERS.
R  INDICATES RECORD WAS SET OR TIED.
MM INDICATES DATA IS MISSING.
T  INDICATES TRACE AMOUNT.




$$
