000
CDUS46 KSEW 050834
CLISEA


CLIMATE REPORT
NATIONAL WEATHER SERVICE SEATTLE WA
1234 AM PST FRI FEB 5 2016


...................................

...THE SEATTLE-TACOMA WA AIRPORT CLIMATE SUMMARY FOR FEBRUARY 4 2016...

CLIMATE NORMAL PERIOD 1981 TO 2010
CLIMATE RECORD PERIOD 1945 TO 2016


WEATHER ITEM   OBSERVED TIME   RECORD YEAR NORMAL DEPARTURE LAST
                VALUE   (LST)  VALUE       VALUE  FROM      YEAR
                                                  NORMAL
..................................................................
TEMPERATURE (F)
 YESTERDAY
  MAXIMUM         49    845 PM  63    2009  49      0       51
                                      1993
  MINIMUM         42    306 AM   7    1989  37      5       40
  AVERAGE         46                        43      3       46

PRECIPITATION (IN)
  YESTERDAY        0.33          0.91 1965   0.13   0.20     0.33
  MONTH TO DATE    0.88                      0.53   0.35     0.73
  SINCE OCT 1     32.72                     21.50  11.22    20.77
  SINCE JAN 1      8.33                      6.10   2.23     4.39

SNOWFALL (IN)
  YESTERDAY        0.0           1.7  1949                   0.0
  MONTH TO DATE    0.0                                       0.0
  SINCE OCT 1      T                                         0.8
  SINCE JUL 1      T                                         0.8
  SNOW DEPTH       0

DEGREE DAYS
 HEATING
  YESTERDAY       19                        22     -3       19
  MONTH TO DATE   86                        88     -2       76
  SINCE DEC 1   1417                      1554   -137     1291
  SINCE JUL 1   2428                      2737   -309     2131

 COOLING
  YESTERDAY        0                         0      0        0
  MONTH TO DATE    0                         0      0        0
  SINCE DEC 1      0                         0      0        0
  SINCE JAN 1      0                         0      0        0
..................................................................


WIND (MPH)
  RESULTANT WIND SPEED   9   RESULTANT WIND DIRECTION   S (170)
  HIGHEST WIND SPEED    21   HIGHEST WIND DIRECTION     S (200)
  HIGHEST GUST SPEED    24   HIGHEST GUST DIRECTION     S (200)
  AVERAGE WIND SPEED     9.9


SKY COVER
  AVERAGE SKY COVER 1.0


WEATHER CONDITIONS
 THE FOLLOWING WEATHER WAS RECORDED YESTERDAY.
  RAIN
  LIGHT RAIN
  FOG


RELATIVE HUMIDITY (PERCENT)
 HIGHEST    93           700 PM
 LOWEST     80          1000 PM
 AVERAGE    87

..........................................................


THE SEATTLE-TACOMA WA AIRPORT CLIMATE NORMALS FOR TODAY
                         NORMAL    RECORD    YEAR
 MAXIMUM TEMPERATURE (F)   49        62      1987
 MINIMUM TEMPERATURE (F)   37        14      1989


SUNRISE AND SUNSET
FEBRUARY  5 2016......SUNRISE   730 AM PST   SUNSET   517 PM PST
FEBRUARY  6 2016......SUNRISE   729 AM PST   SUNSET   518 PM PST


-  INDICATES NEGATIVE NUMBERS.
R  INDICATES RECORD WAS SET OR TIED.
MM INDICATES DATA IS MISSING.
T  INDICATES TRACE AMOUNT.




$$
