000
CDUS46 KSEW 260122
CLISEW


CLIMATE REPORT
NATIONAL WEATHER SERVICE SEATTLE WA
521 PM PST THU DEC 25 2014


...................................

...THE SEATTLE WA WFO CLIMATE SUMMARY FOR DECEMBER 25 2014...
VALID TODAY AS OF 0500 PM LOCAL TIME.

CLIMATE NORMAL PERIOD 1981 TO 2010
CLIMATE RECORD PERIOD 1986 TO 2014


WEATHER ITEM   OBSERVED TIME   RECORD YEAR     LAST
                VALUE   (LST)  VALUE           YEAR
....................................................
TEMPERATURE (F)
 TODAY
  MAXIMUM         48        MM  55    2005    41
  MINIMUM         39        MM  25    1995    31
  AVERAGE         44                          36

PRECIPITATION (IN)
  TODAY            0.26          0.96 2005     0.00
  MONTH TO DATE    5.00                        1.58
  SINCE OCT 1     16.18                        5.76
  SINCE JAN 1     46.39                       29.67

SNOWFALL (IN)
  TODAY            0.0                         0.0
  MONTH TO DATE    0.0                         0.9
  SINCE OCT 1      T                           0.9
  SINCE JUL 1      T                           0.9
  SNOW DEPTH       0

DEGREE DAYS
 HEATING
  TODAY           21                          29
  MONTH TO DATE  451                         671
  SINCE DEC 1    451                         671
  SINCE JUL 1   1263                        1767

 COOLING
  TODAY            0                           0
  MONTH TO DATE    0                           0
  SINCE DEC 1      0                           0
  SINCE JAN 1    366                         314
....................................................


WIND (MPH)
  HIGHEST WIND SPEED    MM   HIGHEST WIND DIRECTION    MM
  HIGHEST GUST SPEED    MM   HIGHEST GUST DIRECTION    MM
  AVERAGE WIND SPEED    MM



WEATHER CONDITIONS
 THE FOLLOWING WEATHER WAS RECORDED TODAY.
  LIGHT RAIN






-  INDICATES NEGATIVE NUMBERS.
R  INDICATES RECORD WAS SET OR TIED.
MM INDICATES DATA IS MISSING.
T  INDICATES TRACE AMOUNT.




$$
