000
CDUS46 KMTR 010854
CLISFD


CLIMATE REPORT
NATIONAL WEATHER SERVICE SAN FRANCISCO BAY AREA
1254 AM PST SUN MAR 1 2015


...................................

...THE SAN FRANCISCO DWTN CA CLIMATE SUMMARY FOR FEBRUARY 28 2015...

CLIMATE NORMAL PERIOD 1981 TO 2010
CLIMATE RECORD PERIOD 1850 TO 2015


WEATHER ITEM   OBSERVED TIME   RECORD YEAR NORMAL DEPARTURE LAST
                VALUE   (LST)  VALUE       VALUE  FROM      YEAR
                                                  NORMAL
..................................................................
TEMPERATURE (F)
 YESTERDAY
  MAXIMUM         61    243 PM  76    1986  61      0       61
  MINIMUM         50    743 AM  36    1951  48      2       54
  AVERAGE         56                        55      1       58

PRECIPITATION (IN)
  YESTERDAY        0.00          1.85 1854   0.15  -0.15     1.12
  MONTH TO DATE    1.47                      4.46  -2.99     5.82
  SINCE OCT 1     15.92                     17.80  -1.88     7.53
  SINCE JAN 1      1.47                      8.96  -7.49     5.88

DEGREE DAYS
 HEATING
  YESTERDAY        9                        MM     MM        7
  MONTH TO DATE  150                        MM     MM      291
  SINCE DEC 1    705                      1153   -448      950
  SINCE JUL 1   1074                      1918   -844     1663

 COOLING
  YESTERDAY        0                        MM     MM        0
  MONTH TO DATE    0                         0      0        0
  SINCE DEC 1      0                         0      0        0
  SINCE JAN 1      0                         0      0        0
..................................................................







THE SAN FRANCISCO DWTN CA CLIMATE NORMALS FOR TODAY
                         NORMAL    RECORD    YEAR
 MAXIMUM TEMPERATURE (F)   61        77      1936
 MINIMUM TEMPERATURE (F)   48        39      1896


SUNRISE AND SUNSET
MARCH  1 2015.........SUNRISE   641 AM PST   SUNSET   603 PM PST
MARCH  2 2015.........SUNRISE   640 AM PST   SUNSET   604 PM PST


-  INDICATES NEGATIVE NUMBERS.
R  INDICATES RECORD WAS SET OR TIED.
MM INDICATES DATA IS MISSING.
T  INDICATES TRACE AMOUNT.




$$
