000
CDUS46 KMTR 270830
CLISFD


CLIMATE REPORT
NATIONAL WEATHER SERVICE SAN FRANCISCO BAY AREA
129 AM PDT WED AUG 27 2014


...................................

...THE SAN FRANCISCO DWTN CA CLIMATE SUMMARY FOR AUGUST 26 2014...

CLIMATE NORMAL PERIOD 1981 TO 2010
CLIMATE RECORD PERIOD 1850 TO 2014


WEATHER ITEM   OBSERVED TIME   RECORD YEAR NORMAL DEPARTURE LAST
                VALUE   (LST)  VALUE       VALUE  FROM      YEAR
                                                  NORMAL
..................................................................
TEMPERATURE (F)
 YESTERDAY
  MAXIMUM         69    343 PM  91    1894  69      0       65
  MINIMUM         60    743 AM  50    1887  55      5       59
  AVERAGE         65                        62      3       62

PRECIPITATION (IN)
  YESTERDAY        0.00          0.25 1935   0.01  -0.01     0.00
  MONTH TO DATE    0.01                      0.05  -0.04     0.04
  SINCE JUL 1      0.09                      0.05   0.04     0.04
  SINCE JAN 1     10.55                     14.59  -4.04     3.55

DEGREE DAYS
 HEATING
  YESTERDAY        0                        MM     MM        3
  MONTH TO DATE   53                        MM     MM      101
  SINCE JUN 1    278                        MM     MM      400
  SINCE JUL 1    127                        MM     MM      261

 COOLING
  YESTERDAY        0                        MM     MM        0
  MONTH TO DATE    0                         0      0        0
  SINCE JUN 1     17                         0     17       12
  SINCE JAN 1     66                         0     66       25
..................................................................







THE SAN FRANCISCO DWTN CA CLIMATE NORMALS FOR TODAY
                         NORMAL    RECORD    YEAR
 MAXIMUM TEMPERATURE (F)   69        95      1993
 MINIMUM TEMPERATURE (F)   55        49      1955


SUNRISE AND SUNSET
AUGUST 27 2014........SUNRISE   636 AM PDT   SUNSET   746 PM PDT
AUGUST 28 2014........SUNRISE   636 AM PDT   SUNSET   745 PM PDT


-  INDICATES NEGATIVE NUMBERS.
R  INDICATES RECORD WAS SET OR TIED.
MM INDICATES DATA IS MISSING.
T  INDICATES TRACE AMOUNT.




$$
