000
CDUS46 KMTR 230035
CLISFD


CLIMATE REPORT
NATIONAL WEATHER SERVICE SAN FRANCISCO BAY AREA
532 PM PDT THU JUN 22 2017


...................................

...THE SAN FRANCISCO DWTN CA CLIMATE SUMMARY FOR JUNE 22 2017...
VALID TODAY AS OF 0500 PM LOCAL TIME.

CLIMATE NORMAL PERIOD 1981 TO 2010
CLIMATE RECORD PERIOD 1850 TO 2017


WEATHER ITEM   OBSERVED TIME   RECORD YEAR NORMAL DEPARTURE LAST
                VALUE   (LST)  VALUE       VALUE  FROM      YEAR
                                                  NORMAL
..................................................................
TEMPERATURE (F)
 TODAY
  MAXIMUM         72   1043 AM  97    1989  67      5       61
  MINIMUM         56    543 AM  48    1901  53      3       53
  AVERAGE         64                        60      4       57

PRECIPITATION (IN)
  TODAY            0.00          0.09 1884   0.01  -0.01     0.00
  MONTH TO DATE    0.10                      0.15  -0.05     0.00
  SINCE OCT 1     32.33                     23.37   8.96    23.06
  SINCE JAN 1     23.30                     14.53   8.77    16.45

DEGREE DAYS
 HEATING
  TODAY            1                        MM     MM        8
  MONTH TO DATE   97                        MM     MM       95
  SINCE JUN 1     97                        MM     MM       95
  SINCE JUL 1   2610                        MM     MM     2030

 COOLING
  TODAY            0                        MM     MM        0
  MONTH TO DATE   15                         0     15        5
  SINCE JUN 1     15                         0     15        5
  SINCE JAN 1     23                         0     23       31
..................................................................







THE SAN FRANCISCO DWTN CA CLIMATE NORMALS FOR TOMORROW
                         NORMAL    RECORD    YEAR
 MAXIMUM TEMPERATURE (F)   67        91      1925
 MINIMUM TEMPERATURE (F)   53        48      1901


SUNRISE AND SUNSET
JUNE 22 2017..........SUNRISE   548 AM PDT   SUNSET   835 PM PDT
JUNE 23 2017..........SUNRISE   549 AM PDT   SUNSET   835 PM PDT


-  INDICATES NEGATIVE NUMBERS.
R  INDICATES RECORD WAS SET OR TIED.
MM INDICATES DATA IS MISSING.
T  INDICATES TRACE AMOUNT.




$$
