000
CDUS46 KMTR 260838
CLISFD


CLIMATE REPORT
NATIONAL WEATHER SERVICE SAN FRANCISCO BAY AREA
1238 AM PST FRI DEC 26 2014


...................................

...THE SAN FRANCISCO DWTN CA CLIMATE SUMMARY FOR DECEMBER 25 2014...

CLIMATE NORMAL PERIOD 1981 TO 2010
CLIMATE RECORD PERIOD 1850 TO 2014


WEATHER ITEM   OBSERVED TIME   RECORD YEAR NORMAL DEPARTURE LAST
                VALUE   (LST)  VALUE       VALUE  FROM      YEAR
                                                  NORMAL
..................................................................
TEMPERATURE (F)
 YESTERDAY
  MAXIMUM         57    343 PM  67    1967  56      1       65
  MINIMUM         47    843 AM  35    1990  45      2       48
  AVERAGE         52                        51      1       57

PRECIPITATION (IN)
  YESTERDAY        0.00          2.54 1852   0.16  -0.16     0.00
  MONTH TO DATE   11.70                      3.66   8.04     0.39
  SINCE JUL 1     15.09                      8.21   6.88     2.08
  SINCE JAN 1     25.55                     22.75   2.80     5.59

DEGREE DAYS
 HEATING
  YESTERDAY       13                        MM     MM        8
  MONTH TO DATE  178                        MM     MM      340
  SINCE DEC 1    178                        MM     MM      340
  SINCE JUL 1    547                        MM     MM     1053

 COOLING
  YESTERDAY        0                        MM     MM        0
  MONTH TO DATE    0                         0      0        0
  SINCE DEC 1      0                         0      0        0
  SINCE JAN 1    163                         0    163       71
..................................................................







THE SAN FRANCISCO DWTN CA CLIMATE NORMALS FOR TODAY
                         NORMAL    RECORD    YEAR
 MAXIMUM TEMPERATURE (F)   56        74      1967
 MINIMUM TEMPERATURE (F)   45        36      1924


SUNRISE AND SUNSET
DECEMBER 26 2014......SUNRISE   724 AM PST   SUNSET   457 PM PST
DECEMBER 27 2014......SUNRISE   724 AM PST   SUNSET   458 PM PST


-  INDICATES NEGATIVE NUMBERS.
R  INDICATES RECORD WAS SET OR TIED.
MM INDICATES DATA IS MISSING.
T  INDICATES TRACE AMOUNT.




$$
