000
CDUS46 KMTR 020828
CLISFD


CLIMATE REPORT
NATIONAL WEATHER SERVICE SAN FRANCISCO BAY AREA
128 AM PDT WED SEP 2 2015


...................................

...THE SAN FRANCISCO DWTN CA CLIMATE SUMMARY FOR SEPTEMBER 1 2015...

CLIMATE NORMAL PERIOD 1981 TO 2010
CLIMATE RECORD PERIOD 1850 TO 2015


WEATHER ITEM   OBSERVED TIME   RECORD YEAR NORMAL DEPARTURE LAST
                VALUE   (LST)  VALUE       VALUE  FROM      YEAR
                                                  NORMAL
..................................................................
TEMPERATURE (F)
 YESTERDAY
  MAXIMUM         70        MM  90    1952  70      0       74
  MINIMUM         61        MM  48    1910  55      6       59
  AVERAGE         66                        63      3       67

PRECIPITATION (IN)
  YESTERDAY        0.00          0.14 2000   0.00   0.00     0.00
  MONTH TO DATE    0.00                      0.00   0.00     0.00
  SINCE OCT 1     17.66                     23.44  -5.78    12.20
  SINCE JAN 1      3.21                     14.60 -11.39    10.55

DEGREE DAYS
 HEATING
  YESTERDAY        0                        MM     MM        0
  MONTH TO DATE    0                        MM     MM        0
  SINCE SEP 1      0                        MM     MM        0
  SINCE JUL 1     59                        MM     MM      130

 COOLING
  YESTERDAY        1                        MM     MM        2
  MONTH TO DATE    1                         0      1        2
  SINCE SEP 1      1                         0      1        2
  SINCE JAN 1     92                         0     92       69
..................................................................







THE SAN FRANCISCO DWTN CA CLIMATE NORMALS FOR TODAY
                         NORMAL    RECORD    YEAR
 MAXIMUM TEMPERATURE (F)   70        94      1991
 MINIMUM TEMPERATURE (F)   55        49      1910


SUNRISE AND SUNSET
SEPTEMBER  2 2015.....SUNRISE   640 AM PDT   SUNSET   738 PM PDT
SEPTEMBER  3 2015.....SUNRISE   641 AM PDT   SUNSET   736 PM PDT


-  INDICATES NEGATIVE NUMBERS.
R  INDICATES RECORD WAS SET OR TIED.
MM INDICATES DATA IS MISSING.
T  INDICATES TRACE AMOUNT.




$$
