000
CDUS46 KMTR 240826
CLISFD


CLIMATE REPORT
NATIONAL WEATHER SERVICE SAN FRANCISCO BAY AREA
126 AM PDT FRI MAR 24 2017


...................................

...THE SAN FRANCISCO DWTN CA CLIMATE SUMMARY FOR MARCH 23 2017...

CLIMATE NORMAL PERIOD 1981 TO 2010
CLIMATE RECORD PERIOD 1850 TO 2017


WEATHER ITEM   OBSERVED TIME   RECORD YEAR NORMAL DEPARTURE LAST
                VALUE   (LST)  VALUE       VALUE  FROM      YEAR
                                                  NORMAL
..................................................................
TEMPERATURE (F)
 YESTERDAY
  MAXIMUM         59    243 PM  82    1926  62     -3       64
  MINIMUM         49    643 AM  41    1913  49      0       50
  AVERAGE         54                        55     -1       57

PRECIPITATION (IN)
  YESTERDAY        0.00          1.90 1958   0.09  -0.09     0.00
  MONTH TO DATE    3.26                      2.60   0.66     6.83
  SINCE OCT 1     29.31                     20.40   8.91    21.45
  SINCE JAN 1     20.28                     11.56   8.72    14.84

DEGREE DAYS
 HEATING
  YESTERDAY       11                        MM     MM        8
  MONTH TO DATE  179                        MM     MM      176
  SINCE MAR 1    179                        MM     MM      176
  SINCE JUL 1   2026                        MM     MM     1501

 COOLING
  YESTERDAY        0                        MM     MM        0
  MONTH TO DATE    1                         0      1        0
  SINCE MAR 1      1                         0      1        0
  SINCE JAN 1      1                         0      1        3
..................................................................







THE SAN FRANCISCO DWTN CA CLIMATE NORMALS FOR TODAY
                         NORMAL    RECORD    YEAR
 MAXIMUM TEMPERATURE (F)   62        82      1926
 MINIMUM TEMPERATURE (F)   49        40      1913


SUNRISE AND SUNSET
MARCH 24 2017.........SUNRISE   707 AM PDT   SUNSET   726 PM PDT
MARCH 25 2017.........SUNRISE   705 AM PDT   SUNSET   727 PM PDT


-  INDICATES NEGATIVE NUMBERS.
R  INDICATES RECORD WAS SET OR TIED.
MM INDICATES DATA IS MISSING.
T  INDICATES TRACE AMOUNT.




$$
