000
CDUS46 KOTX 270824
CLISFF


CLIMATE REPORT
NATIONAL WEATHER SERVICE SPOKANE, WA
123 AM PDT TUE JUN 27 2017


...................................

...THE SPOKANE WA FELTS AIRPORT CLIMATE SUMMARY FOR JUNE 26 2017...

CLIMATE NORMAL PERIOD 1981 TO 2010
CLIMATE RECORD PERIOD 9999 TO 9999


WEATHER ITEM   OBSERVED TIME   RECORD YEAR NORMAL DEPARTURE LAST
                VALUE   (LST)  VALUE       VALUE  FROM      YEAR
                                                  NORMAL
..................................................................
TEMPERATURE (F)
 YESTERDAY
  MAXIMUM         91    437 PM  MM      MM  79     12       85
  MINIMUM         58    443 AM  MM      MM  52      6       49
  AVERAGE         75                        65     10       67

PRECIPITATION (IN)
  YESTERDAY        0.18         MM      MM   0.04   0.14     0.00
  MONTH TO DATE    0.91                      1.25  -0.34     0.80
  SINCE OCT 1     21.91                     15.30   6.61    14.97
  SINCE JAN 1     12.82                      9.10   3.72     9.43

SNOWFALL (IN)
  YESTERDAY       MM

DEGREE DAYS
 HEATING
  YESTERDAY        0                         2     -2        0
  MONTH TO DATE   70                       109    -39       85
  SINCE JUN 1     70                       109    -39       85
  SINCE JUL 1   6113                      6284   -171     5085

 COOLING
  YESTERDAY       10                         2      8        2
  MONTH TO DATE   55                        32     23       63
  SINCE JUN 1     55                        32     23       63
  SINCE JAN 1     83                        39     44       78
..................................................................


WIND (MPH)
  HIGHEST WIND SPEED    26   HIGHEST WIND DIRECTION     W (250)
  HIGHEST GUST SPEED    39   HIGHEST GUST DIRECTION     W (250)
  AVERAGE WIND SPEED     4.8


SKY COVER
  POSSIBLE SUNSHINE  MM
  AVERAGE SKY COVER 0.2


WEATHER CONDITIONS
 THE FOLLOWING WEATHER WAS RECORDED YESTERDAY.
  THUNDERSTORM
  RAIN
  LIGHT RAIN
  HAZE


RELATIVE HUMIDITY (PERCENT)
 HIGHEST    87          1100 PM
 LOWEST     23           400 PM
 AVERAGE    55

..........................................................


THE SPOKANE WA FELTS AIRPORT CLIMATE NORMALS FOR TODAY
                         NORMAL    RECORD    YEAR
 MAXIMUM TEMPERATURE (F)   79        MM        MM
 MINIMUM TEMPERATURE (F)   52        MM        MM


SUNRISE AND SUNSET
JUNE 27 2017..........SUNRISE   453 AM PDT   SUNSET   851 PM PDT
JUNE 28 2017..........SUNRISE   454 AM PDT   SUNSET   851 PM PDT


-  INDICATES NEGATIVE NUMBERS.
R  INDICATES RECORD WAS SET OR TIED.
MM INDICATES DATA IS MISSING.
T  INDICATES TRACE AMOUNT.




$$
