000
CDUS43 KSGF 280631
CLISGF


CLIMATE REPORT
NATIONAL WEATHER SERVICE SPRINGFIELD MO
131 AM CDT SAT MAR 28 2015


...................................

...THE SPRINGFIELD MO CLIMATE SUMMARY FOR MARCH 27 2015...

CLIMATE NORMAL PERIOD 1981 TO 2010
CLIMATE RECORD PERIOD 1888 TO 2015


WEATHER ITEM   OBSERVED TIME   RECORD YEAR NORMAL DEPARTURE LAST
                VALUE   (LST)  VALUE       VALUE  FROM      YEAR
                                                  NORMAL
..................................................................
TEMPERATURE (F)
 YESTERDAY
  MAXIMUM         48    154 PM  82    1910  61    -13       70
                                      1895
  MINIMUM         36    918 AM  12    1913  38     -2       44
  AVERAGE         42                        50     -8       57

PRECIPITATION (IN)
  YESTERDAY        0.08          3.00 1921   0.13  -0.05     0.11
  MONTH TO DATE    3.38                      3.09   0.29     2.32
  SINCE MAR 1      3.38                      3.09   0.29     2.32
  SINCE JAN 1      5.98                      8.08  -2.10     4.11

SNOWFALL (IN)
  YESTERDAY        T
  MONTH TO DATE    1.2
  SINCE MAR 1      1.2
  SINCE JUL 1     15.8
  SNOW DEPTH       0

DEGREE DAYS
 HEATING
  YESTERDAY       23                        15      8        8
  MONTH TO DATE  491                       521    -30      619
  SINCE MAR 1    491                       521    -30      619
  SINCE JUL 1   4198                      4114     84     4574

 COOLING
  YESTERDAY        0                         0      0        0
  MONTH TO DATE    0                         0      0        0
  SINCE MAR 1      0                         0      0        0
  SINCE JAN 1      0                         0      0        0
..................................................................


WIND (MPH)
  HIGHEST WIND SPEED    23   HIGHEST WIND DIRECTION    NW (330)
  HIGHEST GUST SPEED    27   HIGHEST GUST DIRECTION     N (340)
  AVERAGE WIND SPEED     9.7


SKY COVER
  AVERAGE SKY COVER 0.8


WEATHER CONDITIONS
 THE FOLLOWING WEATHER WAS RECORDED YESTERDAY.
  LIGHT RAIN
  LIGHT SNOW
  FOG


RELATIVE HUMIDITY (PERCENT)
 HIGHEST    92           600 AM
 LOWEST     34           400 PM
 AVERAGE    63

..........................................................


THE SPRINGFIELD MO CLIMATE NORMALS FOR TODAY
                         NORMAL    RECORD    YEAR
 MAXIMUM TEMPERATURE (F)   61        86      1963
                                             1895
 MINIMUM TEMPERATURE (F)   39        19      1899


SUNRISE AND SUNSET
MARCH 28 2015.........SUNRISE   705 AM CDT   SUNSET   732 PM CDT
MARCH 29 2015.........SUNRISE   704 AM CDT   SUNSET   733 PM CDT


-  INDICATES NEGATIVE NUMBERS.
R  INDICATES RECORD WAS SET OR TIED.
MM INDICATES DATA IS MISSING.
T  INDICATES TRACE AMOUNT.




$$
