000
CDUS43 KSGF 270634
CLISGF


CLIMATE REPORT
NATIONAL WEATHER SERVICE SPRINGFIELD MO
133 AM CDT THU AUG 27 2015


...................................

...THE SPRINGFIELD MO CLIMATE SUMMARY FOR AUGUST 26 2015...

CLIMATE NORMAL PERIOD 1981 TO 2010
CLIMATE RECORD PERIOD 1888 TO 2015


WEATHER ITEM   OBSERVED TIME   RECORD YEAR NORMAL DEPARTURE LAST
                VALUE   (LST)  VALUE       VALUE  FROM      YEAR
                                                  NORMAL
..................................................................
TEMPERATURE (F)
 YESTERDAY
  MAXIMUM         83        MM 100    1938  88     -5       99
  MINIMUM         59        MM  46    1962  65     -6       73
  AVERAGE         71                        77     -6       86

PRECIPITATION (IN)
  YESTERDAY        0.00          2.04 1941   0.14  -0.14     0.01
  MONTH TO DATE    6.13                      2.89   3.24     1.18
  SINCE JUN 1     20.12                     11.42   8.70     9.71
  SINCE JAN 1     35.52                     29.45   6.07    21.19

SNOWFALL (IN)
  YESTERDAY        0.0
  MONTH TO DATE    0.0
  SINCE JUN 1      0.0
  SINCE JUL 1      0.0
  SNOW DEPTH       0

DEGREE DAYS
 HEATING
  YESTERDAY        0                         0      0        0
  MONTH TO DATE    3                         0      3        0
  SINCE JUN 1      4                         9     -5        0
  SINCE JUL 1      3                         0      3        0

 COOLING
  YESTERDAY        6                        12     -6       21
  MONTH TO DATE  264                       346    -82      382
  SINCE JUN 1   1077                      1019     58      968
  SINCE JAN 1   1219                      1134     85     1161
..................................................................


WIND (MPH)
  HIGHEST WIND SPEED    12   HIGHEST WIND DIRECTION     N (3)
  HIGHEST GUST SPEED    16   HIGHEST GUST DIRECTION     N (350)
  AVERAGE WIND SPEED     2.7


SKY COVER
  AVERAGE SKY COVER 0.1


WEATHER CONDITIONS
 THE FOLLOWING WEATHER WAS RECORDED YESTERDAY.
  NO SIGNIFICANT WEATHER WAS OBSERVED.


RELATIVE HUMIDITY (PERCENT)
 HIGHEST    90           300 AM
 LOWEST     43           300 PM
 AVERAGE    67

..........................................................


THE SPRINGFIELD MO CLIMATE NORMALS FOR TODAY
                         NORMAL    RECORD    YEAR
 MAXIMUM TEMPERATURE (F)   88       101      1954
 MINIMUM TEMPERATURE (F)   65        47      1967


SUNRISE AND SUNSET
AUGUST 27 2015........SUNRISE   640 AM CDT   SUNSET   750 PM CDT
AUGUST 28 2015........SUNRISE   641 AM CDT   SUNSET   748 PM CDT


-  INDICATES NEGATIVE NUMBERS.
R  INDICATES RECORD WAS SET OR TIED.
MM INDICATES DATA IS MISSING.
T  INDICATES TRACE AMOUNT.




$$
