000
CDUS43 KSGF 210634
CLISGF


CLIMATE REPORT
NATIONAL WEATHER SERVICE SPRINGFIELD MO
134 AM CDT MON AUG 21 2017


...................................

...THE SPRINGFIELD MO CLIMATE SUMMARY FOR AUGUST 20 2017...

CLIMATE NORMAL PERIOD 1981 TO 2010
CLIMATE RECORD PERIOD 1888 TO 2017


WEATHER ITEM   OBSERVED TIME   RECORD YEAR NORMAL DEPARTURE LAST
                VALUE   (LST)  VALUE       VALUE  FROM      YEAR
                                                  NORMAL
..................................................................
TEMPERATURE (F)
 YESTERDAY
  MAXIMUM         91    316 PM 101    1962  89      2       81
  MINIMUM         69    811 PM  47    1967  67      2       61
  AVERAGE         80                        78      2       71

PRECIPITATION (IN)
  YESTERDAY        1.01          2.93 2007   0.12   0.89     0.02
  MONTH TO DATE    6.68                      2.15   4.53     1.44
  SINCE JUN 1     13.45                     10.68   2.77    13.19
  SINCE JAN 1     42.15                     28.71  13.44    24.44

SNOWFALL (IN)
  YESTERDAY       MM
  MONTH TO DATE    0.0
  SINCE JUN 1      0.0
  SINCE JUL 1      0.0
  SNOW DEPTH      MM

DEGREE DAYS
 HEATING
  YESTERDAY        0                         0      0        0
  MONTH TO DATE    0                         0      0        0
  SINCE JUN 1      0                         9     -9        0
  SINCE JUL 1      0                         0      0        0

 COOLING
  YESTERDAY       15                        13      2        6
  MONTH TO DATE  190                       273    -83      295
  SINCE JUN 1    925                       946    -21     1167
  SINCE JAN 1   1073                      1061     12     1287
..................................................................


WIND (MPH)
  HIGHEST WIND SPEED    35   HIGHEST WIND DIRECTION    NW (330)
  HIGHEST GUST SPEED    47   HIGHEST GUST DIRECTION     N (340)
  AVERAGE WIND SPEED     9.2


SKY COVER
  AVERAGE SKY COVER 0.3


WEATHER CONDITIONS
 THE FOLLOWING WEATHER WAS RECORDED YESTERDAY.
  THUNDERSTORM
  HEAVY RAIN
  RAIN
  LIGHT RAIN
  FOG


RELATIVE HUMIDITY (PERCENT)
 HIGHEST   100           200 AM
 LOWEST     60           300 PM
 AVERAGE    80

..........................................................


THE SPRINGFIELD MO CLIMATE NORMALS FOR TODAY
                         NORMAL    RECORD    YEAR
 MAXIMUM TEMPERATURE (F)   89       100      2003
                                             1972
 MINIMUM TEMPERATURE (F)   66        46      1950


SUNRISE AND SUNSET
AUGUST 21 2017........SUNRISE   635 AM CDT   SUNSET   757 PM CDT
AUGUST 22 2017........SUNRISE   636 AM CDT   SUNSET   756 PM CDT


-  INDICATES NEGATIVE NUMBERS.
R  INDICATES RECORD WAS SET OR TIED.
MM INDICATES DATA IS MISSING.
T  INDICATES TRACE AMOUNT.




$$
