000
CDUS43 KSGF 280632
CLISGF


CLIMATE REPORT
NATIONAL WEATHER SERVICE SPRINGFIELD MO
132 AM CDT SUN AUG 28 2016


...................................

...THE SPRINGFIELD MO CLIMATE SUMMARY FOR AUGUST 27 2016...

CLIMATE NORMAL PERIOD 1981 TO 2010
CLIMATE RECORD PERIOD 1888 TO 2016


WEATHER ITEM   OBSERVED TIME   RECORD YEAR NORMAL DEPARTURE LAST
                VALUE   (LST)  VALUE       VALUE  FROM      YEAR
                                                  NORMAL
..................................................................
TEMPERATURE (F)
 YESTERDAY
  MAXIMUM         90    435 PM 101    1954  88      2       81
  MINIMUM         70    506 AM  47    1967  65      5       61
  AVERAGE         80                        76      4       71

PRECIPITATION (IN)
  YESTERDAY        0.00          2.74 1950   0.13  -0.13     0.00
  MONTH TO DATE    2.12                      3.02  -0.90     6.13
  SINCE JUN 1     13.87                     11.55   2.32    20.12
  SINCE JAN 1     25.12                     29.58  -4.46    35.52

SNOWFALL (IN)
  YESTERDAY        0.0
  MONTH TO DATE    0.0
  SINCE JUN 1      0.0
  SINCE JUL 1      0.0
  SNOW DEPTH       0

DEGREE DAYS
 HEATING
  YESTERDAY        0                         0      0        0
  MONTH TO DATE    0                         0      0        3
  SINCE JUN 1      0                         9     -9        4
  SINCE JUL 1      0                         0      0        3

 COOLING
  YESTERDAY       15                        11      4        6
  MONTH TO DATE  378                       357     21      270
  SINCE JUN 1   1250                      1030    220     1083
  SINCE JAN 1   1370                      1145    225     1225
..................................................................


WIND (MPH)
  HIGHEST WIND SPEED    14   HIGHEST WIND DIRECTION     E (110)
  HIGHEST GUST SPEED    17   HIGHEST GUST DIRECTION    SE (120)
  AVERAGE WIND SPEED     6.4


SKY COVER
  AVERAGE SKY COVER 0.2


WEATHER CONDITIONS
 THE FOLLOWING WEATHER WAS RECORDED YESTERDAY.
  THUNDERSTORM


RELATIVE HUMIDITY (PERCENT)
 HIGHEST    93           400 AM
 LOWEST     50           400 PM
 AVERAGE    72

..........................................................


THE SPRINGFIELD MO CLIMATE NORMALS FOR TODAY
                         NORMAL    RECORD    YEAR
 MAXIMUM TEMPERATURE (F)   87       102      1984
 MINIMUM TEMPERATURE (F)   65        47      1967


SUNRISE AND SUNSET
AUGUST 28 2016........SUNRISE   641 AM CDT   SUNSET   747 PM CDT
AUGUST 29 2016........SUNRISE   642 AM CDT   SUNSET   746 PM CDT


-  INDICATES NEGATIVE NUMBERS.
R  INDICATES RECORD WAS SET OR TIED.
MM INDICATES DATA IS MISSING.
T  INDICATES TRACE AMOUNT.




$$
