000
CDUS43 KSGF 190625
CLISGF


CLIMATE REPORT
NATIONAL WEATHER SERVICE SPRINGFIELD MO
125 AM CDT FRI SEP 19 2014


...................................

...THE SPRINGFIELD MO CLIMATE SUMMARY FOR SEPTEMBER 18 2014...

CLIMATE NORMAL PERIOD 1981 TO 2010
CLIMATE RECORD PERIOD 1888 TO 2014


WEATHER ITEM   OBSERVED TIME   RECORD YEAR NORMAL DEPARTURE LAST
                VALUE   (LST)  VALUE       VALUE  FROM      YEAR
                                                  NORMAL
..................................................................
TEMPERATURE (F)
 YESTERDAY
  MAXIMUM         74    316 PM  94    1960  79     -5       82
  MINIMUM         62   1159 PM  37    1981  57      5       70
                                      1973
  AVERAGE         68                        68      0       76

PRECIPITATION (IN)
  YESTERDAY        0.04          2.16 1949   0.15  -0.11     0.38
  MONTH TO DATE    4.99                      2.79   2.20     0.89
  SINCE SEP 1      4.99                      2.79   2.20     0.89
  SINCE JAN 1     26.96                     32.90  -5.94    39.04

SNOWFALL (IN)
  YESTERDAY        0.0
  MONTH TO DATE    0.0
  SINCE SEP 1      0.0
  SINCE JUL 1      0.0
  SNOW DEPTH       0

DEGREE DAYS
 HEATING
  YESTERDAY        0                         2     -2        0
  MONTH TO DATE   25                        13     12        0
  SINCE SEP 1     25                        13     12        0
  SINCE JUL 1     25                        15     10        0

 COOLING
  YESTERDAY        3                         5     -2       11
  MONTH TO DATE  127                       131     -4      191
  SINCE SEP 1    127                       131     -4      191
  SINCE JAN 1   1373                      1317     56     1334
..................................................................


WIND (MPH)
  HIGHEST WIND SPEED    17   HIGHEST WIND DIRECTION     S (180)
  HIGHEST GUST SPEED    20   HIGHEST GUST DIRECTION    SE (140)
  AVERAGE WIND SPEED     7.7


SKY COVER
  AVERAGE SKY COVER 0.6


WEATHER CONDITIONS
 THE FOLLOWING WEATHER WAS RECORDED YESTERDAY.
  THUNDERSTORM
  LIGHT RAIN
  FOG


RELATIVE HUMIDITY (PERCENT)
 HIGHEST    93          1200 AM
 LOWEST     68           100 PM
 AVERAGE    81

..........................................................


THE SPRINGFIELD MO CLIMATE NORMALS FOR TODAY
                         NORMAL    RECORD    YEAR
 MAXIMUM TEMPERATURE (F)   79        96      1954
 MINIMUM TEMPERATURE (F)   56        37      1991


SUNRISE AND SUNSET
SEPTEMBER 19 2014.....SUNRISE   659 AM CDT   SUNSET   715 PM CDT
SEPTEMBER 20 2014.....SUNRISE   700 AM CDT   SUNSET   713 PM CDT


-  INDICATES NEGATIVE NUMBERS.
R  INDICATES RECORD WAS SET OR TIED.
MM INDICATES DATA IS MISSING.
T  INDICATES TRACE AMOUNT.




$$
