000
CDUS45 KBYZ 031036
CLISHR


CLIMATE REPORT
NATIONAL WEATHER SERVICE BILLINGS MT
333 AM MST TUE MAR 3 2015


...................................

...THE SHERIDAN WY CLIMATE SUMMARY FOR MARCH 2 2015...

CLIMATE NORMAL PERIOD 1981 TO 2010
CLIMATE RECORD PERIOD 1907 TO 2015


WEATHER ITEM   OBSERVED TIME   RECORD YEAR NORMAL DEPARTURE LAST
                VALUE   (LST)  VALUE       VALUE  FROM      YEAR
                                                  NORMAL
..................................................................
TEMPERATURE (F)
 YESTERDAY
  MAXIMUM         43    330 PM  68    2009  44     -1        1
                                      1992
  MINIMUM          3    443 AM -17    1943  18    -15      -14
  AVERAGE         23                        31     -8       -6

PRECIPITATION (IN)
  YESTERDAY        0.10          0.33        0.02   0.08     0.00
  MONTH TO DATE    0.10                      0.04   0.06     0.13
  SINCE OCT 1      4.22                      3.82   0.40     5.74
  SINCE JAN 1      1.83                      1.14   0.69     1.98

DEGREE DAYS
 HEATING
  YESTERDAY       42                        34      8       71
  MONTH TO DATE   93                        69     24      139
  SINCE MAR 1     93                        69     24      139
  SINCE JUL 1   5323                      5604   -281     5889

 COOLING
  YESTERDAY        0                         0      0        0
  MONTH TO DATE    0                         0      0        0
  SINCE MAR 1      0                         0      0        0
  SINCE JAN 1      0                         0      0        0
..................................................................


WIND (MPH)
  HIGHEST WIND SPEED    35   HIGHEST WIND DIRECTION    NW (310)
  HIGHEST GUST SPEED    41   HIGHEST GUST DIRECTION    NW (310)
  AVERAGE WIND SPEED     8.6


SKY COVER
  POSSIBLE SUNSHINE  MM
  AVERAGE SKY COVER 0.2


WEATHER CONDITIONS
 THE FOLLOWING WEATHER WAS RECORDED YESTERDAY.
  SNOW
  LIGHT SNOW
  FOG


RELATIVE HUMIDITY (PERCENT)
 HIGHEST    88          1000 PM
 LOWEST     27           400 PM
 AVERAGE    58

..........................................................


THE SHERIDAN WY CLIMATE NORMALS FOR TODAY
                         NORMAL    RECORD    YEAR
 MAXIMUM TEMPERATURE (F)   44        69      1992
 MINIMUM TEMPERATURE (F)   18       -20      1978


SUNRISE AND SUNSET
MARCH  3 2015.........SUNRISE   642 AM MST   SUNSET   558 PM MST
MARCH  4 2015.........SUNRISE   641 AM MST   SUNSET   559 PM MST


-  INDICATES NEGATIVE NUMBERS.
R  INDICATES RECORD WAS SET OR TIED.
MM INDICATES DATA IS MISSING.
T  INDICATES TRACE AMOUNT.




$$
