000
CDUS45 KBYZ 212338
CLISHR


CLIMATE REPORT
NATIONAL WEATHER SERVICE BILLINGS MT
432 PM MST SAT JAN 21 2017


...................................

...THE SHERIDAN WY CLIMATE SUMMARY FOR JANUARY 21 2017...
VALID TODAY AS OF 0400 PM LOCAL TIME.

CLIMATE NORMAL PERIOD 1981 TO 2010
CLIMATE RECORD PERIOD 1907 TO 2017


WEATHER ITEM   OBSERVED TIME   RECORD YEAR NORMAL DEPARTURE LAST
                VALUE   (LST)  VALUE       VALUE  FROM      YEAR
                                                  NORMAL
..................................................................
TEMPERATURE (F)
 TODAY
  MAXIMUM         34    316 PM  62    1981  37     -3       43
  MINIMUM         11    736 AM -31    1927  12     -1       21
  AVERAGE         23                        24     -1       32

PRECIPITATION (IN)
  TODAY            0.00          0.47 1915   0.02  -0.02     0.00
  MONTH TO DATE    0.35                      0.36  -0.01     0.37
  SINCE OCT 1      4.08                      3.04   1.04     2.52
  SINCE JAN 1      0.35                      0.36  -0.01     0.37

DEGREE DAYS
 HEATING
  TODAY           42                        41      1       33
  MONTH TO DATE 1123                       870    253      860
  SINCE DEC 1   2651                      2175    476     2073
  SINCE JUL 1   4128                      4053     75     3625

 COOLING
  TODAY            0                         0      0        0
  MONTH TO DATE    0                         0      0        0
  SINCE DEC 1      0                         0      0        0
  SINCE JAN 1      0                         0      0        0
..................................................................


WIND (MPH)
  HIGHEST WIND SPEED    12   HIGHEST WIND DIRECTION    SW (210)
  HIGHEST GUST SPEED    12   HIGHEST GUST DIRECTION    SW (210)
  AVERAGE WIND SPEED     4.6


SKY COVER
  POSSIBLE SUNSHINE  MM
  AVERAGE SKY COVER 0.0


WEATHER CONDITIONS
 THE FOLLOWING WEATHER WAS RECORDED TODAY.
  NO SIGNIFICANT WEATHER WAS OBSERVED.


RELATIVE HUMIDITY (PERCENT)
 HIGHEST    92           700 AM
 LOWEST     63          1100 AM
 AVERAGE    78

..........................................................


THE SHERIDAN WY CLIMATE NORMALS FOR TOMORROW
                         NORMAL    RECORD    YEAR
 MAXIMUM TEMPERATURE (F)   37        68      1981
 MINIMUM TEMPERATURE (F)   12       -28      1927


SUNRISE AND SUNSET
JANUARY 21 2017.......SUNRISE   737 AM MST   SUNSET   502 PM MST
JANUARY 22 2017.......SUNRISE   737 AM MST   SUNSET   503 PM MST


-  INDICATES NEGATIVE NUMBERS.
R  INDICATES RECORD WAS SET OR TIED.
MM INDICATES DATA IS MISSING.
T  INDICATES TRACE AMOUNT.




$$
