792
CDUS45 KBYZ 162223
CLISHR


CLIMATE REPORT
NATIONAL WEATHER SERVICE BILLINGS MT
423 PM MDT MON OCT 16 2017


...................................

...THE SHERIDAN WY CLIMATE SUMMARY FOR OCTOBER 16 2017...
VALID TODAY AS OF 0400 PM LOCAL TIME.

CLIMATE NORMAL PERIOD 1981 TO 2010
CLIMATE RECORD PERIOD 1907 TO 2017


WEATHER ITEM   OBSERVED TIME   RECORD YEAR NORMAL DEPARTURE LAST
                VALUE   (LST)  VALUE       VALUE  FROM      YEAR
                                                  NORMAL
..................................................................
TEMPERATURE (F)
 TODAY
  MAXIMUM         76    138 PM  87    1991  60     16       66
  MINIMUM         28    402 AM  14    1992  31     -3       41
  AVERAGE         52                        46      6       54

PRECIPITATION (IN)
  TODAY            0.00          0.49 1979   0.05  -0.05     0.00
  MONTH TO DATE    0.14                      0.86  -0.72     0.69
  SINCE OCT 1      0.14                      0.86  -0.72     0.69
  SINCE JAN 1     15.92                     12.34   3.58    13.91

DEGREE DAYS
 HEATING
  TODAY           13                        20     -7       11
  MONTH TO DATE  329                       269     60      254
  SINCE SEP 1    605                       510     95      437
  SINCE JUL 1    629                       572     57      480

 COOLING
  TODAY            0                         0      0        0
  MONTH TO DATE    0                         0      0        0
  SINCE SEP 1     52                        28     24       30
  SINCE JAN 1    481                       418     63      549
..................................................................


WIND (MPH)
  HIGHEST WIND SPEED    18   HIGHEST WIND DIRECTION     N (350)
  HIGHEST GUST SPEED    24   HIGHEST GUST DIRECTION     N (340)
  AVERAGE WIND SPEED     4.7


SKY COVER
  POSSIBLE SUNSHINE  MM
  AVERAGE SKY COVER 0.0


WEATHER CONDITIONS
 THE FOLLOWING WEATHER WAS RECORDED TODAY.
  NO SIGNIFICANT WEATHER WAS OBSERVED.


RELATIVE HUMIDITY (PERCENT)
 HIGHEST    85           200 AM
 LOWEST     14           100 PM
 AVERAGE    50

..........................................................


THE SHERIDAN WY CLIMATE NORMALS FOR TOMORROW
                         NORMAL    RECORD    YEAR
 MAXIMUM TEMPERATURE (F)   60        88      2003
 MINIMUM TEMPERATURE (F)   31        12      1930


SUNRISE AND SUNSET
OCTOBER 16 2017.......SUNRISE   725 AM MDT   SUNSET   621 PM MDT
OCTOBER 17 2017.......SUNRISE   726 AM MDT   SUNSET   619 PM MDT


-  INDICATES NEGATIVE NUMBERS.
R  INDICATES RECORD WAS SET OR TIED.
MM INDICATES DATA IS MISSING.
T  INDICATES TRACE AMOUNT.




$$
