000
CDUS45 KBYZ 240934
CLISHR


CLIMATE REPORT
NATIONAL WEATHER SERVICE BILLINGS MT
332 AM MDT THU APR 24 2014


...................................

...THE SHERIDAN WY CLIMATE SUMMARY FOR APRIL 23 2014...

CLIMATE NORMAL PERIOD 1981 TO 2010
CLIMATE RECORD PERIOD 1907 TO 2014


WEATHER ITEM   OBSERVED TIME   RECORD YEAR NORMAL DEPARTURE LAST
                VALUE   (LST)  VALUE       VALUE  FROM      YEAR
                                                  NORMAL
..................................................................
TEMPERATURE (F)
 YESTERDAY
  MAXIMUM         65   1255 AM  85    2012  60      5       36
  MINIMUM         34   1158 PM  -2    2013  32      2       -2
  AVERAGE         50                        46      4       17

PRECIPITATION (IN)
  YESTERDAY        0.03          1.97 1929   0.06  -0.03     0.00
  MONTH TO DATE    1.24                      1.10   0.14     1.93
  SINCE OCT 1      8.54                      5.86   2.68     6.49
  SINCE JAN 1      4.78                      3.18   1.60     3.95

SNOWFALL (IN)
  YESTERDAY       MM             5.4  1958   0.3   MM       MM
  MONTH TO DATE   MM                         7.8   MM       MM
  SINCE MAR 1     MM                        19.2   MM       MM
  SINCE JUL 1     MM                        68.3   MM       MM
  SNOW DEPTH      MM

DEGREE DAYS
 HEATING
  YESTERDAY       15                        19     -4       48
  MONTH TO DATE  493                       514    -21      693
  SINCE MAR 1   1482                      1438     44     1649
  SINCE JUL 1   7232                      6973    259     6972

 COOLING
  YESTERDAY        0                         0      0        0
  MONTH TO DATE    0                         0      0        0
  SINCE MAR 1      0                         0      0        0
  SINCE JAN 1      0                         0      0        0
..................................................................


WIND (MPH)
  HIGHEST WIND SPEED    37   HIGHEST WIND DIRECTION    NW (330)
  HIGHEST GUST SPEED    43   HIGHEST GUST DIRECTION    NW (320)
  AVERAGE WIND SPEED    15.7


SKY COVER
  POSSIBLE SUNSHINE  MM
  AVERAGE SKY COVER 0.5


WEATHER CONDITIONS
 THE FOLLOWING WEATHER WAS RECORDED YESTERDAY.
  LIGHT RAIN


RELATIVE HUMIDITY (PERCENT)
 HIGHEST    71           600 AM
 LOWEST     28           600 PM
 AVERAGE    50

..........................................................


THE SHERIDAN WY CLIMATE NORMALS FOR TODAY
                         NORMAL    RECORD    YEAR
 MAXIMUM TEMPERATURE (F)   60        84      2012
                                             1962
 MINIMUM TEMPERATURE (F)   32        13      1958


SUNRISE AND SUNSET
APRIL 24 2014.........SUNRISE   608 AM MDT   SUNSET   804 PM MDT
APRIL 25 2014.........SUNRISE   607 AM MDT   SUNSET   806 PM MDT


-  INDICATES NEGATIVE NUMBERS.
R  INDICATES RECORD WAS SET OR TIED.
MM INDICATES DATA IS MISSING.
T  INDICATES TRACE AMOUNT.




$$
