000
CDUS45 KBYZ 310935
CLISHR


CLIMATE REPORT
NATIONAL WEATHER SERVICE BILLINGS MT
333 AM MDT FRI JUL 31 2015


...................................

...THE SHERIDAN WY CLIMATE SUMMARY FOR JULY 30 2015...

CLIMATE NORMAL PERIOD 1981 TO 2010
CLIMATE RECORD PERIOD 1907 TO 2015


WEATHER ITEM   OBSERVED TIME   RECORD YEAR NORMAL DEPARTURE LAST
                VALUE   (LST)  VALUE       VALUE  FROM      YEAR
                                                  NORMAL
..................................................................
TEMPERATURE (F)
 YESTERDAY
  MAXIMUM         90    454 PM 103    1988  89      1       88
  MINIMUM         47    503 AM  36    1971  54     -7       48
  AVERAGE         69                        72     -3       68

PRECIPITATION (IN)
  YESTERDAY        0.00          0.44 1911   0.04  -0.04     0.00
  MONTH TO DATE    0.84                      1.15  -0.31     1.01
  SINCE OCT 1     15.26                     11.98   3.28    13.78
  SINCE JAN 1     12.87                      9.30   3.57    10.02

DEGREE DAYS
 HEATING
  YESTERDAY        0                         0      0        0
  MONTH TO DATE   20                        24     -4        9
  SINCE JUN 1     64                       173   -109      191
  SINCE JUL 1     20                        24     -4        9

 COOLING
  YESTERDAY        4                         7     -3        3
  MONTH TO DATE  140                       177    -37      170
  SINCE JUN 1    219                       223     -4      178
  SINCE JAN 1    219                       227     -8      186
..................................................................


WIND (MPH)
  HIGHEST WIND SPEED    10   HIGHEST WIND DIRECTION     N (350)
  HIGHEST GUST SPEED    13   HIGHEST GUST DIRECTION     N (340)
  AVERAGE WIND SPEED     3.4


SKY COVER
  POSSIBLE SUNSHINE  MM
  AVERAGE SKY COVER 0.0


WEATHER CONDITIONS
 THE FOLLOWING WEATHER WAS RECORDED YESTERDAY.
  NO SIGNIFICANT WEATHER WAS OBSERVED.


RELATIVE HUMIDITY (PERCENT)
 HIGHEST    77           200 AM
 LOWEST     15           200 PM
 AVERAGE    46

..........................................................


THE SHERIDAN WY CLIMATE NORMALS FOR TODAY
                         NORMAL    RECORD    YEAR
 MAXIMUM TEMPERATURE (F)   89       100      1989
                                             1983
                                             1926
 MINIMUM TEMPERATURE (F)   54        37      1968


SUNRISE AND SUNSET
JULY 31 2015..........SUNRISE   553 AM MDT   SUNSET   835 PM MDT
AUGUST  1 2015........SUNRISE   554 AM MDT   SUNSET   834 PM MDT


-  INDICATES NEGATIVE NUMBERS.
R  INDICATES RECORD WAS SET OR TIED.
MM INDICATES DATA IS MISSING.
T  INDICATES TRACE AMOUNT.




$$
