000
CDUS45 KBYZ 160933
CLISHR


CLIMATE REPORT
NATIONAL WEATHER SERVICE BILLINGS MT
331 AM MDT TUE SEP 16 2014


...................................

...THE SHERIDAN WY CLIMATE SUMMARY FOR SEPTEMBER 15 2014...

CLIMATE NORMAL PERIOD 1981 TO 2010
CLIMATE RECORD PERIOD 1907 TO 2014


WEATHER ITEM   OBSERVED TIME   RECORD YEAR NORMAL DEPARTURE LAST
                VALUE   (LST)  VALUE       VALUE  FROM      YEAR
                                                  NORMAL
..................................................................
TEMPERATURE (F)
 YESTERDAY
  MAXIMUM         76    403 PM  97    1948  75      1       72
  MINIMUM         34    504 AM  25    1916  42     -8       58
  AVERAGE         55                        58     -3       65

PRECIPITATION (IN)
  YESTERDAY        0.00          0.90 1913   0.04  -0.04     0.13
  MONTH TO DATE    1.52                      0.62   0.90     2.54
  SINCE OCT 1     16.35                     13.35   3.00    15.07
  SINCE JAN 1     12.59                     10.67   1.92    12.53

SNOWFALL (IN)
  YESTERDAY       MM             1.8  1965   0.1   MM       MM
  MONTH TO DATE   MM                         0.8   MM       MM
  SINCE SEP 1     MM                         0.8   MM       MM
  SINCE JUL 1     MM                         0.8   MM       MM
  SNOW DEPTH      MM

DEGREE DAYS
 HEATING
  YESTERDAY       10                         8      2        0
  MONTH TO DATE  182                        79    103        5
  SINCE SEP 1    182                        79    103        5
  SINCE JUL 1    232                       141     91        6

 COOLING
  YESTERDAY        0                         1     -1        0
  MONTH TO DATE    7                        23    -16       76
  SINCE SEP 1      7                        23    -16       76
  SINCE JAN 1    325                       413    -88      586
..................................................................


WIND (MPH)
  HIGHEST WIND SPEED    10   HIGHEST WIND DIRECTION    SE (130)
  HIGHEST GUST SPEED    13   HIGHEST GUST DIRECTION    SE (140)
  AVERAGE WIND SPEED     2.6


SKY COVER
  POSSIBLE SUNSHINE  MM
  AVERAGE SKY COVER 0.0


WEATHER CONDITIONS
 THE FOLLOWING WEATHER WAS RECORDED YESTERDAY.
  NO SIGNIFICANT WEATHER WAS OBSERVED.


RELATIVE HUMIDITY (PERCENT)
 HIGHEST    92           200 AM
 LOWEST     35           400 PM
 AVERAGE    64

..........................................................


THE SHERIDAN WY CLIMATE NORMALS FOR TODAY
                         NORMAL    RECORD    YEAR
 MAXIMUM TEMPERATURE (F)   74        94      2000
 MINIMUM TEMPERATURE (F)   41        23      1965


SUNRISE AND SUNSET
SEPTEMBER 16 2014.....SUNRISE   648 AM MDT   SUNSET   717 PM MDT
SEPTEMBER 17 2014.....SUNRISE   649 AM MDT   SUNSET   715 PM MDT


-  INDICATES NEGATIVE NUMBERS.
R  INDICATES RECORD WAS SET OR TIED.
MM INDICATES DATA IS MISSING.
T  INDICATES TRACE AMOUNT.




$$
