000
CDUS45 KBYZ 271035
CLISHR


CLIMATE REPORT
NATIONAL WEATHER SERVICE BILLINGS MT
334 AM MST SAT DEC 27 2014


...................................

...THE SHERIDAN WY CLIMATE SUMMARY FOR DECEMBER 26 2014...

CLIMATE NORMAL PERIOD 1981 TO 2010
CLIMATE RECORD PERIOD 1907 TO 2014


WEATHER ITEM   OBSERVED TIME   RECORD YEAR NORMAL DEPARTURE LAST
                VALUE   (LST)  VALUE       VALUE  FROM      YEAR
                                                  NORMAL
..................................................................
TEMPERATURE (F)
 YESTERDAY
  MAXIMUM         21    810 PM  67    1980  35    -14       46
  MINIMUM          4    813 AM -29    1996  10     -6       25
  AVERAGE         13                        22     -9       36

PRECIPITATION (IN)
  YESTERDAY        0.00          0.40        0.02  -0.02     0.00
  MONTH TO DATE    0.67                      0.48   0.19     0.90
  SINCE OCT 1      2.32                      2.60  -0.28     3.54
  SINCE JAN 1     15.02                     14.08   0.94    17.79

DEGREE DAYS
 HEATING
  YESTERDAY       52                        43      9       29
  MONTH TO DATE  930                      1095   -165     1243
  SINCE DEC 1    930                      1095   -165     1243
  SINCE JUL 1   2756                      2973   -217     3048

 COOLING
  YESTERDAY        0                         0      0        0
  MONTH TO DATE    0                         0      0        0
  SINCE DEC 1      0                         0      0        0
  SINCE JAN 1    346                       419    -73      592
..................................................................


WIND (MPH)
  HIGHEST WIND SPEED    16   HIGHEST WIND DIRECTION    NW (300)
  HIGHEST GUST SPEED    18   HIGHEST GUST DIRECTION     W (290)
  AVERAGE WIND SPEED     2.6


SKY COVER
  POSSIBLE SUNSHINE  MM
  AVERAGE SKY COVER 0.5


WEATHER CONDITIONS
 THE FOLLOWING WEATHER WAS RECORDED YESTERDAY.
  NO SIGNIFICANT WEATHER WAS OBSERVED.


RELATIVE HUMIDITY (PERCENT)
 HIGHEST    88           700 AM
 LOWEST     67           200 PM
 AVERAGE    78

..........................................................


THE SHERIDAN WY CLIMATE NORMALS FOR TODAY
                         NORMAL    RECORD    YEAR
 MAXIMUM TEMPERATURE (F)   35        66      1980
 MINIMUM TEMPERATURE (F)   10       -16      1916


SUNRISE AND SUNSET
DECEMBER 27 2014......SUNRISE   744 AM MST   SUNSET   434 PM MST
DECEMBER 28 2014......SUNRISE   745 AM MST   SUNSET   434 PM MST


-  INDICATES NEGATIVE NUMBERS.
R  INDICATES RECORD WAS SET OR TIED.
MM INDICATES DATA IS MISSING.
T  INDICATES TRACE AMOUNT.




$$
