000
CDUS45 KBYZ 111038
CLISHR


CLIMATE REPORT
NATIONAL WEATHER SERVICE BILLINGS MT
335 AM MST SUN DEC 11 2016


...................................

...THE SHERIDAN WY CLIMATE SUMMARY FOR DECEMBER 10 2016...

CLIMATE NORMAL PERIOD 1981 TO 2010
CLIMATE RECORD PERIOD 1907 TO 2016


WEATHER ITEM   OBSERVED TIME   RECORD YEAR NORMAL DEPARTURE LAST
                VALUE   (LST)  VALUE       VALUE  FROM      YEAR
                                                  NORMAL
..................................................................
TEMPERATURE (F)
 YESTERDAY
  MAXIMUM         33    808 PM  70    1981  35     -2       48
  MINIMUM          7    303 AM -21    1932  11     -4       30
  AVERAGE         20                        23     -3       39

PRECIPITATION (IN)
  YESTERDAY        0.08          0.28 1949   0.02   0.06      T
  MONTH TO DATE    0.21                      0.20   0.01      T
  SINCE OCT 1      2.94                      2.32   0.62     1.91
  SINCE JAN 1     16.16                     13.80   2.36    15.65

DEGREE DAYS
 HEATING
  YESTERDAY       45                        42      3       26
  MONTH TO DATE  482                       410     72      280
  SINCE DEC 1    482                       410     72      280
  SINCE JUL 1   1959                      2288   -329     1832

 COOLING
  YESTERDAY        0                         0      0        0
  MONTH TO DATE    0                         0      0        0
  SINCE DEC 1      0                         0      0        0
  SINCE JAN 1    549                       419    130      479
..................................................................


WIND (MPH)
  HIGHEST WIND SPEED    21   HIGHEST WIND DIRECTION    NW (300)
  HIGHEST GUST SPEED    27   HIGHEST GUST DIRECTION    NW (300)
  AVERAGE WIND SPEED     4.3


SKY COVER
  POSSIBLE SUNSHINE  MM
  AVERAGE SKY COVER 0.6


WEATHER CONDITIONS
 THE FOLLOWING WEATHER WAS RECORDED YESTERDAY.
  HEAVY SNOW
  SNOW
  LIGHT SNOW
  FOG
  FOG W/VISIBILITY <= 1/4 MILE


RELATIVE HUMIDITY (PERCENT)
 HIGHEST    91           600 PM
 LOWEST     58          1100 PM
 AVERAGE    75

..........................................................


THE SHERIDAN WY CLIMATE NORMALS FOR TODAY
                         NORMAL    RECORD    YEAR
 MAXIMUM TEMPERATURE (F)   35        68      1939
 MINIMUM TEMPERATURE (F)   11       -24      1932


SUNRISE AND SUNSET
DECEMBER 11 2016......SUNRISE   736 AM MST   SUNSET   427 PM MST
DECEMBER 12 2016......SUNRISE   736 AM MST   SUNSET   427 PM MST


-  INDICATES NEGATIVE NUMBERS.
R  INDICATES RECORD WAS SET OR TIED.
MM INDICATES DATA IS MISSING.
T  INDICATES TRACE AMOUNT.




$$
