000
CDUS45 KBYZ 220933
CLISHR


CLIMATE REPORT
NATIONAL WEATHER SERVICE BILLINGS MT
331 AM MDT TUE JUL 22 2014


...................................

...THE SHERIDAN WY CLIMATE SUMMARY FOR JULY 21 2014...

CLIMATE NORMAL PERIOD 1981 TO 2010
CLIMATE RECORD PERIOD 1907 TO 2014


WEATHER ITEM   OBSERVED TIME   RECORD YEAR NORMAL DEPARTURE LAST
                VALUE   (LST)  VALUE       VALUE  FROM      YEAR
                                                  NORMAL
..................................................................
TEMPERATURE (F)
 YESTERDAY
  MAXIMUM         91    105 PM 102    2007  89      2       93
                                      1982
                                      1931
  MINIMUM         59    146 AM  42    1978  54      5       52
  AVERAGE         75                        71      4       73

PRECIPITATION (IN)
  YESTERDAY        0.48R         0.45 1978   0.03   0.45     0.00
  MONTH TO DATE    1.00                      0.83   0.17     0.37
  SINCE OCT 1     13.77                     11.66   2.11    12.42
  SINCE JAN 1     10.01                      8.98   1.03     9.88

SNOWFALL (IN)
  YESTERDAY       MM             0.0  2001   0.0   MM       MM
  MONTH TO DATE   MM                         0.0   MM       MM
  SINCE JUN 1     MM                         T     MM       MM
  SINCE JUL 1     MM                         0.0   MM       MM
  SNOW DEPTH      MM

DEGREE DAYS
 HEATING
  YESTERDAY        0                         0      0        0
  MONTH TO DATE    9                        24    -15        0
  SINCE JUN 1    191                       173     18      120
  SINCE JUL 1      9                        24    -15        0

 COOLING
  YESTERDAY       10                         7      3        8
  MONTH TO DATE  110                       114     -4      168
  SINCE JUN 1    118                       160    -42      216
  SINCE JAN 1    126                       164    -38      224
..................................................................


WIND (MPH)
  HIGHEST WIND SPEED    35   HIGHEST WIND DIRECTION    NW (330)
  HIGHEST GUST SPEED    40   HIGHEST GUST DIRECTION     N (340)
  AVERAGE WIND SPEED     9.1


SKY COVER
  POSSIBLE SUNSHINE  MM
  AVERAGE SKY COVER 0.4


WEATHER CONDITIONS
 THE FOLLOWING WEATHER WAS RECORDED YESTERDAY.
  THUNDERSTORM
  HEAVY RAIN
  RAIN
  LIGHT RAIN


RELATIVE HUMIDITY (PERCENT)
 HIGHEST    78          1100 PM
 LOWEST     30          1200 PM
 AVERAGE    54

..........................................................


THE SHERIDAN WY CLIMATE NORMALS FOR TODAY
                         NORMAL    RECORD    YEAR
 MAXIMUM TEMPERATURE (F)   89       103      2005
 MINIMUM TEMPERATURE (F)   54        41      1978


SUNRISE AND SUNSET
JULY 22 2014..........SUNRISE   543 AM MDT   SUNSET   845 PM MDT
JULY 23 2014..........SUNRISE   544 AM MDT   SUNSET   844 PM MDT


-  INDICATES NEGATIVE NUMBERS.
R  INDICATES RECORD WAS SET OR TIED.
MM INDICATES DATA IS MISSING.
T  INDICATES TRACE AMOUNT.




$$
