000
CDUS45 KBYZ 302229
CLISHR


CLIMATE REPORT
NATIONAL WEATHER SERVICE BILLINGS MT
426 PM MDT SAT APR 30 2016


...................................

...THE SHERIDAN WY CLIMATE SUMMARY FOR APRIL 30 2016...
VALID TODAY AS OF 0400 PM LOCAL TIME.

CLIMATE NORMAL PERIOD 1981 TO 2010
CLIMATE RECORD PERIOD 1907 TO 2016


WEATHER ITEM   OBSERVED TIME   RECORD YEAR NORMAL DEPARTURE LAST
                VALUE   (LST)  VALUE       VALUE  FROM      YEAR
                                                  NORMAL
..................................................................
TEMPERATURE (F)
 TODAY
  MAXIMUM         53    303 PM  84    1926  62     -9       59
  MINIMUM         39    534 AM  10    1950  34      5       35
  AVERAGE         46                        48     -2       47

PRECIPITATION (IN)
  TODAY            T             1.17 2003   0.07  -0.07     0.06
  MONTH TO DATE    3.36                      1.60   1.76     1.43
  SINCE OCT 1      8.55                      6.36   2.19     5.95
  SINCE JAN 1      6.40                      3.68   2.72     3.56

DEGREE DAYS
 HEATING
  TODAY           19                        17      2       18
  MONTH TO DATE  547                       642    -95      618
  SINCE MAR 1   1317                      1566   -249     1319
  SINCE JUL 1   6063                      7101  -1038     6549

 COOLING
  TODAY            0                         0      0        0
  MONTH TO DATE    0                         0      0        0
  SINCE MAR 1      0                         0      0        0
  SINCE JAN 1      0                         0      0        0
..................................................................


WIND (MPH)
  HIGHEST WIND SPEED     8   HIGHEST WIND DIRECTION     W (250)
  HIGHEST GUST SPEED    10   HIGHEST GUST DIRECTION    SW (240)
  AVERAGE WIND SPEED     1.6


SKY COVER
  POSSIBLE SUNSHINE  MM
  AVERAGE SKY COVER 1.0


WEATHER CONDITIONS
 THE FOLLOWING WEATHER WAS RECORDED TODAY.
  LIGHT RAIN


RELATIVE HUMIDITY (PERCENT)
 HIGHEST    92           600 AM
 LOWEST     56           300 PM
 AVERAGE    74

..........................................................


THE SHERIDAN WY CLIMATE NORMALS FOR TOMORROW
                         NORMAL    RECORD    YEAR
 MAXIMUM TEMPERATURE (F)   62        84      1981
                                             1955
 MINIMUM TEMPERATURE (F)   34        18      1950


SUNRISE AND SUNSET
APRIL 30 2016.........SUNRISE   558 AM MDT   SUNSET   812 PM MDT
MAY  1 2016...........SUNRISE   557 AM MDT   SUNSET   814 PM MDT


-  INDICATES NEGATIVE NUMBERS.
R  INDICATES RECORD WAS SET OR TIED.
MM INDICATES DATA IS MISSING.
T  INDICATES TRACE AMOUNT.




$$
