000
CDUS44 KSHV 030732
CLISHV


CLIMATE REPORT
NATIONAL WEATHER SERVICE SHREVEPORT, LA
232 AM CDT TUE MAY 3 2016


...................................

...THE SHREVEPORT CLIMATE SUMMARY FOR MAY 2 2016...

CLIMATE NORMAL PERIOD 1981 TO 2010
CLIMATE RECORD PERIOD 1874 TO 2016


WEATHER ITEM   OBSERVED TIME   RECORD YEAR NORMAL DEPARTURE LAST
                VALUE   (LST)  VALUE       VALUE  FROM      YEAR
                                                  NORMAL
..................................................................
TEMPERATURE (F)
 YESTERDAY
  MAXIMUM         72   1240 AM  94    1943  81     -9       83
  MINIMUM         59   1159 PM  44    1918  59      0       57
  AVERAGE         66                        70     -4       70

PRECIPITATION (IN)
  YESTERDAY        1.23          2.46 1944   0.16   1.07     0.00
  MONTH TO DATE    1.23                      0.32   0.91     0.00
  SINCE DEC 1     35.27                     22.37  12.90    28.95
  SINCE JAN 1     32.38                     17.60  14.78    25.20

SNOWFALL (IN)
  YESTERDAY        0.0
  MONTH TO DATE    0.0
  SINCE MAR 1      T
  SINCE JUL 1      T
  SNOW DEPTH       0

DEGREE DAYS
 HEATING
  YESTERDAY        0                         1     -1        0
  MONTH TO DATE    0                         2     -2        0
  SINCE MAR 1    146                       339   -193      291
  SINCE JUL 1   1449                      2221   -772     2291

 COOLING
  YESTERDAY        1                         5     -4        5
  MONTH TO DATE   12                        10      2        9
  SINCE MAR 1    193                       135     58      176
  SINCE JAN 1    211                       145     66      176
..................................................................


WIND (MPH)
  HIGHEST WIND SPEED    25   HIGHEST WIND DIRECTION    NE (30)
  HIGHEST GUST SPEED    32   HIGHEST GUST DIRECTION    NE (40)
  AVERAGE WIND SPEED     9.5


SKY COVER
  POSSIBLE SUNSHINE  MM
  AVERAGE SKY COVER 0.9


WEATHER CONDITIONS
 THE FOLLOWING WEATHER WAS RECORDED YESTERDAY.
  THUNDERSTORM
  HEAVY RAIN
  RAIN
  LIGHT RAIN
  FOG


RELATIVE HUMIDITY (PERCENT)
 HIGHEST    84           500 AM
 LOWEST     66           400 PM
 AVERAGE    75

..........................................................


THE SHREVEPORT CLIMATE NORMALS FOR TODAY
                         NORMAL    RECORD    YEAR
 MAXIMUM TEMPERATURE (F)   81        92      1943
 MINIMUM TEMPERATURE (F)   59        41      2013


SUNRISE AND SUNSET
MAY  3 2016...........SUNRISE   626 AM CDT   SUNSET   758 PM CDT
MAY  4 2016...........SUNRISE   625 AM CDT   SUNSET   759 PM CDT


-  INDICATES NEGATIVE NUMBERS.
R  INDICATES RECORD WAS SET OR TIED.
MM INDICATES DATA IS MISSING.
T  INDICATES TRACE AMOUNT.




$$
