000
CDUS44 KSHV 240734
CLISHV


CLIMATE REPORT
NATIONAL WEATHER SERVICE SHREVEPORT, LA
234 AM CDT MON APR 24 2017


...................................

...THE SHREVEPORT CLIMATE SUMMARY FOR APRIL 23 2017...

CLIMATE NORMAL PERIOD 1981 TO 2010
CLIMATE RECORD PERIOD 1874 TO 2017


WEATHER ITEM   OBSERVED TIME   RECORD YEAR NORMAL DEPARTURE LAST
                VALUE   (LST)  VALUE       VALUE  FROM      YEAR
                                                  NORMAL
..................................................................
TEMPERATURE (F)
 YESTERDAY
  MAXIMUM         72    459 PM  89    2011  79     -7       84
                                      1988
                                      1925
  MINIMUM         50   1159 PM  40    1884  56     -6       54
  AVERAGE         61                        67     -6       69

PRECIPITATION (IN)
  YESTERDAY        0.00          1.92 1879   0.15  -0.15     0.00
  MONTH TO DATE    3.58                      3.19   0.39     9.20
  SINCE DEC 1     12.31                     21.05  -8.74    29.94
  SINCE JAN 1      9.17                     16.28  -7.11    27.05

SNOWFALL (IN)
  YESTERDAY        0.0
  MONTH TO DATE    0.0
  SINCE MAR 1      0.0
  SINCE JUL 1      0.0
  SNOW DEPTH       0

DEGREE DAYS
 HEATING
  YESTERDAY        4                         2      2        0
  MONTH TO DATE   22                        78    -56       33
  SINCE MAR 1    156                       329   -173      146
  SINCE JUL 1   1187                      2211  -1024     1449

 COOLING
  YESTERDAY        0                         4     -4        4
  MONTH TO DATE  123                        63     60       61
  SINCE MAR 1    224                        94    130      115
  SINCE JAN 1    294                       104    190      133
..................................................................


WIND (MPH)
  HIGHEST WIND SPEED    17   HIGHEST WIND DIRECTION    NW (330)
  HIGHEST GUST SPEED    24   HIGHEST GUST DIRECTION    NW (330)
  AVERAGE WIND SPEED     8.5


SKY COVER
  POSSIBLE SUNSHINE  MM
  AVERAGE SKY COVER 0.5


WEATHER CONDITIONS
 THE FOLLOWING WEATHER WAS RECORDED YESTERDAY.
  NO SIGNIFICANT WEATHER WAS OBSERVED.


RELATIVE HUMIDITY (PERCENT)
 HIGHEST    93          1100 PM
 LOWEST     41           400 PM
 AVERAGE    67

..........................................................


THE SHREVEPORT CLIMATE NORMALS FOR TODAY
                         NORMAL    RECORD    YEAR
 MAXIMUM TEMPERATURE (F)   79        89      2011
                                             1999
                                             1992
 MINIMUM TEMPERATURE (F)   56        39      1910


SUNRISE AND SUNSET
APRIL 24 2017.........SUNRISE   635 AM CDT   SUNSET   752 PM CDT
APRIL 25 2017.........SUNRISE   634 AM CDT   SUNSET   752 PM CDT


-  INDICATES NEGATIVE NUMBERS.
R  INDICATES RECORD WAS SET OR TIED.
MM INDICATES DATA IS MISSING.
T  INDICATES TRACE AMOUNT.




$$
