000
CDUS44 KSHV 202235
CLISHV


CLIMATE REPORT
NATIONAL WEATHER SERVICE SHREVEPORT, LA
534 PM CDT WED SEP 20 2017


...................................

...THE SHREVEPORT CLIMATE SUMMARY FOR SEPTEMBER 20 2017...
VALID TODAY AS OF 0500 PM LOCAL TIME.

CLIMATE NORMAL PERIOD 1981 TO 2010
CLIMATE RECORD PERIOD 1874 TO 2017


WEATHER ITEM   OBSERVED TIME   RECORD YEAR NORMAL DEPARTURE LAST
                VALUE   (LST)  VALUE       VALUE  FROM      YEAR
                                                  NORMAL
..................................................................
TEMPERATURE (F)
 TODAY
  MAXIMUM         92    256 PM 102    2005  87      5       94
  MINIMUM         77    458 AM  48    1981  64     13       72
  AVERAGE         85                        76      9       83

PRECIPITATION (IN)
  TODAY            0.00          3.18 2013   0.09  -0.09     0.00
  MONTH TO DATE    T                         2.01  -2.01     0.16
  SINCE DEC 1     33.24                     40.77  -7.53    53.42
  SINCE JAN 1     30.10                     36.00  -5.90    50.53

DEGREE DAYS
 HEATING
  TODAY            0                         0      0        0
  MONTH TO DATE    0                         0      0        0
  SINCE SEP 1      0                         0      0        0
  SINCE JUL 1      0                         0      0        0

 COOLING
  TODAY           20                        11      9       18
  MONTH TO DATE  224                       274    -50      361
  SINCE SEP 1    224                       274    -50      361
  SINCE JAN 1   2331                      2236     95     2602
..................................................................


WIND (MPH)
  HIGHEST WIND SPEED    15   HIGHEST WIND DIRECTION     S (190)
  HIGHEST GUST SPEED    20   HIGHEST GUST DIRECTION    SW (220)
  AVERAGE WIND SPEED     9.1


SKY COVER
  POSSIBLE SUNSHINE  MM
  AVERAGE SKY COVER 0.7


WEATHER CONDITIONS
 THE FOLLOWING WEATHER WAS RECORDED TODAY.
  NO SIGNIFICANT WEATHER WAS OBSERVED.


RELATIVE HUMIDITY (PERCENT)
 HIGHEST    94           300 AM
 LOWEST     56           200 PM
 AVERAGE    75

..........................................................


THE SHREVEPORT CLIMATE NORMALS FOR TOMORROW
                         NORMAL    RECORD    YEAR
 MAXIMUM TEMPERATURE (F)   87       103      2005
 MINIMUM TEMPERATURE (F)   64        46      1918


SUNRISE AND SUNSET
SEPTEMBER 20 2017.....SUNRISE   702 AM CDT   SUNSET   714 PM CDT
SEPTEMBER 21 2017.....SUNRISE   703 AM CDT   SUNSET   713 PM CDT


-  INDICATES NEGATIVE NUMBERS.
R  INDICATES RECORD WAS SET OR TIED.
MM INDICATES DATA IS MISSING.
T  INDICATES TRACE AMOUNT.




$$
