000
CDUS44 KSHV 290830
CLISHV


CLIMATE REPORT
NATIONAL WEATHER SERVICE SHREVEPORT, LA
326 AM CDT FRI JUL 29 2016


...................................

...THE SHREVEPORT CLIMATE SUMMARY FOR JULY 28 2016...

CLIMATE NORMAL PERIOD 1981 TO 2010
CLIMATE RECORD PERIOD 1874 TO 2016


WEATHER ITEM   OBSERVED TIME   RECORD YEAR NORMAL DEPARTURE LAST
                VALUE   (LST)  VALUE       VALUE  FROM      YEAR
                                                  NORMAL
..................................................................
TEMPERATURE (F)
 YESTERDAY
  MAXIMUM         84   1122 AM 103    1998  94    -10      100
                                      1995
                                      1930
  MINIMUM         73   1159 PM  64    1994  73      0       77
  AVERAGE         79                        84     -5       89

PRECIPITATION (IN)
  YESTERDAY        0.49          4.52 1880   0.11   0.38     0.00
  MONTH TO DATE    3.21                      3.33  -0.12     0.59
  SINCE DEC 1     44.77                     35.71   9.06    46.49
  SINCE JAN 1     41.88                     30.94  10.94    42.74

SNOWFALL (IN)
  YESTERDAY        0.0
  MONTH TO DATE    0.0
  SINCE JUN 1      0.0
  SINCE JUL 1      0.0
  SNOW DEPTH       0

DEGREE DAYS
 HEATING
  YESTERDAY        0                         0      0        0
  MONTH TO DATE    0                         0      0        0
  SINCE JUN 1      0                         0      0        0
  SINCE JUL 1      0                         0      0        0

 COOLING
  YESTERDAY       14                        19     -5       24
  MONTH TO DATE  591                       501     90      589
  SINCE JUN 1   1118                       945    173     1106
  SINCE JAN 1   1578                      1343    235     1578
..................................................................


WIND (MPH)
  HIGHEST WIND SPEED    15   HIGHEST WIND DIRECTION     N (10)
  HIGHEST GUST SPEED    26   HIGHEST GUST DIRECTION    NW (310)
  AVERAGE WIND SPEED     4.0


SKY COVER
  POSSIBLE SUNSHINE  MM
  AVERAGE SKY COVER 0.9


WEATHER CONDITIONS
 THE FOLLOWING WEATHER WAS RECORDED YESTERDAY.
  THUNDERSTORM
  HEAVY RAIN
  RAIN
  LIGHT RAIN
  FOG


RELATIVE HUMIDITY (PERCENT)
 HIGHEST   100           700 AM
 LOWEST     91          1000 AM
 AVERAGE    96

..........................................................


THE SHREVEPORT CLIMATE NORMALS FOR TODAY
                         NORMAL    RECORD    YEAR
 MAXIMUM TEMPERATURE (F)   94       105      1930
 MINIMUM TEMPERATURE (F)   73        63      1994


SUNRISE AND SUNSET
JULY 29 2016..........SUNRISE   628 AM CDT   SUNSET   815 PM CDT
JULY 30 2016..........SUNRISE   629 AM CDT   SUNSET   814 PM CDT


-  INDICATES NEGATIVE NUMBERS.
R  INDICATES RECORD WAS SET OR TIED.
MM INDICATES DATA IS MISSING.
T  INDICATES TRACE AMOUNT.




$$
