000
CDUS44 KSHV 102247
CLISHV


CLIMATE REPORT
NATIONAL WEATHER SERVICE SHREVEPORT, LA
446 PM CST WED FEB 10 2016


...................................

...THE SHREVEPORT CLIMATE SUMMARY FOR FEBRUARY 10 2016...
VALID TODAY AS OF 0400 PM LOCAL TIME.

CLIMATE NORMAL PERIOD 1981 TO 2010
CLIMATE RECORD PERIOD 1874 TO 2016


WEATHER ITEM   OBSERVED TIME   RECORD YEAR NORMAL DEPARTURE LAST
                VALUE   (LST)  VALUE       VALUE  FROM      YEAR
                                                  NORMAL
..................................................................
TEMPERATURE (F)
 TODAY
  MAXIMUM         65    359 PM  83    1954  60      5       62
  MINIMUM         30    635 AM  15    1885  39     -9       39
  AVERAGE         48                        50     -2       51

PRECIPITATION (IN)
  TODAY            0.00          2.19 1998   0.17  -0.17     0.00
  MONTH TO DATE    T                         1.67  -1.67     0.38
  SINCE DEC 1      5.76                     10.64  -4.88    11.58
  SINCE JAN 1      2.87                      5.87  -3.00     7.83

SNOWFALL (IN)
  TODAY            0.0
  MONTH TO DATE    0.0
  SINCE DEC 1      T
  SINCE JUL 1      T
  SNOW DEPTH       0

DEGREE DAYS
 HEATING
  TODAY           17                        16      1       14
  MONTH TO DATE  149                       165    -16      156
  SINCE DEC 1    976                      1266   -290     1205
  SINCE JUL 1   1153                      1637   -484     1609

 COOLING
  TODAY            0                         0      0        0
  MONTH TO DATE    3                         0      3        0
  SINCE DEC 1     45                        11     34        2
  SINCE JAN 1      9                         4      5        0
..................................................................


WIND (MPH)
  HIGHEST WIND SPEED    18   HIGHEST WIND DIRECTION    SW (240)
  HIGHEST GUST SPEED    24   HIGHEST GUST DIRECTION    SW (240)
  AVERAGE WIND SPEED     7.1


SKY COVER
  POSSIBLE SUNSHINE  MM
  AVERAGE SKY COVER 0.0


WEATHER CONDITIONS
 THE FOLLOWING WEATHER WAS RECORDED TODAY.
  NO SIGNIFICANT WEATHER WAS OBSERVED.


RELATIVE HUMIDITY (PERCENT)
 HIGHEST    63           600 AM
 LOWEST     25           100 PM
 AVERAGE    44

..........................................................


THE SHREVEPORT CLIMATE NORMALS FOR TOMORROW
                         NORMAL    RECORD    YEAR
 MAXIMUM TEMPERATURE (F)   61        81      1999
 MINIMUM TEMPERATURE (F)   39        13      1899


SUNRISE AND SUNSET
FEBRUARY 10 2016......SUNRISE   703 AM CST   SUNSET   556 PM CST
FEBRUARY 11 2016......SUNRISE   702 AM CST   SUNSET   557 PM CST


-  INDICATES NEGATIVE NUMBERS.
R  INDICATES RECORD WAS SET OR TIED.
MM INDICATES DATA IS MISSING.
T  INDICATES TRACE AMOUNT.




$$
