000
CDUS44 KSHV 050734
CLISHV


CLIMATE REPORT
NATIONAL WEATHER SERVICE SHREVEPORT, LA
231 AM CDT SAT SEP 5 2015


...................................

...THE SHREVEPORT CLIMATE SUMMARY FOR SEPTEMBER 4 2015...

CLIMATE NORMAL PERIOD 1981 TO 2010
CLIMATE RECORD PERIOD 1874 TO 2015


WEATHER ITEM   OBSERVED TIME   RECORD YEAR NORMAL DEPARTURE LAST
                VALUE   (LST)  VALUE       VALUE  FROM      YEAR
                                                  NORMAL
..................................................................
TEMPERATURE (F)
 YESTERDAY
  MAXIMUM         97    306 PM 108    2000  92      5       96
  MINIMUM         74    529 AM  54    1974  70      4       72
  AVERAGE         86                        81      5       84

PRECIPITATION (IN)
  YESTERDAY        0.00          6.87 1877   0.10  -0.10     0.00
  MONTH TO DATE    0.00                      0.37  -0.37     0.48
  SINCE DEC 1     48.61                     39.13   9.48    31.45
  SINCE JAN 1     44.86                     34.36  10.50    26.47

SNOWFALL (IN)
  YESTERDAY        0.0
  MONTH TO DATE    0.0
  SINCE SEP 1      0.0
  SINCE JUL 1      0.0
  SNOW DEPTH       0

DEGREE DAYS
 HEATING
  YESTERDAY        0                         0      0        0
  MONTH TO DATE    0                         0      0        0
  SINCE SEP 1      0                         0      0        0
  SINCE JUL 1      0                         0      0        0

 COOLING
  YESTERDAY       21                        16      5       19
  MONTH TO DATE   73                        64      9       74
  SINCE SEP 1     73                        64      9       74
  SINCE JAN 1   2349                      2026    323     1966
..................................................................


WIND (MPH)
  HIGHEST WIND SPEED    10   HIGHEST WIND DIRECTION     E (80)
  HIGHEST GUST SPEED    14   HIGHEST GUST DIRECTION     E (100)
  AVERAGE WIND SPEED     3.1


SKY COVER
  POSSIBLE SUNSHINE  MM
  AVERAGE SKY COVER 0.4


WEATHER CONDITIONS
 THE FOLLOWING WEATHER WAS RECORDED YESTERDAY.
  NO SIGNIFICANT WEATHER WAS OBSERVED.


RELATIVE HUMIDITY (PERCENT)
 HIGHEST    87           400 AM
 LOWEST     38           300 PM
 AVERAGE    63

..........................................................


THE SHREVEPORT CLIMATE NORMALS FOR TODAY
                         NORMAL    RECORD    YEAR
 MAXIMUM TEMPERATURE (F)   92       102      1990
                                             1947
 MINIMUM TEMPERATURE (F)   69        54      1891


SUNRISE AND SUNSET
SEPTEMBER  5 2015.....SUNRISE   653 AM CDT   SUNSET   735 PM CDT
SEPTEMBER  6 2015.....SUNRISE   653 AM CDT   SUNSET   734 PM CDT


-  INDICATES NEGATIVE NUMBERS.
R  INDICATES RECORD WAS SET OR TIED.
MM INDICATES DATA IS MISSING.
T  INDICATES TRACE AMOUNT.




$$
