000
CDUS44 KSHV 190853
CLISHV


CLIMATE REPORT
NATIONAL WEATHER SERVICE SHREVEPORT, LA
248 AM CST MON FEB 19 2018


...................................

...THE SHREVEPORT CLIMATE SUMMARY FOR FEBRUARY 18 2018...

CLIMATE NORMAL PERIOD 1981 TO 2010
CLIMATE RECORD PERIOD 1874 TO 2018


WEATHER ITEM   OBSERVED TIME   RECORD YEAR NORMAL DEPARTURE LAST
                VALUE   (LST)  VALUE       VALUE  FROM      YEAR
                                                  NORMAL
..................................................................
TEMPERATURE (F)
 YESTERDAY
  MAXIMUM         66   1159 PM  87    1986  62      4       76
  MINIMUM         48    825 AM  12    1910  40      8       56
  AVERAGE         57                        51      6       66

PRECIPITATION (IN)
  YESTERDAY        0.04          2.43 1988   0.18  -0.14     0.00
  MONTH TO DATE    3.68                      3.09   0.59     0.93
  SINCE DEC 1      9.21                     12.06  -2.85     6.63
  SINCE JAN 1      5.09                      7.29  -2.20     3.49

SNOWFALL (IN)
  YESTERDAY       MM
  MONTH TO DATE    0.0
  SINCE DEC 1      1.8
  SINCE JUL 1      1.8
  SNOW DEPTH       0

DEGREE DAYS
 HEATING
  YESTERDAY        8                        14     -6        0
  MONTH TO DATE  275                       283     -8      132
  SINCE DEC 1   1449                      1384     65      850
  SINCE JUL 1   1722                      1755    -33     1004

 COOLING
  YESTERDAY        0                         0      0        1
  MONTH TO DATE    6                         0      6       27
  SINCE DEC 1     12                        11      1       74
  SINCE JAN 1      9                         4      5       49
..................................................................


WIND (MPH)
  HIGHEST WIND SPEED    17   HIGHEST WIND DIRECTION     S (180)
  HIGHEST GUST SPEED    22   HIGHEST GUST DIRECTION     S (180)
  AVERAGE WIND SPEED     7.3


SKY COVER
  POSSIBLE SUNSHINE  MM
  AVERAGE SKY COVER 0.9


WEATHER CONDITIONS
 THE FOLLOWING WEATHER WAS RECORDED YESTERDAY.
  LIGHT RAIN
  FOG


RELATIVE HUMIDITY (PERCENT)
 HIGHEST   100           700 AM
 LOWEST     86           200 AM
 AVERAGE    93

..........................................................


THE SHREVEPORT CLIMATE NORMALS FOR TODAY
                         NORMAL    RECORD    YEAR
 MAXIMUM TEMPERATURE (F)   62        84      1986
 MINIMUM TEMPERATURE (F)   41        15      1978


SUNRISE AND SUNSET
FEBRUARY 19 2018......SUNRISE   654 AM CST   SUNSET   605 PM CST
FEBRUARY 20 2018......SUNRISE   653 AM CST   SUNSET   605 PM CST


-  INDICATES NEGATIVE NUMBERS.
R  INDICATES RECORD WAS SET OR TIED.
MM INDICATES DATA IS MISSING.
T  INDICATES TRACE AMOUNT.




$$
