000
CDUS44 KSHV 052254
CLISHV


CLIMATE REPORT
NATIONAL WEATHER SERVICE SHREVEPORT, LA
453 PM CST MON DEC 5 2016


...................................

...THE SHREVEPORT CLIMATE SUMMARY FOR DECEMBER 5 2016...
VALID TODAY AS OF 0400 PM LOCAL TIME.

CLIMATE NORMAL PERIOD 1981 TO 2010
CLIMATE RECORD PERIOD 1874 TO 2016


WEATHER ITEM   OBSERVED TIME   RECORD YEAR NORMAL DEPARTURE LAST
                VALUE   (LST)  VALUE       VALUE  FROM      YEAR
                                                  NORMAL
..................................................................
TEMPERATURE (F)
 TODAY
  MAXIMUM         50    250 PM  82    1956  61    -11       63
  MINIMUM         46    851 AM  20    2009  39      7       33
                                      1886
  AVERAGE         48                        50     -2       48

PRECIPITATION (IN)
  TODAY            0.15          3.17 1944   0.16  -0.01     0.00
  MONTH TO DATE    2.38                      0.81   1.57     0.00
  SINCE DEC 1      2.38                      0.81   1.57     0.00
  SINCE JAN 1     58.25                     47.45  10.80    62.37

SNOWFALL (IN)
  TODAY            0.0
  MONTH TO DATE    0.0
  SINCE DEC 1      0.0
  SINCE JUL 1      0.0
  SNOW DEPTH       0

DEGREE DAYS
 HEATING
  TODAY           17                        15      2       17
  MONTH TO DATE   77                        73      4       81
  SINCE DEC 1     77                        73      4       81
  SINCE JUL 1    231                       444   -213      258

 COOLING
  TODAY            0                         0      0        0
  MONTH TO DATE    0                         0      0        0
  SINCE DEC 1      0                         0      0        0
  SINCE JAN 1   3009                      2474    535     2996
..................................................................


WIND (MPH)
  HIGHEST WIND SPEED    14   HIGHEST WIND DIRECTION    NE (60)
  HIGHEST GUST SPEED    19   HIGHEST GUST DIRECTION     E (70)
  AVERAGE WIND SPEED     8.5


SKY COVER
  POSSIBLE SUNSHINE  MM
  AVERAGE SKY COVER 1.0


WEATHER CONDITIONS
 THE FOLLOWING WEATHER WAS RECORDED TODAY.
  LIGHT RAIN
  FOG


RELATIVE HUMIDITY (PERCENT)
 HIGHEST   100           100 PM
 LOWEST     86          1200 AM
 AVERAGE    93

..........................................................


THE SHREVEPORT CLIMATE NORMALS FOR TOMORROW
                         NORMAL    RECORD    YEAR
 MAXIMUM TEMPERATURE (F)   60        81      1998
                                             1951
                                             1924
 MINIMUM TEMPERATURE (F)   39        17      1950


SUNRISE AND SUNSET
DECEMBER  5 2016......SUNRISE   703 AM CST   SUNSET   510 PM CST
DECEMBER  6 2016......SUNRISE   703 AM CST   SUNSET   510 PM CST


-  INDICATES NEGATIVE NUMBERS.
R  INDICATES RECORD WAS SET OR TIED.
MM INDICATES DATA IS MISSING.
T  INDICATES TRACE AMOUNT.




$$

20
