000
CDUS44 KSHV 280748
CLISHV


CLIMATE REPORT
NATIONAL WEATHER SERVICE SHREVEPORT, LA
245 AM CDT WED SEP 28 2016


...................................

...THE SHREVEPORT CLIMATE SUMMARY FOR SEPTEMBER 27 2016...

CLIMATE NORMAL PERIOD 1981 TO 2010
CLIMATE RECORD PERIOD 1874 TO 2016


WEATHER ITEM   OBSERVED TIME   RECORD YEAR NORMAL DEPARTURE LAST
                VALUE   (LST)  VALUE       VALUE  FROM      YEAR
                                                  NORMAL
..................................................................
TEMPERATURE (F)
 YESTERDAY
  MAXIMUM         82    204 PM 100    1953  84     -2       91
  MINIMUM         64   1156 PM  43    1942  61      3       68
  AVERAGE         73                        73      0       80

PRECIPITATION (IN)
  YESTERDAY        0.00          1.86 1896   0.11  -0.11      T
  MONTH TO DATE    0.16                      2.79  -2.63     0.06
  SINCE DEC 1     53.42                     41.55  11.87    48.67
  SINCE JAN 1     50.53                     36.78  13.75    44.92

SNOWFALL (IN)
  YESTERDAY        0.0
  MONTH TO DATE    0.0
  SINCE SEP 1      0.0
  SINCE JUL 1      0.0
  SNOW DEPTH       0

DEGREE DAYS
 HEATING
  YESTERDAY        0                         1     -1        0
  MONTH TO DATE    0                         1     -1        0
  SINCE SEP 1      0                         1     -1        0
  SINCE JUL 1      0                         1     -1        0

 COOLING
  YESTERDAY        8                         8      0       15
  MONTH TO DATE  465                       339    126      443
  SINCE SEP 1    465                       339    126      443
  SINCE JAN 1   2706                      2301    405     2719
..................................................................


WIND (MPH)
  HIGHEST WIND SPEED    14   HIGHEST WIND DIRECTION    NE (30)
  HIGHEST GUST SPEED    18   HIGHEST GUST DIRECTION    NE (30)
  AVERAGE WIND SPEED     4.9


SKY COVER
  POSSIBLE SUNSHINE  MM
  AVERAGE SKY COVER 0.7


WEATHER CONDITIONS
 THE FOLLOWING WEATHER WAS RECORDED YESTERDAY.
  NO SIGNIFICANT WEATHER WAS OBSERVED.


RELATIVE HUMIDITY (PERCENT)
 HIGHEST    93          1100 PM
 LOWEST     48          1100 AM
 AVERAGE    71

..........................................................


THE SHREVEPORT CLIMATE NORMALS FOR TODAY
                         NORMAL    RECORD    YEAR
 MAXIMUM TEMPERATURE (F)   84       103      1953
 MINIMUM TEMPERATURE (F)   61        44      1909
                                             1908


SUNRISE AND SUNSET
SEPTEMBER 28 2016.....SUNRISE   708 AM CDT   SUNSET   703 PM CDT
SEPTEMBER 29 2016.....SUNRISE   708 AM CDT   SUNSET   702 PM CDT


-  INDICATES NEGATIVE NUMBERS.
R  INDICATES RECORD WAS SET OR TIED.
MM INDICATES DATA IS MISSING.
T  INDICATES TRACE AMOUNT.




$$
