000
CDUS44 KSHV 312217
CLISHV


CLIMATE REPORT
NATIONAL WEATHER SERVICE SHREVEPORT, LA
516 PM CDT THU JUL 31 2014


...................................

...THE SHREVEPORT CLIMATE SUMMARY FOR JULY 31 2014...
VALID TODAY AS OF 0500 PM LOCAL TIME.

CLIMATE NORMAL PERIOD 1981 TO 2010
CLIMATE RECORD PERIOD 1874 TO 2014


WEATHER ITEM   OBSERVED TIME   RECORD YEAR NORMAL DEPARTURE LAST
                VALUE   (LST)  VALUE       VALUE  FROM      YEAR
                                                  NORMAL
..................................................................
TEMPERATURE (F)
 TODAY
  MAXIMUM         76   1239 AM 107    1998  94    -18       97
  MINIMUM         70    901 AM  63    1971  73     -3       76
  AVERAGE         73                        84    -11       87

PRECIPITATION (IN)
  TODAY            0.35          2.44 1912   0.11   0.24     0.00
  MONTH TO DATE    3.49                      3.65  -0.16     2.18
  SINCE DEC 1     29.64                     36.03  -6.39    32.44
  SINCE JAN 1     24.66                     31.26  -6.60    26.78

DEGREE DAYS
 HEATING
  TODAY            0                         0      0        0
  MONTH TO DATE    0                         0      0        0
  SINCE JUN 1      0                         0      0        0
  SINCE JUL 1      0                         0      0        0

 COOLING
  TODAY            8                        19    -11       22
  MONTH TO DATE  487                       559    -72      531
  SINCE JUN 1    956                      1003    -47     1029
  SINCE JAN 1   1326                      1401    -75     1416
..................................................................


WIND (MPH)
  HIGHEST WIND SPEED    12   HIGHEST WIND DIRECTION    SE (140)
  HIGHEST GUST SPEED    15   HIGHEST GUST DIRECTION    SE (140)
  AVERAGE WIND SPEED     5.7


SKY COVER
  POSSIBLE SUNSHINE  MM
  AVERAGE SKY COVER 1.0


WEATHER CONDITIONS
 THE FOLLOWING WEATHER WAS RECORDED TODAY.
  RAIN
  LIGHT RAIN
  FOG


RELATIVE HUMIDITY (PERCENT)
 HIGHEST    97           900 AM
 LOWEST     69          1200 AM
 AVERAGE    83

..........................................................


THE SHREVEPORT CLIMATE NORMALS FOR TOMORROW
                         NORMAL    RECORD    YEAR
 MAXIMUM TEMPERATURE (F)   94       107      2011
                                             1998
 MINIMUM TEMPERATURE (F)   73        64      1936


SUNRISE AND SUNSET
JULY 31 2014..........SUNRISE   629 AM CDT   SUNSET   814 PM CDT
AUGUST  1 2014........SUNRISE   630 AM CDT   SUNSET   813 PM CDT


-  INDICATES NEGATIVE NUMBERS.
R  INDICATES RECORD WAS SET OR TIED.
MM INDICATES DATA IS MISSING.
T  INDICATES TRACE AMOUNT.




$$

20
