000
CDUS44 KSHV 200818
CLISHV


CLIMATE REPORT
NATIONAL WEATHER SERVICE SHREVEPORT, LA
247 AM CDT THU JUL 20 2017


...................................

...THE SHREVEPORT CLIMATE SUMMARY FOR JULY 19 2017...

CLIMATE NORMAL PERIOD 1981 TO 2010
CLIMATE RECORD PERIOD 1874 TO 2017


WEATHER ITEM   OBSERVED TIME   RECORD YEAR NORMAL DEPARTURE LAST
                VALUE   (LST)  VALUE       VALUE  FROM      YEAR
                                                  NORMAL
..................................................................
TEMPERATURE (F)
 YESTERDAY
  MAXIMUM         97    154 PM 104    1875  94      3       97
  MINIMUM         76    412 AM  65    1977  73      3       75
  AVERAGE         87                        83      4       86

PRECIPITATION (IN)
  YESTERDAY        0.03          1.67 1940   0.11  -0.08     0.00
  MONTH TO DATE    1.74                      2.39  -0.65     1.95
  SINCE DEC 1     25.38                     34.77  -9.39    43.51
  SINCE JAN 1     22.24                     30.00  -7.76    40.62

SNOWFALL (IN)
  YESTERDAY        0.0
  MONTH TO DATE    0.0
  SINCE JUN 1      0.0
  SINCE JUL 1      0.0
  SNOW DEPTH       0

DEGREE DAYS
 HEATING
  YESTERDAY        0                         0      0        0
  MONTH TO DATE    0                         0      0        0
  SINCE JUN 1      0                         0      0        0
  SINCE JUL 1      0                         0      0        0

 COOLING
  YESTERDAY       22                        18      4       21
  MONTH TO DATE  354                       337     17      398
  SINCE JUN 1    802                       781     21      925
  SINCE JAN 1   1344                      1179    165     1385
..................................................................


WIND (MPH)
  HIGHEST WIND SPEED    15   HIGHEST WIND DIRECTION     S (200)
  HIGHEST GUST SPEED    19   HIGHEST GUST DIRECTION    SE (120)
  AVERAGE WIND SPEED     3.2


SKY COVER
  POSSIBLE SUNSHINE  MM
  AVERAGE SKY COVER 0.3


WEATHER CONDITIONS
 THE FOLLOWING WEATHER WAS RECORDED YESTERDAY.
  THUNDERSTORM
  LIGHT RAIN


RELATIVE HUMIDITY (PERCENT)
 HIGHEST    94           400 AM
 LOWEST     51           200 PM
 AVERAGE    73

..........................................................


THE SHREVEPORT CLIMATE NORMALS FOR TODAY
                         NORMAL    RECORD    YEAR
 MAXIMUM TEMPERATURE (F)   94       101      2000
                                             1978
                                             1939
 MINIMUM TEMPERATURE (F)   73        65      1910


SUNRISE AND SUNSET
JULY 20 2017..........SUNRISE   622 AM CDT   SUNSET   821 PM CDT
JULY 21 2017..........SUNRISE   623 AM CDT   SUNSET   820 PM CDT


-  INDICATES NEGATIVE NUMBERS.
R  INDICATES RECORD WAS SET OR TIED.
MM INDICATES DATA IS MISSING.
T  INDICATES TRACE AMOUNT.




$$
