424
CDUS44 KSHV 202235
CLISHV


CLIMATE REPORT
NATIONAL WEATHER SERVICE SHREVEPORT, LA
431 PM CST MON FEB 20 2017


...................................

...THE SHREVEPORT CLIMATE SUMMARY FOR FEBRUARY 20 2017...
VALID TODAY AS OF 0400 PM LOCAL TIME.

CLIMATE NORMAL PERIOD 1981 TO 2010
CLIMATE RECORD PERIOD 1874 TO 2017


WEATHER ITEM   OBSERVED TIME   RECORD YEAR NORMAL DEPARTURE LAST
                VALUE   (LST)  VALUE       VALUE  FROM      YEAR
                                                  NORMAL
..................................................................
TEMPERATURE (F)
 TODAY
  MAXIMUM         69    114 AM  89    1986  63      6       72
  MINIMUM         62    359 PM  22    1978  41     21       62
  AVERAGE         66                        52     14       67

PRECIPITATION (IN)
  TODAY            0.11          1.92 1932   0.17  -0.06      T
  MONTH TO DATE    1.04                      3.44  -2.40     1.16
  SINCE DEC 1      6.74                     12.41  -5.67     6.92
  SINCE JAN 1      3.60                      7.64  -4.04     4.03

SNOWFALL (IN)
  TODAY            0.0
  MONTH TO DATE    0.0
  SINCE DEC 1      0.0
  SINCE JUL 1      0.0
  SNOW DEPTH       0

DEGREE DAYS
 HEATING
  TODAY            0                        13    -13        0
  MONTH TO DATE  132                       310   -178      209
  SINCE DEC 1    850                      1411   -561     1036
  SINCE JUL 1   1004                      1782   -778     1213

 COOLING
  TODAY            1                         0      1        2
  MONTH TO DATE   33                         0     33       10
  SINCE DEC 1     80                        11     69       52
  SINCE JAN 1     55                         4     51       16
..................................................................


WIND (MPH)
  HIGHEST WIND SPEED    18   HIGHEST WIND DIRECTION    NW (330)
  HIGHEST GUST SPEED    23   HIGHEST GUST DIRECTION    NW (330)
  AVERAGE WIND SPEED     8.0


SKY COVER
  POSSIBLE SUNSHINE  MM
  AVERAGE SKY COVER 0.9


WEATHER CONDITIONS
 THE FOLLOWING WEATHER WAS RECORDED TODAY.
  RAIN
  LIGHT RAIN
  FOG


RELATIVE HUMIDITY (PERCENT)
 HIGHEST    93           400 AM
 LOWEST     78          1200 AM
 AVERAGE    86

..........................................................


THE SHREVEPORT CLIMATE NORMALS FOR TOMORROW
                         NORMAL    RECORD    YEAR
 MAXIMUM TEMPERATURE (F)   63        87      1996
 MINIMUM TEMPERATURE (F)   41        19      1978


SUNRISE AND SUNSET
FEBRUARY 20 2017......SUNRISE   653 AM CST   SUNSET   606 PM CST
FEBRUARY 21 2017......SUNRISE   652 AM CST   SUNSET   607 PM CST


-  INDICATES NEGATIVE NUMBERS.
R  INDICATES RECORD WAS SET OR TIED.
MM INDICATES DATA IS MISSING.
T  INDICATES TRACE AMOUNT.




$$
