395
CDUS46 KMFR 190846
CLISIY


CLIMATE REPORT
NATIONAL WEATHER SERVICE MEDFORD, OR
1236 AM PST SUN FEB 19 2017


...................................

...THE MONTAGUE CA CLIMATE SUMMARY FOR FEBRUARY 18 2017...

CLIMATE NORMAL PERIOD 1981 TO 2010
CLIMATE RECORD PERIOD 1948 TO 2017


WEATHER ITEM   OBSERVED TIME   RECORD YEAR NORMAL DEPARTURE LAST
                VALUE   (LST)  VALUE       VALUE  FROM      YEAR
                                                  NORMAL
..................................................................
TEMPERATURE (F)
 YESTERDAY
  MAXIMUM         50    353 PM  65    1995  52     -2       48
  MINIMUM         37    637 AM  10    1990  28      9       33
  AVERAGE         44                        40      4       41

PRECIPITATION (IN)
  YESTERDAY        0.27          0.82 1980   0.08   0.19     0.08
  MONTH TO DATE    2.35                      1.22   1.13     0.90
  SINCE OCT 1     12.19                     10.25   1.94     9.56
  SINCE JAN 1      3.98                      3.42   0.56     4.47

SNOWFALL (IN)
  YESTERDAY       MM                        MM     MM       MM
  MONTH TO DATE   MM                        MM     MM       MM
  SINCE JUL 1     MM                        MM     MM       MM
  SNOW DEPTH      MM

DEGREE DAYS
 HEATING
  YESTERDAY       21                        25     -4       24
  MONTH TO DATE  402                       485    -83      394
  SINCE DEC 1   2479                      2331    148     2087
  SINCE JUL 1   3609                      3637    -28     3170

 COOLING
  YESTERDAY        0                         0      0        0
  MONTH TO DATE    0                         0      0        0
  SINCE DEC 1      0                         0      0        0
  SINCE JAN 1      0                         0      0        0
..................................................................


WIND (MPH)
  HIGHEST WIND SPEED    15   HIGHEST WIND DIRECTION     W (260)
  HIGHEST GUST SPEED    19   HIGHEST GUST DIRECTION    SW (240)
  AVERAGE WIND SPEED     4.8


SKY COVER
  POSSIBLE SUNSHINE  MM
  AVERAGE SKY COVER 0.9


WEATHER CONDITIONS
 THE FOLLOWING WEATHER WAS RECORDED YESTERDAY.
  LIGHT RAIN
  FOG


RELATIVE HUMIDITY (PERCENT)
 HIGHEST   100          1200 AM
 LOWEST     58           800 PM

..........................................................


THE MONTAGUE CA CLIMATE NORMALS FOR TODAY
                         NORMAL    RECORD    YEAR
 MAXIMUM TEMPERATURE (F)   52        68      1995
 MINIMUM TEMPERATURE (F)   28         5      1990


SUNRISE AND SUNSET
FEBRUARY 19 2017......SUNRISE   659 AM PST   SUNSET   549 PM PST
FEBRUARY 20 2017......SUNRISE   658 AM PST   SUNSET   550 PM PST


-  INDICATES NEGATIVE NUMBERS.
R  INDICATES RECORD WAS SET OR TIED.
MM INDICATES DATA IS MISSING.
T  INDICATES TRACE AMOUNT.




$$
