000
CDUS46 KMFR 210039
CLISIY


CLIMATE REPORT
NATIONAL WEATHER SERVICE MEDFORD, OR
439 PM PST SAT DEC 20 2014


...................................

...THE MONTAGUE CA CLIMATE SUMMARY FOR DECEMBER 20 2014...
VALID TODAY AS OF 0400 PM LOCAL TIME.

CLIMATE NORMAL PERIOD 1981 TO 2010
CLIMATE RECORD PERIOD 1948 TO 2014


WEATHER ITEM   OBSERVED TIME   RECORD YEAR NORMAL DEPARTURE LAST
                VALUE   (LST)  VALUE       VALUE  FROM      YEAR
                                                  NORMAL
..................................................................
TEMPERATURE (F)
 TODAY
  MAXIMUM         49    359 PM  57    1994  44      5       38
  MINIMUM         42    451 AM   7    1984  26     16       17
  AVERAGE         46                        35     11       28

PRECIPITATION (IN)
  TODAY            0.05          2.75 1981   0.09  -0.04      T
  MONTH TO DATE    2.41                      1.72   0.69     0.09
  SINCE SEP 1      6.98                      6.53   0.45     1.38
  SINCE JAN 1     13.15                     17.53  -4.38     5.71

SNOWFALL (IN)
  TODAY           MM                        MM     MM       MM
  MONTH TO DATE   MM                        MM     MM       MM
  SINCE JUL 1     MM                        MM     MM        0.0
  SNOW DEPTH      MM

DEGREE DAYS
 HEATING
  TODAY           19                        30    -11       37
  MONTH TO DATE  430                       598   -168      807
  SINCE DEC 1    430                       598   -168      807
  SINCE JUL 1   1435                      1904   -469     2127

 COOLING
  TODAY            0                         0      0        0
  MONTH TO DATE    0                         0      0        0
  SINCE DEC 1      0                         0      0        0
  SINCE JAN 1    913                       544    369      776
..................................................................


WIND (MPH)
  HIGHEST WIND SPEED    24   HIGHEST WIND DIRECTION     S (170)
  HIGHEST GUST SPEED    29   HIGHEST GUST DIRECTION     S (170)
  AVERAGE WIND SPEED    11.1


SKY COVER
  POSSIBLE SUNSHINE  MM
  AVERAGE SKY COVER 1.0


WEATHER CONDITIONS
 THE FOLLOWING WEATHER WAS RECORDED TODAY.
  LIGHT RAIN


RELATIVE HUMIDITY (PERCENT)
 HIGHEST    89          1200 AM
 LOWEST     66          1000 AM

..........................................................


THE MONTAGUE CA CLIMATE NORMALS FOR TOMORROW
                         NORMAL    RECORD    YEAR
 MAXIMUM TEMPERATURE (F)   44        58      1955
 MINIMUM TEMPERATURE (F)   26        -3      1990


SUNRISE AND SUNSET
DECEMBER 20 2014......SUNRISE   733 AM PST   SUNSET   442 PM PST
DECEMBER 21 2014......SUNRISE   734 AM PST   SUNSET   442 PM PST


-  INDICATES NEGATIVE NUMBERS.
R  INDICATES RECORD WAS SET OR TIED.
MM INDICATES DATA IS MISSING.
T  INDICATES TRACE AMOUNT.




$$
