000
CDUS46 KMFR 270900
CLISIY


CLIMATE REPORT
NATIONAL WEATHER SERVICE MEDFORD, OR
159 AM PDT THU AUG 27 2015


...................................

...THE MONTAGUE CA CLIMATE SUMMARY FOR AUGUST 26 2015...

CLIMATE NORMAL PERIOD 1981 TO 2010
CLIMATE RECORD PERIOD 1948 TO 2015


WEATHER ITEM   OBSERVED TIME   RECORD YEAR NORMAL DEPARTURE LAST
                VALUE   (LST)  VALUE       VALUE  FROM      YEAR
                                                  NORMAL
..................................................................
TEMPERATURE (F)
 YESTERDAY
  MAXIMUM         92    246 PM  97    1988  87      5       94
  MINIMUM         54    549 AM  33    1993  49      5       53
  AVERAGE         73                        68      5       74

PRECIPITATION (IN)
  YESTERDAY        0.00          0.12 1978   0.01  -0.01     0.00
  MONTH TO DATE    0.01                      0.32  -0.31      T
  SINCE OCT 1     13.13                     17.81  -4.68     6.81
  SINCE JAN 1      7.22                     10.98  -3.76     6.17

SNOWFALL (IN)
  YESTERDAY       MM                        MM     MM       MM
  MONTH TO DATE   MM                        MM     MM       MM
  SINCE JUL 1     MM                        MM     MM       MM
  SNOW DEPTH      MM

DEGREE DAYS
 HEATING
  YESTERDAY        0                         1     -1        0
  MONTH TO DATE    0                         4     -4        0
  SINCE JUN 1     17                       101    -84       46
  SINCE JUL 1      0                         8     -8        0

 COOLING
  YESTERDAY        8                         4      4        9
  MONTH TO DATE  238                       171     67      250
  SINCE JUN 1    796                       471    325      764
  SINCE JAN 1    811                       484    327      771
..................................................................


WIND (MPH)
  HIGHEST WIND SPEED    23   HIGHEST WIND DIRECTION    SE (150)
  HIGHEST GUST SPEED    28   HIGHEST GUST DIRECTION    SE (150)
  AVERAGE WIND SPEED     6.6


SKY COVER
  POSSIBLE SUNSHINE  MM
  AVERAGE SKY COVER 0.3


WEATHER CONDITIONS
 THE FOLLOWING WEATHER WAS RECORDED YESTERDAY.
  HAZE


RELATIVE HUMIDITY (PERCENT)
 HIGHEST    45           500 AM
 LOWEST     16           200 PM

..........................................................


THE MONTAGUE CA CLIMATE NORMALS FOR TODAY
                         NORMAL    RECORD    YEAR
 MAXIMUM TEMPERATURE (F)   87        99      1971
 MINIMUM TEMPERATURE (F)   49        40      1960


SUNRISE AND SUNSET
AUGUST 27 2015........SUNRISE   630 AM PDT   SUNSET   752 PM PDT
AUGUST 28 2015........SUNRISE   631 AM PDT   SUNSET   750 PM PDT


-  INDICATES NEGATIVE NUMBERS.
R  INDICATES RECORD WAS SET OR TIED.
MM INDICATES DATA IS MISSING.
T  INDICATES TRACE AMOUNT.




$$
