000
CDUS46 KMFR 220842
CLISIY


CLIMATE REPORT
NATIONAL WEATHER SERVICE MEDFORD, OR
141 AM PDT FRI AUG 22 2014


...................................

...THE MONTAGUE CA CLIMATE SUMMARY FOR AUGUST 21 2014...

CLIMATE NORMAL PERIOD 1981 TO 2010
CLIMATE RECORD PERIOD 1948 TO 2014


WEATHER ITEM   OBSERVED TIME   RECORD YEAR NORMAL DEPARTURE LAST
                VALUE   (LST)  VALUE       VALUE  FROM      YEAR
                                                  NORMAL
..................................................................
TEMPERATURE (F)
 YESTERDAY
  MAXIMUM         90    313 PM  99    1967  89      1       97
  MINIMUM         54    534 AM  42    2002  51      3       60
  AVERAGE         72                        70      2       79

PRECIPITATION (IN)
  YESTERDAY        0.00          0.56 1991   0.00   0.00     0.00
  MONTH TO DATE    T                         0.30  -0.30     0.17
  SINCE SEP 1      7.55                     18.43 -10.88     8.82
  SINCE JAN 1      6.17                     10.96  -4.79     4.00

SNOWFALL (IN)
  YESTERDAY       MM                        MM     MM       MM
  MONTH TO DATE   MM                        MM     MM       MM
  SINCE JUL 1     MM                        MM     MM       MM
  SNOW DEPTH      MM

DEGREE DAYS
 HEATING
  YESTERDAY        0                         0      0        0
  MONTH TO DATE    0                         0      0        0
  SINCE JUN 1     46                        97    -51       70
  SINCE JUL 1      0                         4     -4        0

 COOLING
  YESTERDAY        7                         5      2       14
  MONTH TO DATE  218                       149     69      148
  SINCE JUN 1    732                       449    283      635
  SINCE JAN 1    739                       462    277      647
..................................................................


WIND (MPH)
  HIGHEST WIND SPEED    23   HIGHEST WIND DIRECTION    NE (30)
  HIGHEST GUST SPEED    27   HIGHEST GUST DIRECTION     N (20)
  AVERAGE WIND SPEED     6.9


SKY COVER
  POSSIBLE SUNSHINE  MM
  AVERAGE SKY COVER 0.1


WEATHER CONDITIONS
 THE FOLLOWING WEATHER WAS RECORDED YESTERDAY.
  NO SIGNIFICANT WEATHER WAS OBSERVED.


RELATIVE HUMIDITY (PERCENT)
 HIGHEST    72           600 AM
 LOWEST     11           300 PM

..........................................................


THE MONTAGUE CA CLIMATE NORMALS FOR TODAY
                         NORMAL    RECORD    YEAR
 MAXIMUM TEMPERATURE (F)   88       100      1988
 MINIMUM TEMPERATURE (F)   50        38      1992


SUNRISE AND SUNSET
AUGUST 22 2014........SUNRISE   625 AM PDT   SUNSET   759 PM PDT
AUGUST 23 2014........SUNRISE   627 AM PDT   SUNSET   758 PM PDT


-  INDICATES NEGATIVE NUMBERS.
R  INDICATES RECORD WAS SET OR TIED.
MM INDICATES DATA IS MISSING.
T  INDICATES TRACE AMOUNT.




$$
