000
CDUS46 KMFR 030836
CLISIY


CLIMATE REPORT
NATIONAL WEATHER SERVICE MEDFORD, OR
136 AM PDT WED JUN 3 2015


...................................

...THE MONTAGUE CA CLIMATE SUMMARY FOR JUNE 2 2015...

CLIMATE NORMAL PERIOD 1981 TO 2010
CLIMATE RECORD PERIOD 1948 TO 2015


WEATHER ITEM   OBSERVED TIME   RECORD YEAR NORMAL DEPARTURE LAST
                VALUE   (LST)  VALUE       VALUE  FROM      YEAR
                                                  NORMAL
..................................................................
TEMPERATURE (F)
 YESTERDAY
  MAXIMUM         71    228 PM  96    1960  76     -5       89
  MINIMUM         47    320 AM  31    1990  44      3       47
  AVERAGE         59                        60     -1       68

PRECIPITATION (IN)
  YESTERDAY        0.00          0.45 1961   0.05  -0.05     0.00
  MONTH TO DATE    0.35                      0.11   0.24     0.00
  SINCE OCT 1     12.31                     16.44  -4.13     6.47
  SINCE JAN 1      6.40                      9.61  -3.21     5.83

SNOWFALL (IN)
  YESTERDAY       MM                        MM     MM       MM
  MONTH TO DATE   MM                        MM     MM       MM
  SINCE JUL 1     MM                        MM     MM        0.0
  SNOW DEPTH      MM

DEGREE DAYS
 HEATING
  YESTERDAY        6                         6      0        0
  MONTH TO DATE   12                        12      0        0
  SINCE JUN 1     12                        12      0        0
  SINCE JUL 1   4351                      5401  -1050     5235

 COOLING
  YESTERDAY        0                         1     -1        3
  MONTH TO DATE    0                         2     -2        4
  SINCE JUN 1      0                         2     -2        4
  SINCE JAN 1     15                        15      0       11
..................................................................


WIND (MPH)
  HIGHEST WIND SPEED    17   HIGHEST WIND DIRECTION     N (10)
  HIGHEST GUST SPEED    22   HIGHEST GUST DIRECTION     N (10)
  AVERAGE WIND SPEED     6.5


SKY COVER
  POSSIBLE SUNSHINE  MM
  AVERAGE SKY COVER 0.6


WEATHER CONDITIONS
 THE FOLLOWING WEATHER WAS RECORDED YESTERDAY.
  NO SIGNIFICANT WEATHER WAS OBSERVED.


RELATIVE HUMIDITY (PERCENT)
 HIGHEST    93          1200 AM
 LOWEST     40           100 PM

..........................................................


THE MONTAGUE CA CLIMATE NORMALS FOR TODAY
                         NORMAL    RECORD    YEAR
 MAXIMUM TEMPERATURE (F)   76        97      1992
 MINIMUM TEMPERATURE (F)   44        32      1966


SUNRISE AND SUNSET
JUNE  3 2015..........SUNRISE   537 AM PDT   SUNSET   840 PM PDT
JUNE  4 2015..........SUNRISE   536 AM PDT   SUNSET   840 PM PDT


-  INDICATES NEGATIVE NUMBERS.
R  INDICATES RECORD WAS SET OR TIED.
MM INDICATES DATA IS MISSING.
T  INDICATES TRACE AMOUNT.




$$
