238
CDUS46 KMFR 190045
CLISIY


CLIMATE REPORT
NATIONAL WEATHER SERVICE MEDFORD, OR
444 PM PST SUN FEB 18 2018


...................................

...THE MONTAGUE CA CLIMATE SUMMARY FOR FEBRUARY 18 2018...
VALID TODAY AS OF 0400 PM LOCAL TIME.

CLIMATE NORMAL PERIOD 1981 TO 2010
CLIMATE RECORD PERIOD 1948 TO 2018


WEATHER ITEM   OBSERVED TIME   RECORD YEAR NORMAL DEPARTURE LAST
                VALUE   (LST)  VALUE       VALUE  FROM      YEAR
                                                  NORMAL
..................................................................
TEMPERATURE (F)
 TODAY
  MAXIMUM         43   1240 PM  65    1995  52     -9       50
  MINIMUM         25    644 AM  10    1990  28     -3       37
  AVERAGE         34                        40     -6       44

PRECIPITATION (IN)
  TODAY            T             0.82 1980   0.08  -0.08     0.27
  MONTH TO DATE    0.01                      1.22  -1.21     2.35
  SINCE OCT 1      3.57                     10.25  -6.68    12.19
  SINCE JAN 1      1.30                      3.42  -2.12     3.98

SNOWFALL (IN)
  TODAY           MM                        MM     MM       MM
  MONTH TO DATE   MM                        MM     MM       MM
  SINCE JUL 1     MM                        MM     MM       MM
  SNOW DEPTH      MM

DEGREE DAYS
 HEATING
  TODAY           31                        25      6       21
  MONTH TO DATE  458                       485    -27      402
  SINCE DEC 1   2254                      2331    -77     2479
  SINCE JUL 1   3484                      3637   -153     3609

 COOLING
  TODAY            0                         0      0        0
  MONTH TO DATE    0                         0      0        0
  SINCE DEC 1      0                         0      0        0
  SINCE JAN 1      0                         0      0        0
..................................................................


WIND (MPH)
  HIGHEST WIND SPEED    25   HIGHEST WIND DIRECTION     W (250)
  HIGHEST GUST SPEED    32   HIGHEST GUST DIRECTION     W (270)
  AVERAGE WIND SPEED     8.1


SKY COVER
  POSSIBLE SUNSHINE  MM
  AVERAGE SKY COVER 0.4


WEATHER CONDITIONS
 THE FOLLOWING WEATHER WAS RECORDED TODAY.
  LIGHT SNOW
  FOG


RELATIVE HUMIDITY (PERCENT)
 HIGHEST    81           700 AM
 LOWEST     36           100 PM

..........................................................


THE MONTAGUE CA CLIMATE NORMALS FOR TOMORROW
                         NORMAL    RECORD    YEAR
 MAXIMUM TEMPERATURE (F)   52        68      1995
 MINIMUM TEMPERATURE (F)   28         5      1990


SUNRISE AND SUNSET
FEBRUARY 18 2018......SUNRISE   701 AM PST   SUNSET   547 PM PST
FEBRUARY 19 2018......SUNRISE   700 AM PST   SUNSET   548 PM PST


-  INDICATES NEGATIVE NUMBERS.
R  INDICATES RECORD WAS SET OR TIED.
MM INDICATES DATA IS MISSING.
T  INDICATES TRACE AMOUNT.




$$
