000
CDUS46 KMFR 220036
CLISIY


CLIMATE REPORT
NATIONAL WEATHER SERVICE MEDFORD, OR
535 PM PDT THU SEP 21 2017


...................................

...THE MONTAGUE CA CLIMATE SUMMARY FOR SEPTEMBER 21 2017...
VALID TODAY AS OF 0500 PM LOCAL TIME.

CLIMATE NORMAL PERIOD 1981 TO 2010
CLIMATE RECORD PERIOD 1948 TO 2017


WEATHER ITEM   OBSERVED TIME   RECORD YEAR NORMAL DEPARTURE LAST
                VALUE   (LST)  VALUE       VALUE  FROM      YEAR
                                                  NORMAL
..................................................................
TEMPERATURE (F)
 TODAY
  MAXIMUM         59    158 PM  96    1974  80    -21       70
  MINIMUM         44    400 AM  30    2004  41      3       46
  AVERAGE         52                        61     -9       58

PRECIPITATION (IN)
  TODAY            0.00          0.47 1956   0.03  -0.03     0.07
  MONTH TO DATE    0.07                      0.36  -0.29     0.07
  SINCE OCT 1     15.98                     18.19  -2.21    15.21
  SINCE JAN 1      7.77                     11.36  -3.59    10.12

SNOWFALL (IN)
  TODAY           MM                        MM     MM       MM
  MONTH TO DATE   MM                        MM     MM       MM
  SINCE JUL 1     MM                        MM     MM       MM
  SNOW DEPTH      MM

DEGREE DAYS
 HEATING
  TODAY           13                         5      8        7
  MONTH TO DATE   62                        66     -4       54
  SINCE SEP 1     62                        66     -4       54
  SINCE JUL 1     62                        83    -21       67

 COOLING
  TODAY            0                         1     -1        0
  MONTH TO DATE   85                        37     48       21
  SINCE SEP 1     85                        37     48       21
  SINCE JAN 1    902                       538    364      675
..................................................................


WIND (MPH)
  HIGHEST WIND SPEED    21   HIGHEST WIND DIRECTION     N (10)
  HIGHEST GUST SPEED    24   HIGHEST GUST DIRECTION     N (20)
  AVERAGE WIND SPEED     6.3


SKY COVER
  POSSIBLE SUNSHINE  MM
  AVERAGE SKY COVER 0.6


WEATHER CONDITIONS
 THE FOLLOWING WEATHER WAS RECORDED TODAY.
  NO SIGNIFICANT WEATHER WAS OBSERVED.


RELATIVE HUMIDITY (PERCENT)
 HIGHEST    76           100 AM
 LOWEST     36           200 PM

..........................................................


THE MONTAGUE CA CLIMATE NORMALS FOR TOMORROW
                         NORMAL    RECORD    YEAR
 MAXIMUM TEMPERATURE (F)   80        95      2009
                                             1974
 MINIMUM TEMPERATURE (F)   41        32      1968


SUNRISE AND SUNSET
SEPTEMBER 21 2017.....SUNRISE   657 AM PDT   SUNSET   708 PM PDT
SEPTEMBER 22 2017.....SUNRISE   658 AM PDT   SUNSET   706 PM PDT


-  INDICATES NEGATIVE NUMBERS.
R  INDICATES RECORD WAS SET OR TIED.
MM INDICATES DATA IS MISSING.
T  INDICATES TRACE AMOUNT.




$$
