000
CDUS46 KMFR 250045
CLISIY


CLIMATE REPORT
NATIONAL WEATHER SERVICE MEDFORD, OR
444 PM PST FRI NOV 24 2017


...................................

...THE MONTAGUE CA CLIMATE SUMMARY FOR NOVEMBER 24 2017...
VALID TODAY AS OF 0400 PM LOCAL TIME.

CLIMATE NORMAL PERIOD 1981 TO 2010
CLIMATE RECORD PERIOD 1948 TO 2017


WEATHER ITEM   OBSERVED TIME   RECORD YEAR NORMAL DEPARTURE LAST
                VALUE   (LST)  VALUE       VALUE  FROM      YEAR
                                                  NORMAL
..................................................................
TEMPERATURE (F)
 TODAY
  MAXIMUM         54   1205 AM  63    1949  47      7       50
  MINIMUM         39    722 AM  10    1993  27     12       29
  AVERAGE         47                        37     10       40

PRECIPITATION (IN)
  TODAY            T             1.60 1960   0.11  -0.11     0.00
  MONTH TO DATE    1.19                      2.29  -1.10     1.60
  SINCE OCT 1      1.62                      3.49  -1.87     5.78
  SINCE JAN 1      9.39                     15.13  -5.74    16.01

SNOWFALL (IN)
  TODAY           MM                        MM     MM       MM
  MONTH TO DATE   MM                        MM     MM       MM
  SINCE JUL 1     MM                        MM     MM       MM
  SNOW DEPTH      MM

DEGREE DAYS
 HEATING
  TODAY           18                        28    -10       25
  MONTH TO DATE  509                       581    -72      435
  SINCE SEP 1   1074                      1117    -43      961
  SINCE JUL 1   1074                      1134    -60      974

 COOLING
  TODAY            0                         0      0        0
  MONTH TO DATE    0                         0      0        0
  SINCE SEP 1     85                        43     42       35
  SINCE JAN 1    902                       544    358      689
..................................................................


WIND (MPH)
  HIGHEST WIND SPEED    20   HIGHEST WIND DIRECTION    NW (310)
  HIGHEST GUST SPEED    26   HIGHEST GUST DIRECTION    NW (310)
  AVERAGE WIND SPEED     7.5


SKY COVER
  POSSIBLE SUNSHINE  MM
  AVERAGE SKY COVER 0.1


WEATHER CONDITIONS
 THE FOLLOWING WEATHER WAS RECORDED TODAY.
  LIGHT RAIN


RELATIVE HUMIDITY (PERCENT)
 HIGHEST    86           400 AM
 LOWEST     59          1200 PM

..........................................................


THE MONTAGUE CA CLIMATE NORMALS FOR TOMORROW
                         NORMAL    RECORD    YEAR
 MAXIMUM TEMPERATURE (F)   46        63      1995
 MINIMUM TEMPERATURE (F)   27        10      1993


SUNRISE AND SUNSET
NOVEMBER 24 2017......SUNRISE   710 AM PST   SUNSET   443 PM PST
NOVEMBER 25 2017......SUNRISE   711 AM PST   SUNSET   442 PM PST


-  INDICATES NEGATIVE NUMBERS.
R  INDICATES RECORD WAS SET OR TIED.
MM INDICATES DATA IS MISSING.
T  INDICATES TRACE AMOUNT.




$$
