000
CDUS46 KMFR 240836
CLISIY


CLIMATE REPORT
NATIONAL WEATHER SERVICE MEDFORD, OR
135 AM PDT MON JUL 24 2017


...................................

...THE MONTAGUE CA CLIMATE SUMMARY FOR JULY 23 2017...

CLIMATE NORMAL PERIOD 1981 TO 2010
CLIMATE RECORD PERIOD 1948 TO 2017


WEATHER ITEM   OBSERVED TIME   RECORD YEAR NORMAL DEPARTURE LAST
                VALUE   (LST)  VALUE       VALUE  FROM      YEAR
                                                  NORMAL
..................................................................
TEMPERATURE (F)
 YESTERDAY
  MAXIMUM        100    339 PM 104    2006  93      7       93
  MINIMUM         57    523 AM  42    1992  55      2       49
  AVERAGE         79                        74      5       71

PRECIPITATION (IN)
  YESTERDAY        0.00          0.02 1994   0.02  -0.02     0.00
  MONTH TO DATE    0.00                      0.28  -0.28     0.05
  SINCE OCT 1     15.89                     17.32  -1.43    15.12
  SINCE JAN 1      7.68                     10.49  -2.81    10.03

SNOWFALL (IN)
  YESTERDAY       MM                        MM     MM       MM
  MONTH TO DATE   MM                        MM     MM       MM
  SINCE JUL 1     MM                        MM     MM       MM
  SNOW DEPTH      MM

DEGREE DAYS
 HEATING
  YESTERDAY        0                         0      0        0
  MONTH TO DATE    0                         1     -1       12
  SINCE JUN 1     88                        94     -6       85
  SINCE JUL 1      0                         1     -1       12

 COOLING
  YESTERDAY       14                         9      5        6
  MONTH TO DATE  228                       170     58      122
  SINCE JUN 1    366                       228    138      254
  SINCE JAN 1    381                       241    140      258
..................................................................


WIND (MPH)
  HIGHEST WIND SPEED    18   HIGHEST WIND DIRECTION    NW (330)
  HIGHEST GUST SPEED    23   HIGHEST GUST DIRECTION    NW (330)
  AVERAGE WIND SPEED     4.9


SKY COVER
  POSSIBLE SUNSHINE  MM
  AVERAGE SKY COVER 0.0


WEATHER CONDITIONS
 THE FOLLOWING WEATHER WAS RECORDED YESTERDAY.
  NO SIGNIFICANT WEATHER WAS OBSERVED.


RELATIVE HUMIDITY (PERCENT)
 HIGHEST    64           500 AM
 LOWEST     12           300 PM

..........................................................


THE MONTAGUE CA CLIMATE NORMALS FOR TODAY
                         NORMAL    RECORD    YEAR
 MAXIMUM TEMPERATURE (F)   93       103      2010
 MINIMUM TEMPERATURE (F)   55        41      1993


SUNRISE AND SUNSET
JULY 24 2017..........SUNRISE   557 AM PDT   SUNSET   836 PM PDT
JULY 25 2017..........SUNRISE   557 AM PDT   SUNSET   835 PM PDT


-  INDICATES NEGATIVE NUMBERS.
R  INDICATES RECORD WAS SET OR TIED.
MM INDICATES DATA IS MISSING.
T  INDICATES TRACE AMOUNT.




$$
