000
CDUS46 KMFR 170051
CLISIY


CLIMATE REPORT
NATIONAL WEATHER SERVICE MEDFORD, OR
551 PM PDT TUE SEP 16 2014


...................................

...THE MONTAGUE CA CLIMATE SUMMARY FOR SEPTEMBER 16 2014...
VALID TODAY AS OF 0500 PM LOCAL TIME.

CLIMATE NORMAL PERIOD 1981 TO 2010
CLIMATE RECORD PERIOD 1948 TO 2014


WEATHER ITEM   OBSERVED TIME   RECORD YEAR NORMAL DEPARTURE LAST
                VALUE   (LST)  VALUE       VALUE  FROM      YEAR
                                                  NORMAL
..................................................................
TEMPERATURE (F)
 TODAY
  MAXIMUM         89    201 PM  99    1981  81      8       83
  MINIMUM         52    543 AM  34    1949  43      9       48
  AVERAGE         71                        62      9       66

PRECIPITATION (IN)
  TODAY            0.00          0.54 1976   0.03  -0.03     0.00
  MONTH TO DATE    0.00                      0.21  -0.21     0.02
  SINCE SEP 1      0.00                      0.21  -0.21     0.02
  SINCE JAN 1      6.17                     11.21  -5.04     4.35

SNOWFALL (IN)
  TODAY           MM                        MM     MM       MM
  MONTH TO DATE   MM                        MM     MM       MM
  SINCE JUL 1     MM                        MM     MM       MM
  SNOW DEPTH      MM

DEGREE DAYS
 HEATING
  TODAY            0                         4     -4        0
  MONTH TO DATE    0                        43    -43        4
  SINCE SEP 1      0                        43    -43        4
  SINCE JUL 1      0                        60    -60        4

 COOLING
  TODAY            6                         1      5        1
  MONTH TO DATE   73                        32     41       87
  SINCE SEP 1     73                        32     41       87
  SINCE JAN 1    874                       533    341      776
..................................................................


WIND (MPH)
  HIGHEST WIND SPEED    22   HIGHEST WIND DIRECTION     S (160)
  HIGHEST GUST SPEED    26   HIGHEST GUST DIRECTION     S (160)
  AVERAGE WIND SPEED     8.3


SKY COVER
  POSSIBLE SUNSHINE  MM
  AVERAGE SKY COVER 0.0


WEATHER CONDITIONS
 THE FOLLOWING WEATHER WAS RECORDED TODAY.
  NO SIGNIFICANT WEATHER WAS OBSERVED.


RELATIVE HUMIDITY (PERCENT)
 HIGHEST    46           600 AM
 LOWEST     10           200 PM

..........................................................


THE MONTAGUE CA CLIMATE NORMALS FOR TOMORROW
                         NORMAL    RECORD    YEAR
 MAXIMUM TEMPERATURE (F)   81        98      1991
 MINIMUM TEMPERATURE (F)   43        33      1988


SUNRISE AND SUNSET
SEPTEMBER 16 2014.....SUNRISE   651 AM PDT   SUNSET   717 PM PDT
SEPTEMBER 17 2014.....SUNRISE   652 AM PDT   SUNSET   716 PM PDT


-  INDICATES NEGATIVE NUMBERS.
R  INDICATES RECORD WAS SET OR TIED.
MM INDICATES DATA IS MISSING.
T  INDICATES TRACE AMOUNT.




$$
