000
CDUS46 KMFR 260038
CLISIY


CLIMATE REPORT
NATIONAL WEATHER SERVICE MEDFORD, OR
538 PM PDT SAT OCT 25 2014


...................................

...THE MONTAGUE CA CLIMATE SUMMARY FOR OCTOBER 25 2014...
VALID TODAY AS OF 0500 PM LOCAL TIME.

CLIMATE NORMAL PERIOD 1981 TO 2010
CLIMATE RECORD PERIOD 1948 TO 2014


WEATHER ITEM   OBSERVED TIME   RECORD YEAR NORMAL DEPARTURE LAST
                VALUE   (LST)  VALUE       VALUE  FROM      YEAR
                                                  NORMAL
..................................................................
TEMPERATURE (F)
 TODAY
  MAXIMUM         62    145 PM  82    1988  62      0       73
  MINIMUM         50    632 AM  22    2001  34     16       27
  AVERAGE         56                        48      8       50

PRECIPITATION (IN)
  TODAY            0.10          1.06 1979   0.06   0.04     0.00
  MONTH TO DATE    1.59                      0.79   0.80      T
  SINCE SEP 1      2.97                      1.43   1.54     0.74
  SINCE JAN 1      9.14                     12.43  -3.29     5.07

SNOWFALL (IN)
  TODAY           MM                        MM     MM       MM
  MONTH TO DATE   MM                        MM     MM       MM
  SINCE JUL 1     MM                        MM     MM       MM
  SNOW DEPTH      MM

DEGREE DAYS
 HEATING
  TODAY            9                        17     -8       15
  MONTH TO DATE  190                       302   -112      382
  SINCE SEP 1    236                       427   -191      529
  SINCE JUL 1    236                       444   -208      529

 COOLING
  TODAY            0                         0      0        0
  MONTH TO DATE    0                         0      0        0
  SINCE SEP 1    112                        41     71       87
  SINCE JAN 1    913                       542    371      776
..................................................................


WIND (MPH)
  HIGHEST WIND SPEED    46   HIGHEST WIND DIRECTION     S (170)
  HIGHEST GUST SPEED    58   HIGHEST GUST DIRECTION    SE (150)
  AVERAGE WIND SPEED    29.8


SKY COVER
  POSSIBLE SUNSHINE  MM
  AVERAGE SKY COVER 0.3


WEATHER CONDITIONS
 THE FOLLOWING WEATHER WAS RECORDED TODAY.
  LIGHT RAIN


RELATIVE HUMIDITY (PERCENT)
 HIGHEST    63           700 AM
 LOWEST     53

..........................................................


THE MONTAGUE CA CLIMATE NORMALS FOR TOMORROW
                         NORMAL    RECORD    YEAR
 MAXIMUM TEMPERATURE (F)   62        80      1966
 MINIMUM TEMPERATURE (F)   34        23      2011
                                             2006


SUNRISE AND SUNSET
OCTOBER 25 2014.......SUNRISE   734 AM PDT   SUNSET   613 PM PDT
OCTOBER 26 2014.......SUNRISE   735 AM PDT   SUNSET   612 PM PDT


-  INDICATES NEGATIVE NUMBERS.
R  INDICATES RECORD WAS SET OR TIED.
MM INDICATES DATA IS MISSING.
T  INDICATES TRACE AMOUNT.




$$
