000
CDUS46 KMTR 240036
CLISJC


CLIMATE REPORT
NATIONAL WEATHER SERVICE SAN FRANCISCO BAY AREA
436 PM PST THU FEB 23 2017


...................................

...THE SAN JOSE CA CLIMATE SUMMARY FOR FEBRUARY 23 2017...
VALID TODAY AS OF 0400 PM LOCAL TIME.

CLIMATE NORMAL PERIOD 1981 TO 2010
CLIMATE RECORD PERIOD 1893 TO 2017


WEATHER ITEM   OBSERVED TIME   RECORD YEAR NORMAL DEPARTURE LAST
                VALUE   (LST)  VALUE       VALUE  FROM      YEAR
                                                  NORMAL
..................................................................
TEMPERATURE (F)
 TODAY
  MAXIMUM         54    223 PM  76    2002  63     -9       73
  MINIMUM         38    639 AM  24    1897  46     -8       46
  AVERAGE         46                        54     -8       60

PRECIPITATION (IN)
  TODAY            T             1.10 2000   0.11  -0.11     0.00
  MONTH TO DATE    5.20                      2.56   2.64     0.31
  SINCE OCT 1     15.19                     10.72   4.47     9.10
  SINCE JAN 1     10.81                      5.63   5.18     4.40

SNOWFALL (IN)
  TODAY           MM             0.0  1947
  MONTH TO DATE    0.0
  SINCE DEC 1      0.0
  SINCE JUL 1      0.0

DEGREE DAYS
 HEATING
  TODAY           19                        11      8        5
  MONTH TO DATE  211                       277    -66      187
  SINCE DEC 1   1123                      1207    -84      981
  SINCE JUL 1   1346                      1614   -268     1346

 COOLING
  TODAY            0                         0      0        0
  MONTH TO DATE    0                         0      0        0
  SINCE DEC 1      0                         0      0        0
  SINCE JAN 1      0                         0      0        0
..................................................................


WIND (MPH)
  RESULTANT WIND SPEED   4   RESULTANT WIND DIRECTION  NW (300)
  HIGHEST WIND SPEED    17   HIGHEST WIND DIRECTION     W (270)
  HIGHEST GUST SPEED    22   HIGHEST GUST DIRECTION    NW (300)
  AVERAGE WIND SPEED     7.1


SKY COVER
  POSSIBLE SUNSHINE  MM
  AVERAGE SKY COVER 0.2


WEATHER CONDITIONS
 THE FOLLOWING WEATHER WAS RECORDED TODAY.
  NO SIGNIFICANT WEATHER WAS OBSERVED.


RELATIVE HUMIDITY (PERCENT)
 HIGHEST    79           700 AM
 LOWEST     41           300 PM
 AVERAGE    60

..........................................................


THE SAN JOSE CA CLIMATE NORMALS FOR TOMORROW
                         NORMAL    RECORD    YEAR
 MAXIMUM TEMPERATURE (F)   64        76      1947
 MINIMUM TEMPERATURE (F)   46        26      1897


SUNRISE AND SUNSET
FEBRUARY 23 2017......SUNRISE   646 AM PST   SUNSET   556 PM PST
FEBRUARY 24 2017......SUNRISE   645 AM PST   SUNSET   557 PM PST


-  INDICATES NEGATIVE NUMBERS.
R  INDICATES RECORD WAS SET OR TIED.
MM INDICATES DATA IS MISSING.
T  INDICATES TRACE AMOUNT.




$$
