000
CDUS46 KMTR 190026
CLISJC


CLIMATE REPORT
NATIONAL WEATHER SERVICE SAN FRANCISCO BAY AREA
425 PM PST SUN FEB 18 2018


...................................

...THE SAN JOSE CA CLIMATE SUMMARY FOR FEBRUARY 18 2018...
VALID TODAY AS OF 0400 PM LOCAL TIME.

CLIMATE NORMAL PERIOD 1981 TO 2010
CLIMATE RECORD PERIOD 1893 TO 2018


WEATHER ITEM   OBSERVED TIME   RECORD YEAR NORMAL DEPARTURE LAST
                VALUE   (LST)  VALUE       VALUE  FROM      YEAR
                                                  NORMAL
..................................................................
TEMPERATURE (F)
 TODAY
  MAXIMUM         60    152 PM  76    1977  63     -3       56
  MINIMUM         48    451 AM  31    1893  45      3       47
  AVERAGE         54                        54      0       52

PRECIPITATION (IN)
  TODAY            T             1.42 1958   0.12  -0.12     0.13
  MONTH TO DATE    T                         2.00  -2.00     2.99
  SINCE OCT 1      4.77                     10.16  -5.39    12.98
  SINCE JAN 1      3.20                      5.07  -1.87     8.60

SNOWFALL (IN)
  TODAY           MM             0.0  1947
  MONTH TO DATE    0.0
  SINCE DEC 1      0.0
  SINCE JUL 1      0.0

DEGREE DAYS
 HEATING
  TODAY           11                        11      0       13
  MONTH TO DATE  115                       222   -107      145
  SINCE DEC 1    838                      1152   -314     1057
  SINCE JUL 1   1055                      1559   -504     1280

 COOLING
  TODAY            0                         0      0        0
  MONTH TO DATE    0                         0      0        0
  SINCE DEC 1      0                         0      0        0
  SINCE JAN 1      0                         0      0        0
..................................................................


WIND (MPH)
  RESULTANT WIND SPEED  12   RESULTANT WIND DIRECTION   W (290)
  HIGHEST WIND SPEED    25   HIGHEST WIND DIRECTION     W (280)
  HIGHEST GUST SPEED    30   HIGHEST GUST DIRECTION     W (280)
  AVERAGE WIND SPEED    12.9


SKY COVER
  POSSIBLE SUNSHINE  MM
  AVERAGE SKY COVER 0.5


WEATHER CONDITIONS
 THE FOLLOWING WEATHER WAS RECORDED TODAY.
  FOG
  HAZE


RELATIVE HUMIDITY (PERCENT)
 HIGHEST    89          1200 AM
 LOWEST     40           200 PM
 AVERAGE    65

..........................................................


THE SAN JOSE CA CLIMATE NORMALS FOR TOMORROW
                         NORMAL    RECORD    YEAR
 MAXIMUM TEMPERATURE (F)   63        76      1896
 MINIMUM TEMPERATURE (F)   45        32      1893


SUNRISE AND SUNSET
FEBRUARY 18 2018......SUNRISE   653 AM PST   SUNSET   551 PM PST
FEBRUARY 19 2018......SUNRISE   652 AM PST   SUNSET   552 PM PST


-  INDICATES NEGATIVE NUMBERS.
R  INDICATES RECORD WAS SET OR TIED.
MM INDICATES DATA IS MISSING.
T  INDICATES TRACE AMOUNT.




$$
