000
CDUS46 KMTR 230026
CLISJC


CLIMATE REPORT
NATIONAL WEATHER SERVICE SAN FRANCISCO BAY AREA
526 PM PDT TUE APR 22 2014


...................................

...THE SAN JOSE CA CLIMATE SUMMARY FOR APRIL 22 2014...
VALID TODAY AS OF 0500 PM LOCAL TIME.

CLIMATE NORMAL PERIOD 1981 TO 2010
CLIMATE RECORD PERIOD 1893 TO 2014


WEATHER ITEM   OBSERVED TIME   RECORD YEAR NORMAL DEPARTURE LAST
                VALUE   (LST)  VALUE       VALUE  FROM      YEAR
                                                  NORMAL
..................................................................
TEMPERATURE (F)
 TODAY
  MAXIMUM         65    122 PM  89    1998  71     -6       87
  MINIMUM         50    439 AM  34    1897  49      1       54
  AVERAGE         58                        60     -2       71

PRECIPITATION (IN)
  TODAY            T             0.54 1902   0.03  -0.03     0.00
  MONTH TO DATE    0.39                      0.84  -0.45     0.26
  SINCE JUL 1      6.07                     14.20  -8.13     9.38
  SINCE JAN 1      4.51                      9.19  -4.68     2.19

SNOWFALL (IN)
  TODAY            0.0           0.0  1947
  MONTH TO DATE    0.0
  SINCE MAR 1      0.0
  SINCE JUL 1      0.0

DEGREE DAYS
 HEATING
  TODAY            7                         5      2        0
  MONTH TO DATE   93                       147    -54      102
  SINCE MAR 1    263                       402   -139      354
  SINCE JUL 1   1804                      1865    -61     1960

 COOLING
  TODAY            0                         1     -1        6
  MONTH TO DATE   11                         7      4       11
  SINCE MAR 1     15                        11      4       12
  SINCE JAN 1     15                        11      4       12
..................................................................


WIND (MPH)
  RESULTANT WIND SPEED  13   RESULTANT WIND DIRECTION   W (290)
  HIGHEST WIND SPEED    24   HIGHEST WIND DIRECTION    NW (300)
  HIGHEST GUST SPEED    31   HIGHEST GUST DIRECTION    NW (300)
  AVERAGE WIND SPEED    14.2


SKY COVER
  POSSIBLE SUNSHINE  MM
  AVERAGE SKY COVER 0.5


WEATHER CONDITIONS
 THE FOLLOWING WEATHER WAS RECORDED TODAY.
  NO SIGNIFICANT WEATHER WAS OBSERVED.


RELATIVE HUMIDITY (PERCENT)
 HIGHEST    83           200 AM
 LOWEST     24           200 PM
 AVERAGE    54

..........................................................


THE SAN JOSE CA CLIMATE NORMALS FOR TOMORROW
                         NORMAL    RECORD    YEAR
 MAXIMUM TEMPERATURE (F)   72        90      1946
 MINIMUM TEMPERATURE (F)   49        34      1894


SUNRISE AND SUNSET
APRIL 22 2014.........SUNRISE   624 AM PDT   SUNSET   749 PM PDT
APRIL 23 2014.........SUNRISE   622 AM PDT   SUNSET   750 PM PDT


-  INDICATES NEGATIVE NUMBERS.
R  INDICATES RECORD WAS SET OR TIED.
MM INDICATES DATA IS MISSING.
T  INDICATES TRACE AMOUNT.




$$
