000
CDUS44 KSJT 102225
CLISJT


CLIMATE REPORT
NATIONAL WEATHER SERVICE SAN ANGELO TX
525 PM CDT THU JUL 10 2014


...................................

...THE SAN ANGELO CLIMATE SUMMARY FOR JULY 10 2014...
VALID TODAY AS OF 0500 PM LOCAL TIME.

CLIMATE NORMAL PERIOD 1981 TO 2010
CLIMATE RECORD PERIOD 1907 TO 2014


WEATHER ITEM   OBSERVED TIME   RECORD YEAR NORMAL DEPARTURE LAST
                VALUE   (LST)  VALUE       VALUE  FROM      YEAR
                                                  NORMAL
..................................................................
TEMPERATURE (F)
 TODAY
  MAXIMUM         95    357 PM 105    1964  95      0      101
                                      1917
  MINIMUM         70    609 AM  64    1995  71     -1       72
  AVERAGE         83                        83      0       87

PRECIPITATION (IN)
  TODAY            0.00          0.50 1988   0.05  -0.05     0.00
  MONTH TO DATE    0.00                      0.46  -0.46     0.01
  SINCE JUN 1      2.29                      3.05  -0.76     1.41
  SINCE JAN 1     10.56                     11.07  -0.51     7.79

DEGREE DAYS
 HEATING
  TODAY            0                         0      0        0
  MONTH TO DATE    0                         0      0        0
  SINCE JUN 1      0                         0      0        0
  SINCE JUL 1      0                         0      0        0

 COOLING
  TODAY           18                        18      0       22
  MONTH TO DATE  184                       176      8      172
  SINCE JUN 1    668                       640     28      733
  SINCE JAN 1   1270                      1100    170     1329
..................................................................


WIND (MPH)
  HIGHEST WIND SPEED    18   HIGHEST WIND DIRECTION    SE (130)
  HIGHEST GUST SPEED    24   HIGHEST GUST DIRECTION     S (180)
  AVERAGE WIND SPEED    10.0


SKY COVER
  POSSIBLE SUNSHINE  MM
  AVERAGE SKY COVER 0.1


WEATHER CONDITIONS
 THE FOLLOWING WEATHER WAS RECORDED TODAY.
  NO SIGNIFICANT WEATHER WAS OBSERVED.


RELATIVE HUMIDITY (PERCENT)
 HIGHEST    73           500 AM
 LOWEST     28           300 PM
 AVERAGE    51

..........................................................


THE SAN ANGELO CLIMATE NORMALS FOR TOMORROW
                         NORMAL    RECORD    YEAR
 MAXIMUM TEMPERATURE (F)   95       108      1917
 MINIMUM TEMPERATURE (F)   71        62      1961


SUNRISE AND SUNSET
JULY 10 2014..........SUNRISE   645 AM CDT   SUNSET   849 PM CDT
JULY 11 2014..........SUNRISE   646 AM CDT   SUNSET   849 PM CDT


-  INDICATES NEGATIVE NUMBERS.
R  INDICATES RECORD WAS SET OR TIED.
MM INDICATES DATA IS MISSING.
T  INDICATES TRACE AMOUNT.




$$
