000
CDUS44 KSJT 202335
CLISJT


CLIMATE REPORT
NATIONAL WEATHER SERVICE SAN ANGELO TX
532 PM CST THU NOV 20 2014


...................................

...THE SAN ANGELO CLIMATE SUMMARY FOR NOVEMBER 20 2014...
VALID TODAY AS OF 0500 PM LOCAL TIME.

CLIMATE NORMAL PERIOD 1981 TO 2010
CLIMATE RECORD PERIOD 1907 TO 2014


WEATHER ITEM   OBSERVED TIME   RECORD YEAR NORMAL DEPARTURE LAST
                VALUE   (LST)  VALUE       VALUE  FROM      YEAR
                                                  NORMAL
..................................................................
TEMPERATURE (F)
 TODAY
  MAXIMUM         75    243 PM  87    1996  67      8       74
  MINIMUM         44    507 AM  22    1937  40      4       58
  AVERAGE         60                        53      7       66

PRECIPITATION (IN)
  TODAY            0.00          0.30 1962   0.03  -0.03     0.00
  MONTH TO DATE    3.00                      0.87   2.13     0.22
  SINCE SEP 1      4.33                      6.06  -1.73     6.30
  SINCE JAN 1     16.31                     20.13  -3.82    18.06

SNOWFALL (IN)
  TODAY            0.0           0.0  2002   0.1   -0.1      0.0
  MONTH TO DATE    T                         0.2   -0.2      0.0
  SINCE NOV 1      T                         0.2   -0.2      0.0
  SINCE JUL 1      T                         0.2   -0.2      0.0

DEGREE DAYS
 HEATING
  TODAY            5                        12     -7        0
  MONTH TO DATE  272                       171    101      171
  SINCE SEP 1    293                       262     31      253
  SINCE JUL 1    293                       262     31      253

 COOLING
  TODAY            0                         0      0        1
  MONTH TO DATE   10                        15     -5        9
  SINCE SEP 1    614                       463    151      534
  SINCE JAN 1   2872                      2499    373     2860
..................................................................


WIND (MPH)
  HIGHEST WIND SPEED    23   HIGHEST WIND DIRECTION     S (200)
  HIGHEST GUST SPEED    30   HIGHEST GUST DIRECTION     S (190)
  AVERAGE WIND SPEED    13.1


SKY COVER
  POSSIBLE SUNSHINE  MM
  AVERAGE SKY COVER 0.1


WEATHER CONDITIONS
 THE FOLLOWING WEATHER WAS RECORDED TODAY.
  NO SIGNIFICANT WEATHER WAS OBSERVED.


RELATIVE HUMIDITY (PERCENT)
 HIGHEST    93           600 AM
 LOWEST     31           300 PM
 AVERAGE    62

..........................................................


THE SAN ANGELO CLIMATE NORMALS FOR TOMORROW
                         NORMAL    RECORD    YEAR
 MAXIMUM TEMPERATURE (F)   66        85      1989
 MINIMUM TEMPERATURE (F)   40        20      1988


SUNRISE AND SUNSET
NOVEMBER 20 2014......SUNRISE   714 AM CST   SUNSET   541 PM CST
NOVEMBER 21 2014......SUNRISE   715 AM CST   SUNSET   541 PM CST


-  INDICATES NEGATIVE NUMBERS.
R  INDICATES RECORD WAS SET OR TIED.
MM INDICATES DATA IS MISSING.
T  INDICATES TRACE AMOUNT.




$$
