000
CDUS44 KSJT 280654
CLISJT


CLIMATE REPORT
NATIONAL WEATHER SERVICE SAN ANGELO TX
153 AM CDT THU AUG 28 2014


...................................

...THE SAN ANGELO CLIMATE SUMMARY FOR AUGUST 27 2014...

CLIMATE NORMAL PERIOD 1981 TO 2010
CLIMATE RECORD PERIOD 1907 TO 2014


WEATHER ITEM   OBSERVED TIME   RECORD YEAR NORMAL DEPARTURE LAST
                VALUE   (LST)  VALUE       VALUE  FROM      YEAR
                                                  NORMAL
..................................................................
TEMPERATURE (F)
 YESTERDAY
  MAXIMUM         97    422 PM 106    2002  93      4       85
  MINIMUM         71    611 AM  55    1926  69      2       67
  AVERAGE         84                        81      3       76

PRECIPITATION (IN)
  YESTERDAY        0.00          2.26 2006   0.09  -0.09      T
  MONTH TO DATE    0.63                      1.86  -1.23     0.81
  SINCE JUN 1      3.69                      5.65  -1.96     5.38
  SINCE JAN 1     11.96                     13.67  -1.71    11.76

DEGREE DAYS
 HEATING
  YESTERDAY        0                         0      0        0
  MONTH TO DATE    0                         0      0        0
  SINCE JUN 1      0                         0      0        0
  SINCE JUL 1      0                         0      0        0

 COOLING
  YESTERDAY       19                        16      3       11
  MONTH TO DATE  514                       488     26      542
  SINCE JUN 1   1577                      1515     62     1657
  SINCE JAN 1   2179                      1975    204     2253
..................................................................


WIND (MPH)
  HIGHEST WIND SPEED    15   HIGHEST WIND DIRECTION     E (90)
  HIGHEST GUST SPEED    22   HIGHEST GUST DIRECTION     E (100)
  AVERAGE WIND SPEED     5.1


SKY COVER
  POSSIBLE SUNSHINE  MM
  AVERAGE SKY COVER 0.0


WEATHER CONDITIONS
 THE FOLLOWING WEATHER WAS RECORDED YESTERDAY.
  NO SIGNIFICANT WEATHER WAS OBSERVED.


RELATIVE HUMIDITY (PERCENT)
 HIGHEST    73           400 AM
 LOWEST     33           300 PM
 AVERAGE    53

..........................................................


THE SAN ANGELO CLIMATE NORMALS FOR TODAY
                         NORMAL    RECORD    YEAR
 MAXIMUM TEMPERATURE (F)   93       108      2011
 MINIMUM TEMPERATURE (F)   69        52      1926


SUNRISE AND SUNSET
AUGUST 28 2014........SUNRISE   715 AM CDT   SUNSET   810 PM CDT
AUGUST 29 2014........SUNRISE   716 AM CDT   SUNSET   809 PM CDT


-  INDICATES NEGATIVE NUMBERS.
R  INDICATES RECORD WAS SET OR TIED.
MM INDICATES DATA IS MISSING.
T  INDICATES TRACE AMOUNT.


$$
