938
CDUS44 KSJT 250751
CLISJT


CLIMATE REPORT
NATIONAL WEATHER SERVICE SAN ANGELO TX
251 AM CDT SAT MAR 25 2017


...................................

...THE SAN ANGELO CLIMATE SUMMARY FOR MARCH 24 2017...

CLIMATE NORMAL PERIOD 1981 TO 2010
CLIMATE RECORD PERIOD 1907 TO 2017


WEATHER ITEM   OBSERVED TIME   RECORD YEAR NORMAL DEPARTURE LAST
                VALUE   (LST)  VALUE       VALUE  FROM      YEAR
                                                  NORMAL
..................................................................
TEMPERATURE (F)
 YESTERDAY
  MAXIMUM         80    344 PM  93    1988  74      6       67
  MINIMUM         54    653 AM  23    2006  46      8       40
  AVERAGE         67                        60      7       54

PRECIPITATION (IN)
  YESTERDAY        T             0.58 1919   0.05  -0.05     0.00
  MONTH TO DATE    0.04                      1.18  -1.14     3.33
  SINCE MAR 1      0.04                      1.18  -1.14     3.33
  SINCE JAN 1      2.75                      3.46  -0.71     4.13

SNOWFALL (IN)
  YESTERDAY        0.0           0.2  1974   0.0    0.0      0.0
  MONTH TO DATE    0.0                       0.1   -0.1       T
  SINCE NOV 1      T                         2.2   -2.2      3.1
  SINCE JUL 1      T                         2.2   -2.2      3.1
  SNOW DEPTH       0

DEGREE DAYS
 HEATING
  YESTERDAY        0                         7     -7       11
  MONTH TO DATE  105                       218   -113      128
  SINCE MAR 1    105                       218   -113      128
  SINCE JUL 1   1429                      2179   -750     1721

 COOLING
  YESTERDAY        2                         2      0        0
  MONTH TO DATE  100                        22     78       23
  SINCE MAR 1    100                        22     78       23
  SINCE JAN 1    127                        27    100       33
..................................................................


WIND (MPH)
  HIGHEST WIND SPEED    36   HIGHEST WIND DIRECTION     W (250)
  HIGHEST GUST SPEED    46   HIGHEST GUST DIRECTION    SW (230)
  AVERAGE WIND SPEED    16.4


SKY COVER
  POSSIBLE SUNSHINE  MM
  AVERAGE SKY COVER 0.3


WEATHER CONDITIONS
 THE FOLLOWING WEATHER WAS RECORDED YESTERDAY.
  LIGHT RAIN


RELATIVE HUMIDITY (PERCENT)
 HIGHEST    57           100 AM
 LOWEST     15           100 PM
 AVERAGE    36

..........................................................


THE SAN ANGELO CLIMATE NORMALS FOR TODAY
                         NORMAL    RECORD    YEAR
 MAXIMUM TEMPERATURE (F)   74        93      2011
 MINIMUM TEMPERATURE (F)   47        25      1955


SUNRISE AND SUNSET
MARCH 25 2017.........SUNRISE   739 AM CDT   SUNSET   757 PM CDT
MARCH 26 2017.........SUNRISE   738 AM CDT   SUNSET   758 PM CDT


-  INDICATES NEGATIVE NUMBERS.
R  INDICATES RECORD WAS SET OR TIED.
MM INDICATES DATA IS MISSING.
T  INDICATES TRACE AMOUNT.




$$
