000
CDUS44 KSJT 310658
CLISJT


CLIMATE REPORT
NATIONAL WEATHER SERVICE SAN ANGELO TX
156 AM CDT TUE MAY 31 2016


...................................

...THE SAN ANGELO CLIMATE SUMMARY FOR MAY 30 2016...

CLIMATE NORMAL PERIOD 1981 TO 2010
CLIMATE RECORD PERIOD 1907 TO 2016


WEATHER ITEM   OBSERVED TIME   RECORD YEAR NORMAL DEPARTURE LAST
                VALUE   (LST)  VALUE       VALUE  FROM      YEAR
                                                  NORMAL
..................................................................
TEMPERATURE (F)
 YESTERDAY
  MAXIMUM         86    412 PM 107    1927  90     -4       76
  MINIMUM         63    146 AM  46    1947  66     -3       61
  AVERAGE         75                        78     -3       69

PRECIPITATION (IN)
  YESTERDAY        1.27          1.57 1987   0.11   1.16     0.31
  MONTH TO DATE    6.19                      2.71   3.48     9.12
  SINCE MAR 1     14.62                      5.63   8.99    12.60
  SINCE JAN 1     15.42                      7.91   7.51    14.86

DEGREE DAYS
 HEATING
  YESTERDAY        0                         0      0        0
  MONTH TO DATE   22                         8     14        8
  SINCE MAR 1    232                       353   -121      338
  SINCE JUL 1   1825                      2314   -489     2185

 COOLING
  YESTERDAY       10                        13     -3        4
  MONTH TO DATE  265                       292    -27      265
  SINCE MAR 1    389                       443    -54      459
  SINCE JAN 1    399                       448    -49      461
..................................................................


WIND (MPH)
  HIGHEST WIND SPEED    28   HIGHEST WIND DIRECTION     N (350)
  HIGHEST GUST SPEED    36   HIGHEST GUST DIRECTION     N (10)
  AVERAGE WIND SPEED     7.3


SKY COVER
  POSSIBLE SUNSHINE  MM
  AVERAGE SKY COVER 0.6


WEATHER CONDITIONS
 THE FOLLOWING WEATHER WAS RECORDED YESTERDAY.
  THUNDERSTORM
  HEAVY RAIN
  RAIN
  LIGHT RAIN
  FOG


RELATIVE HUMIDITY (PERCENT)
 HIGHEST   100           600 AM
 LOWEST     58           600 PM
 AVERAGE    79

..........................................................


THE SAN ANGELO CLIMATE NORMALS FOR TODAY
                         NORMAL    RECORD    YEAR
 MAXIMUM TEMPERATURE (F)   90       104      1927
 MINIMUM TEMPERATURE (F)   66        51      1909


SUNRISE AND SUNSET
MAY 31 2016...........SUNRISE   638 AM CDT   SUNSET   841 PM CDT
JUNE  1 2016..........SUNRISE   638 AM CDT   SUNSET   842 PM CDT


-  INDICATES NEGATIVE NUMBERS.
R  INDICATES RECORD WAS SET OR TIED.
MM INDICATES DATA IS MISSING.
T  INDICATES TRACE AMOUNT.




$$
