961
CDUS44 KSJT 242328
CLISJT


CLIMATE REPORT
NATIONAL WEATHER SERVICE SAN ANGELO TX
527 PM CST FRI FEB 24 2017


...................................

...THE SAN ANGELO CLIMATE SUMMARY FOR FEBRUARY 24 2017...
VALID TODAY AS OF 0500 PM LOCAL TIME.

CLIMATE NORMAL PERIOD 1981 TO 2010
CLIMATE RECORD PERIOD 1907 TO 2017


WEATHER ITEM   OBSERVED TIME   RECORD YEAR NORMAL DEPARTURE LAST
                VALUE   (LST)  VALUE       VALUE  FROM      YEAR
                                                  NORMAL
..................................................................
TEMPERATURE (F)
 TODAY
  MAXIMUM         69    338 PM  93    2009  66      3       62
  MINIMUM         43    612 AM  14    1966  39      4       34
  AVERAGE         56                        52      4       48

PRECIPITATION (IN)
  TODAY            0.00          1.50 1992   0.04  -0.04     0.00
  MONTH TO DATE    1.23                      1.13   0.10     0.77
  SINCE DEC 1      3.45                      2.91   0.54     3.06
  SINCE JAN 1      2.71                      2.06   0.65     0.80

SNOWFALL (IN)
  TODAY            0.0           8.0  1924   0.0    0.0      0.0
  MONTH TO DATE    0.0                       0.3   -0.3      0.0
  SINCE NOV 1      T                         2.1   -2.1      3.1
  SINCE JUL 1      T                         2.1   -2.1      3.1

DEGREE DAYS
 HEATING
  TODAY            9                        13     -4       17
  MONTH TO DATE  180                       367   -187      278
  SINCE DEC 1   1129                      1511   -382     1253
  SINCE JUL 1   1297                      1911   -614     1539

 COOLING
  TODAY            0                         0      0        0
  MONTH TO DATE   15                         0     15       10
  SINCE DEC 1     17                         2     15       10
  SINCE JAN 1     16                         1     15       10
..................................................................


WIND (MPH)
  HIGHEST WIND SPEED    20   HIGHEST WIND DIRECTION     W (290)
  HIGHEST GUST SPEED    23   HIGHEST GUST DIRECTION    NW (300)
  AVERAGE WIND SPEED     7.6


SKY COVER
  POSSIBLE SUNSHINE  MM
  AVERAGE SKY COVER 0.1


WEATHER CONDITIONS
 THE FOLLOWING WEATHER WAS RECORDED TODAY.
  NO SIGNIFICANT WEATHER WAS OBSERVED.


RELATIVE HUMIDITY (PERCENT)
 HIGHEST    60           800 AM
 LOWEST     17           400 PM
 AVERAGE    39

..........................................................


THE SAN ANGELO CLIMATE NORMALS FOR TOMORROW
                         NORMAL    RECORD    YEAR
 MAXIMUM TEMPERATURE (F)   66        94      1918
 MINIMUM TEMPERATURE (F)   40        11      1960


SUNRISE AND SUNSET
FEBRUARY 24 2017......SUNRISE   714 AM CST   SUNSET   637 PM CST
FEBRUARY 25 2017......SUNRISE   713 AM CST   SUNSET   637 PM CST


-  INDICATES NEGATIVE NUMBERS.
R  INDICATES RECORD WAS SET OR TIED.
MM INDICATES DATA IS MISSING.
T  INDICATES TRACE AMOUNT.




$$
