000
CDUS44 KSJT 180750
CLISJT


CLIMATE REPORT
NATIONAL WEATHER SERVICE SAN ANGELO TX
250 AM CDT FRI AUG 18 2017


...................................

...THE SAN ANGELO CLIMATE SUMMARY FOR AUGUST 17 2017...

CLIMATE NORMAL PERIOD 1981 TO 2010
CLIMATE RECORD PERIOD 1907 TO 2017


WEATHER ITEM   OBSERVED TIME   RECORD YEAR NORMAL DEPARTURE LAST
                VALUE   (LST)  VALUE       VALUE  FROM      YEAR
                                                  NORMAL
..................................................................
TEMPERATURE (F)
 YESTERDAY
  MAXIMUM         97    149 PM 108    1924  95      2       88
  MINIMUM         72    539 AM  63    1915  71      1       72
                                      1908
  AVERAGE         85                        83      2       80

PRECIPITATION (IN)
  YESTERDAY        0.05          4.00 2007   0.07  -0.02     0.76
  MONTH TO DATE    1.70                      1.02   0.68     2.79
  SINCE JUN 1      4.91                      4.81   0.10     9.81
  SINCE JAN 1     11.39                     12.83  -1.44    25.44

DEGREE DAYS
 HEATING
  YESTERDAY        0                         0      0        0
  MONTH TO DATE    0                         0      0        0
  SINCE JUN 1      0                         0      0        0
  SINCE JUL 1      0                         0      0        0

 COOLING
  YESTERDAY       20                        18      2       15
  MONTH TO DATE  308                       316     -8      375
  SINCE JUN 1   1482                      1343    139     1522
  SINCE JAN 1   2058                      1803    255     1933
..................................................................


WIND (MPH)
  HIGHEST WIND SPEED    22   HIGHEST WIND DIRECTION     E (80)
  HIGHEST GUST SPEED    27   HIGHEST GUST DIRECTION     E (80)
  AVERAGE WIND SPEED     7.1


SKY COVER
  POSSIBLE SUNSHINE  MM
  AVERAGE SKY COVER 0.2


WEATHER CONDITIONS
 THE FOLLOWING WEATHER WAS RECORDED YESTERDAY.
  THUNDERSTORM
  LIGHT RAIN


RELATIVE HUMIDITY (PERCENT)
 HIGHEST    82           600 PM
 LOWEST     43           200 PM
 AVERAGE    63

..........................................................


THE SAN ANGELO CLIMATE NORMALS FOR TODAY
                         NORMAL    RECORD    YEAR
 MAXIMUM TEMPERATURE (F)   95       105      1924
                                             1919
                                             1917
 MINIMUM TEMPERATURE (F)   71        62      1950
                                             1931


SUNRISE AND SUNSET
AUGUST 18 2017........SUNRISE   710 AM CDT   SUNSET   821 PM CDT
AUGUST 19 2017........SUNRISE   710 AM CDT   SUNSET   820 PM CDT


-  INDICATES NEGATIVE NUMBERS.
R  INDICATES RECORD WAS SET OR TIED.
MM INDICATES DATA IS MISSING.
T  INDICATES TRACE AMOUNT.




$$
