000
CDUS44 KSJT 190757
CLISJT


CLIMATE REPORT
NATIONAL WEATHER SERVICE SAN ANGELO TX
257 AM CDT THU OCT 19 2017


...................................

...THE SAN ANGELO CLIMATE SUMMARY FOR OCTOBER 18 2017...

CLIMATE NORMAL PERIOD 1981 TO 2010
CLIMATE RECORD PERIOD 1907 TO 2017


WEATHER ITEM   OBSERVED TIME   RECORD YEAR NORMAL DEPARTURE LAST
                VALUE   (LST)  VALUE       VALUE  FROM      YEAR
                                                  NORMAL
..................................................................
TEMPERATURE (F)
 YESTERDAY
  MAXIMUM         84    205 PM  97    2016  78      6       97
  MINIMUM         48    706 AM  36    1999  53     -5       66
                                      1968
  AVERAGE         66                        66      0       82

PRECIPITATION (IN)
  YESTERDAY        0.00          3.24 1985   0.10  -0.10     0.00
  MONTH TO DATE    0.79                      1.65  -0.86     1.49
  SINCE SEP 1      4.25                      4.11   0.14     6.73
  SINCE JAN 1     16.35                     18.18  -1.83    32.25

SNOWFALL (IN)
  YESTERDAY        0.0           0.0  2002   0.0    0.0      0.0
  MONTH TO DATE    0.0                       0.0    0.0      0.0
  SINCE NOV 1      T                         2.2   -2.2      3.1
  SINCE JUL 1      0.0                       0.0    0.0      0.0
  SNOW DEPTH       0

DEGREE DAYS
 HEATING
  YESTERDAY        0                         3     -3        0
  MONTH TO DATE   22                        29     -7        4
  SINCE SEP 1     22                        38    -16        4
  SINCE JUL 1     22                        38    -16        4

 COOLING
  YESTERDAY        1                         3     -2       17
  MONTH TO DATE  137                        87     50      160
  SINCE SEP 1    512                       416     96      559
  SINCE JAN 1   2786                      2452    334     2719
..................................................................


WIND (MPH)
  HIGHEST WIND SPEED    17   HIGHEST WIND DIRECTION     S (160)
  HIGHEST GUST SPEED    24   HIGHEST GUST DIRECTION    SW (210)
  AVERAGE WIND SPEED     6.2


SKY COVER
  POSSIBLE SUNSHINE  MM
  AVERAGE SKY COVER 0.0


WEATHER CONDITIONS
 THE FOLLOWING WEATHER WAS RECORDED YESTERDAY.
  NO SIGNIFICANT WEATHER WAS OBSERVED.


RELATIVE HUMIDITY (PERCENT)
 HIGHEST    71           400 AM
 LOWEST     20           200 PM
 AVERAGE    46

..........................................................


THE SAN ANGELO CLIMATE NORMALS FOR TODAY
                         NORMAL    RECORD    YEAR
 MAXIMUM TEMPERATURE (F)   78        95      1995
 MINIMUM TEMPERATURE (F)   53        28      1989


SUNRISE AND SUNSET
OCTOBER 19 2017.......SUNRISE   748 AM CDT   SUNSET   705 PM CDT
OCTOBER 20 2017.......SUNRISE   749 AM CDT   SUNSET   704 PM CDT


-  INDICATES NEGATIVE NUMBERS.
R  INDICATES RECORD WAS SET OR TIED.
MM INDICATES DATA IS MISSING.
T  INDICATES TRACE AMOUNT.




$$
