000
CDCA42 TJSJ 220446
CLISJU


CLIMATE REPORT
NATIONAL WEATHER SERVICE SAN JUAN, PR
1245 AM AST WED OCT 22 2014


...................................

...THE SAN JUAN/P.R. CLIMATE SUMMARY FOR OCTOBER 21 2014...

CLIMATE NORMAL PERIOD 1981 TO 2010
CLIMATE RECORD PERIOD 1898 TO 2014


WEATHER ITEM   OBSERVED TIME   RECORD YEAR NORMAL DEPARTURE LAST
                VALUE   (LST)  VALUE       VALUE  FROM      YEAR
                                                  NORMAL
..................................................................
TEMPERATURE (F)
 YESTERDAY
  MAXIMUM         89    131 PM  92    2010  88      1       89
                                      1980
  MINIMUM         78    625 AM  68    1959  77      1       77
  AVERAGE         84                        82      2       83

PRECIPITATION (IN)
  YESTERDAY        0.00          2.08 1957   0.20  -0.20     0.07
  MONTH TO DATE    1.87                      3.56  -1.69     1.63
  SINCE SEP 1      8.15                      9.33  -1.18     9.24
  SINCE JAN 1     40.87                     42.95  -2.08    66.87

SNOWFALL (IN)
  YESTERDAY        0.0
  MONTH TO DATE    0.0
  SINCE SEP 1      0.0
  SINCE JUL 1      0.0

DEGREE DAYS
 HEATING
  YESTERDAY        0                         0      0        0
  MONTH TO DATE    0                         0      0        0
  SINCE SEP 1      0                         0      0        0
  SINCE JUL 1      0                         0      0        0

 COOLING
  YESTERDAY       19                        17      2       18
  MONTH TO DATE  408                       377     31      400
  SINCE SEP 1    961                       932     29      989
  SINCE JAN 1   5176                      4789    387     4905
..................................................................


WIND (MPH)
  RESULTANT WIND SPEED   6   RESULTANT WIND DIRECTION  NE (60)
  HIGHEST WIND SPEED    20   HIGHEST WIND DIRECTION    NE (40)
  HIGHEST GUST SPEED    24   HIGHEST GUST DIRECTION    NE (40)
  AVERAGE WIND SPEED     6.8


SKY COVER
  AVERAGE SKY COVER 0.4


WEATHER CONDITIONS
 THE FOLLOWING WEATHER WAS RECORDED YESTERDAY.
  HAZE


RELATIVE HUMIDITY (PERCENT)
 HIGHEST    85
 LOWEST     63
 AVERAGE    74

..........................................................


THE SAN JUAN/P.R. CLIMATE NORMALS FOR TODAY
                         NORMAL    RECORD    YEAR
 MAXIMUM TEMPERATURE (F)   88        93      1982
 MINIMUM TEMPERATURE (F)   77        69      1959


SUNRISE AND SUNSET
OCTOBER 22 2014.......SUNRISE   620 AM AST   SUNSET   557 PM AST
OCTOBER 23 2014.......SUNRISE   620 AM AST   SUNSET   556 PM AST


-  INDICATES NEGATIVE NUMBERS.
R  INDICATES RECORD WAS SET OR TIED.
MM INDICATES DATA IS MISSING.
T  INDICATES TRACE AMOUNT.




$$
