562
CDCA42 TJSJ 250433
CLISJU


CLIMATE REPORT
NATIONAL WEATHER SERVICE SAN JUAN, PR
1232 AM AST SAT FEB 25 2017


...................................

...THE SAN JUAN AREA/PR CLIMATE SUMMARY FOR FEBRUARY 24 2017...

CLIMATE NORMAL PERIOD 1981 TO 2010
CLIMATE RECORD PERIOD 1898 TO 2017


WEATHER ITEM   OBSERVED TIME   RECORD YEAR NORMAL DEPARTURE LAST
                VALUE   (LST)  VALUE       VALUE  FROM      YEAR
                                                  NORMAL
..................................................................
TEMPERATURE (F)
 YESTERDAY
  MAXIMUM         90    313 PM  92    1983  84      6       86
  MINIMUM         73    618 AM  64    1951  72      1       75
  AVERAGE         82                        78      4       81

PRECIPITATION (IN)
  YESTERDAY        0.00          0.93 1940   0.07  -0.07     0.00
  MONTH TO DATE    1.45                      2.09  -0.64     3.58
  SINCE DEC 1      7.64                     10.87  -3.23     8.65
  SINCE JAN 1      3.34                      5.85  -2.51     5.18

SNOWFALL (IN)
  YESTERDAY        0.0                       0.0    0.0      0.0
  MONTH TO DATE    0.0                       0.0    0.0      0.0
  SINCE DEC 1      0.0                       0.0    0.0      0.0
  SINCE JUL 1      0.0                       0.0    0.0      0.0

DEGREE DAYS
 HEATING
  YESTERDAY        0                         0      0        0
  MONTH TO DATE    0                         0      0        0
  SINCE DEC 1      0                         0      0        0
  SINCE JUL 1      0                         0      0        0

 COOLING
  YESTERDAY       17                        13      4       16
  MONTH TO DATE  358                       312     46      341
  SINCE DEC 1   1286                      1126    160     1244
  SINCE JAN 1    791                       703     88      772
..................................................................


WIND (MPH)
  HIGHEST WIND SPEED    14   HIGHEST WIND DIRECTION     S (160)
  HIGHEST GUST SPEED    19   HIGHEST GUST DIRECTION     S (200)
  AVERAGE WIND SPEED     5.0


SKY COVER
  AVERAGE SKY COVER 0.3


WEATHER CONDITIONS
 THE FOLLOWING WEATHER WAS RECORDED YESTERDAY.
  NO SIGNIFICANT WEATHER WAS OBSERVED.


RELATIVE HUMIDITY (PERCENT)
 HIGHEST    93
 LOWEST     41
 AVERAGE    67

..........................................................


THE SAN JUAN AREA/PR CLIMATE NORMALS FOR TODAY
                         NORMAL    RECORD    YEAR
 MAXIMUM TEMPERATURE (F)   84        93      2010
 MINIMUM TEMPERATURE (F)   72        64      1915


SUNRISE AND SUNSET
FEBRUARY 25 2017......SUNRISE   645 AM AST   SUNSET   629 PM AST
FEBRUARY 26 2017......SUNRISE   645 AM AST   SUNSET   629 PM AST


-  INDICATES NEGATIVE NUMBERS.
R  INDICATES RECORD WAS SET OR TIED.
MM INDICATES DATA IS MISSING.
T  INDICATES TRACE AMOUNT.




$$
