000
CDCA42 TJSJ 270426
CLISJU


CLIMATE REPORT
NATIONAL WEATHER SERVICE SAN JUAN, PR
1225 AM AST WED JUL 27 2016


...................................

...THE SAN JUAN AREA/PR CLIMATE SUMMARY FOR JULY 26 2016...

CLIMATE NORMAL PERIOD 1981 TO 2010
CLIMATE RECORD PERIOD 1898 TO 2016


WEATHER ITEM   OBSERVED TIME   RECORD YEAR NORMAL DEPARTURE LAST
                VALUE   (LST)  VALUE       VALUE  FROM      YEAR
                                                  NORMAL
..................................................................
TEMPERATURE (F)
 YESTERDAY
  MAXIMUM         89        MM  93    1984  89      0       91
  MINIMUM         77        MM  71    1957  78     -1       78
  AVERAGE         83                        83      0       85

PRECIPITATION (IN)
  YESTERDAY        0.52          1.81 1957   0.16   0.36     0.00
  MONTH TO DATE    3.44                      4.29  -0.85     1.59
  SINCE JUN 1      6.18                      8.70  -2.52     3.70
  SINCE JAN 1     31.08                     27.38   3.70    17.09

SNOWFALL (IN)
  YESTERDAY        0.0                       0.0    0.0      0.0
  MONTH TO DATE    0.0                       0.0    0.0      0.0
  SINCE JUN 1      0.0                       0.0    0.0      0.0
  SINCE JUL 1      0.0                       0.0    0.0      0.0

DEGREE DAYS
 HEATING
  YESTERDAY        0                         0      0        0
  MONTH TO DATE    0                         0      0        0
  SINCE JUN 1      0                         0      0        0
  SINCE JUL 1      0                         0      0        0

 COOLING
  YESTERDAY       18                        18      0       20
  MONTH TO DATE  478                       468     10      488
  SINCE JUN 1   1050                      1017     33     1062
  SINCE JAN 1   3326                      3182    144     3403
..................................................................


WIND (MPH)
  HIGHEST WIND SPEED    18   HIGHEST WIND DIRECTION     E (90)
  HIGHEST GUST SPEED    24   HIGHEST GUST DIRECTION     E (80)
  AVERAGE WIND SPEED     9.5


SKY COVER
  AVERAGE SKY COVER 0.6


WEATHER CONDITIONS
 THE FOLLOWING WEATHER WAS RECORDED YESTERDAY.
  THUNDERSTORM
  LIGHT RAIN
  FOG


RELATIVE HUMIDITY (PERCENT)
 HIGHEST    97
 LOWEST     72
 AVERAGE    85

..........................................................


THE SAN JUAN AREA/PR CLIMATE NORMALS FOR TODAY
                         NORMAL    RECORD    YEAR
 MAXIMUM TEMPERATURE (F)   89        93      1965
 MINIMUM TEMPERATURE (F)   78        70      1899


SUNRISE AND SUNSET
JULY 27 2016..........SUNRISE   600 AM AST   SUNSET   700 PM AST
JULY 28 2016..........SUNRISE   601 AM AST   SUNSET   700 PM AST


-  INDICATES NEGATIVE NUMBERS.
R  INDICATES RECORD WAS SET OR TIED.
MM INDICATES DATA IS MISSING.
T  INDICATES TRACE AMOUNT.




$$
