000
CDUS45 KSLC 271229
CLISLC


CLIMATE REPORT
NATIONAL WEATHER SERVICE SALT LAKE CITY UT
629 AM MDT TUE SEP 27 2016


...................................

...THE SALT LAKE CITY UT CLIMATE SUMMARY FOR SEPTEMBER 26 2016...

CLIMATE NORMAL PERIOD 1981 TO 2010
CLIMATE RECORD PERIOD 1874 TO 2016


WEATHER ITEM   OBSERVED TIME   RECORD YEAR NORMAL DEPARTURE LAST
                VALUE   (LST)  VALUE       VALUE  FROM      YEAR
                                                  NORMAL
..................................................................
TEMPERATURE (F)
 YESTERDAY
  MAXIMUM         72    441 PM  90    2015  74     -2       90
  MINIMUM         49    653 AM  31    1970  49      0       68
  AVERAGE         61                        61      0       79

PRECIPITATION (IN)
  YESTERDAY        0.00          2.27 1982   0.04  -0.04     0.00
  MONTH TO DATE    1.88                      1.02   0.86     1.74
  SINCE OCT 1     13.45                     15.91  -2.46    14.90
  SINCE JAN 1     10.20                     11.53  -1.33    12.89

SNOWFALL (IN)
  YESTERDAY        0.0           T    1934   0.0    0.0      0.0
  MONTH TO DATE    0.0                       0.0    0.0      0.0
  SINCE OCT 1     34.3                      56.2  -21.9     15.4
  SINCE JUL 1      0.0                       0.0    0.0      0.0
  SNOW DEPTH       0

DEGREE DAYS
 HEATING
  YESTERDAY        4                         5     -1        0
  MONTH TO DATE   51                        61    -10       33
  SINCE SEP 1     51                        61    -10       33
  SINCE JUL 1     52                        66    -14       33

 COOLING
  YESTERDAY        0                         1     -1       14
  MONTH TO DATE  114                       112      2      172
  SINCE SEP 1    114                       112      2      172
  SINCE JAN 1   1591                      1148    443     1377
..................................................................


WIND (MPH)
  RESULTANT WIND SPEED   1   RESULTANT WIND DIRECTION  SE (120)
  HIGHEST WIND SPEED    12   HIGHEST WIND DIRECTION    NW (330)
  HIGHEST GUST SPEED    15   HIGHEST GUST DIRECTION    NW (310)
  AVERAGE WIND SPEED     5.1


SKY COVER
  POSSIBLE SUNSHINE  MM
  AVERAGE SKY COVER 0.0


WEATHER CONDITIONS
 THE FOLLOWING WEATHER WAS RECORDED YESTERDAY.
  NO SIGNIFICANT WEATHER WAS OBSERVED.


RELATIVE HUMIDITY (PERCENT)
 HIGHEST    80           600 AM
 LOWEST     38           300 PM
 AVERAGE    59

..........................................................


THE SALT LAKE CITY UT CLIMATE NORMALS FOR TODAY
                         NORMAL    RECORD    YEAR
 MAXIMUM TEMPERATURE (F)   74        91      2001
                                             1969
 MINIMUM TEMPERATURE (F)   48        31      1934


SUNRISE AND SUNSET
SEPTEMBER 27 2016.....SUNRISE   721 AM MDT   SUNSET   716 PM MDT
SEPTEMBER 28 2016.....SUNRISE   722 AM MDT   SUNSET   714 PM MDT


-  INDICATES NEGATIVE NUMBERS.
R  INDICATES RECORD WAS SET OR TIED.
MM INDICATES DATA IS MISSING.
T  INDICATES TRACE AMOUNT.




$$
