000
CDUS45 KSLC 270027
CLISLC


CLIMATE REPORT
NATIONAL WEATHER SERVICE SALT LAKE CITY UT
627 PM MDT FRI AUG 26 2016


...................................

...THE SALT LAKE CITY UT CLIMATE SUMMARY FOR AUGUST 26 2016...
VALID TODAY AS OF 0500 PM LOCAL TIME.

CLIMATE NORMAL PERIOD 1981 TO 2010
CLIMATE RECORD PERIOD 1874 TO 2016


WEATHER ITEM   OBSERVED TIME   RECORD YEAR NORMAL DEPARTURE LAST
                VALUE   (LST)  VALUE       VALUE  FROM      YEAR
                                                  NORMAL
..................................................................
TEMPERATURE (F)
 TODAY
  MAXIMUM         88    227 PM 101    1985  88      0       84
  MINIMUM         65    601 AM  42    1992  61      4       68
  AVERAGE         77                        74      3       76

PRECIPITATION (IN)
  TODAY            0.00          1.96 1932   0.03  -0.03     0.01
  MONTH TO DATE    0.15                      0.55  -0.40     0.89
  SINCE OCT 1     11.57                     14.75  -3.18    13.16
  SINCE JAN 1      8.32                     10.37  -2.05    11.15

SNOWFALL (IN)
  TODAY            0.0          MM      MM   0.0    0.0      0.0
  MONTH TO DATE    0.0                       0.0    0.0      0.0
  SINCE OCT 1     34.3                      56.2  -21.9     15.4
  SINCE JUL 1      0.0                       0.0    0.0      0.0
  SNOW DEPTH       0

DEGREE DAYS
 HEATING
  TODAY            0                         0      0        0
  MONTH TO DATE    0                         0      0        0
  SINCE JUN 1      1                        48    -47        0
  SINCE JUL 1      1                         2     -1        0

 COOLING
  TODAY           12                        10      2       11
  MONTH TO DATE  403                       330     73      330
  SINCE JUN 1   1354                       942    412     1103
  SINCE JAN 1   1401                       992    409     1134
..................................................................


WIND (MPH)
  RESULTANT WIND SPEED   7   RESULTANT WIND DIRECTION   S (160)
  HIGHEST WIND SPEED    22   HIGHEST WIND DIRECTION    NW (310)
  HIGHEST GUST SPEED    27   HIGHEST GUST DIRECTION    NW (310)
  AVERAGE WIND SPEED    11.4


SKY COVER
  POSSIBLE SUNSHINE  MM
  AVERAGE SKY COVER 0.2


WEATHER CONDITIONS
 THE FOLLOWING WEATHER WAS RECORDED TODAY.
  NO SIGNIFICANT WEATHER WAS OBSERVED.


RELATIVE HUMIDITY (PERCENT)
 HIGHEST    42           700 AM
 LOWEST     12           400 PM
 AVERAGE    27

..........................................................


THE SALT LAKE CITY UT CLIMATE NORMALS FOR TOMORROW
                         NORMAL    RECORD    YEAR
 MAXIMUM TEMPERATURE (F)   88        99      1937
 MINIMUM TEMPERATURE (F)   61        42      1964


SUNRISE AND SUNSET
AUGUST 26 2016........SUNRISE   649 AM MDT   SUNSET   809 PM MDT
AUGUST 27 2016........SUNRISE   650 AM MDT   SUNSET   807 PM MDT


-  INDICATES NEGATIVE NUMBERS.
R  INDICATES RECORD WAS SET OR TIED.
MM INDICATES DATA IS MISSING.
T  INDICATES TRACE AMOUNT.




$$
