000
CDUS45 KSLC 301228
CLISLC


CLIMATE REPORT
NATIONAL WEATHER SERVICE SALT LAKE CITY UT
628 AM MDT SAT AUG 30 2014


...................................

...THE SALT LAKE CITY UT CLIMATE SUMMARY FOR AUGUST 29 2014...

CLIMATE NORMAL PERIOD 1981 TO 2010
CLIMATE RECORD PERIOD 1874 TO 2014


WEATHER ITEM   OBSERVED TIME   RECORD YEAR NORMAL DEPARTURE LAST
                VALUE   (LST)  VALUE       VALUE  FROM      YEAR
                                                  NORMAL
..................................................................
TEMPERATURE (F)
 YESTERDAY
  MAXIMUM         89    447 PM  99    2005  87      2       97
                                      1948
  MINIMUM         60    549 AM  37    1964  60      0       71
  AVERAGE         75                        74      1       84

PRECIPITATION (IN)
  YESTERDAY        0.00          0.91 1957   0.03  -0.03     0.00
  MONTH TO DATE    1.77                      0.63   1.14     0.16
  SINCE OCT 1     12.95                     14.83  -1.88    12.01
  SINCE JAN 1      9.94                     10.45  -0.51     7.44

SNOWFALL (IN)
  YESTERDAY        0.0          MM      MM   0.0    0.0      0.0
  MONTH TO DATE    0.0                       0.0    0.0      0.0
  SINCE OCT 1     35.5                      56.2  -20.7     69.9
  SINCE JUL 1      0.0                       0.0    0.0      0.0
  SNOW DEPTH       0

DEGREE DAYS
 HEATING
  YESTERDAY        0                         0      0        0
  MONTH TO DATE    1                         0      1        0
  SINCE JUN 1     40                        48     -8        4
  SINCE JUL 1      1                         2     -1        0

 COOLING
  YESTERDAY       10                         9      1       19
  MONTH TO DATE  282                       357    -75      517
  SINCE JUN 1    977                       969      8     1439
  SINCE JAN 1   1039                      1019     20     1509
..................................................................


WIND (MPH)
  RESULTANT WIND SPEED   9   RESULTANT WIND DIRECTION   S (160)
  HIGHEST WIND SPEED    17   HIGHEST WIND DIRECTION    SE (150)
  HIGHEST GUST SPEED    21   HIGHEST GUST DIRECTION    SE (150)
  AVERAGE WIND SPEED     9.6


SKY COVER
  POSSIBLE SUNSHINE  MM
  AVERAGE SKY COVER 0.0


WEATHER CONDITIONS
 THE FOLLOWING WEATHER WAS RECORDED YESTERDAY.
  NO SIGNIFICANT WEATHER WAS OBSERVED.


RELATIVE HUMIDITY (PERCENT)
 HIGHEST    64           600 AM
 LOWEST     15           300 PM
 AVERAGE    40

..........................................................


THE SALT LAKE CITY UT CLIMATE NORMALS FOR TODAY
                         NORMAL    RECORD    YEAR
 MAXIMUM TEMPERATURE (F)   87       100      1954
 MINIMUM TEMPERATURE (F)   60        38      1964


SUNRISE AND SUNSET
AUGUST 30 2014........SUNRISE   653 AM MDT   SUNSET   803 PM MDT
AUGUST 31 2014........SUNRISE   654 AM MDT   SUNSET   802 PM MDT


-  INDICATES NEGATIVE NUMBERS.
R  INDICATES RECORD WAS SET OR TIED.
MM INDICATES DATA IS MISSING.
T  INDICATES TRACE AMOUNT.




$$
