000
CDUS45 KSLC 020033
CLISLC


CLIMATE REPORT
NATIONAL WEATHER SERVICE SALT LAKE CITY UT
632 PM MDT WED OCT 1 2014


...................................

...THE SALT LAKE CITY UT CLIMATE SUMMARY FOR OCTOBER 1 2014...
VALID TODAY AS OF 0500 PM LOCAL TIME.

CLIMATE NORMAL PERIOD 1981 TO 2010
CLIMATE RECORD PERIOD 1874 TO 2014


WEATHER ITEM   OBSERVED TIME   RECORD YEAR NORMAL DEPARTURE LAST
                VALUE   (LST)  VALUE       VALUE  FROM      YEAR
                                                  NORMAL
..................................................................
TEMPERATURE (F)
 TODAY
  MAXIMUM         56    359 PM  89    2010  72    -16       77
  MINIMUM         47    449 AM  31    1950  47      0       49
  AVERAGE         52                        59     -7       63

PRECIPITATION (IN)
  TODAY            0.01          0.74 1898   0.05  -0.04     0.00
  MONTH TO DATE    0.01                      0.05  -0.04     0.00
  SINCE OCT 1      0.01                      0.05  -0.04     0.00
  SINCE JAN 1     12.46                     11.77   0.69     8.61

SNOWFALL (IN)
  TODAY           MM             0.7  1971   0.0   MM        0.0
  MONTH TO DATE   MM                         0.0   MM        0.0
  SINCE OCT 1     MM                         0.0   MM        0.0
  SINCE JUL 1      0.0                       0.0    0.0      0.0
  SNOW DEPTH       0

DEGREE DAYS
 HEATING
  TODAY           13                         7      6        2
  MONTH TO DATE   13                         7      6        2
  SINCE SEP 1     45                        91    -46       57
  SINCE JUL 1     46                        96    -50       57

 COOLING
  TODAY            0                         1     -1        0
  MONTH TO DATE    0                         1     -1        0
  SINCE SEP 1    189                       118     71      222
  SINCE JAN 1   1242                      1154     88     1768
..................................................................


WIND (MPH)
  RESULTANT WIND SPEED   6   RESULTANT WIND DIRECTION   W (290)
  HIGHEST WIND SPEED    18   HIGHEST WIND DIRECTION     W (260)
  HIGHEST GUST SPEED    23   HIGHEST GUST DIRECTION     W (260)
  AVERAGE WIND SPEED     6.3


SKY COVER
  POSSIBLE SUNSHINE  MM
  AVERAGE SKY COVER 0.6


WEATHER CONDITIONS
 THE FOLLOWING WEATHER WAS RECORDED TODAY.
  LIGHT RAIN
  HAZE


RELATIVE HUMIDITY (PERCENT)
 HIGHEST    89          1200 AM
 LOWEST     46          1200 PM
 AVERAGE    68

..........................................................


THE SALT LAKE CITY UT CLIMATE NORMALS FOR TOMORROW
                         NORMAL    RECORD    YEAR
 MAXIMUM TEMPERATURE (F)   71        88      2010
                                             1979
 MINIMUM TEMPERATURE (F)   46        31      1959
                                             1898


SUNRISE AND SUNSET
OCTOBER  1 2014.......SUNRISE   724 AM MDT   SUNSET   710 PM MDT
OCTOBER  2 2014.......SUNRISE   725 AM MDT   SUNSET   708 PM MDT


-  INDICATES NEGATIVE NUMBERS.
R  INDICATES RECORD WAS SET OR TIED.
MM INDICATES DATA IS MISSING.
T  INDICATES TRACE AMOUNT.




$$
