000
CDUS45 KSLC 261223
CLISLC


CLIMATE REPORT
NATIONAL WEATHER SERVICE SALT LAKE CITY UT
522 AM MST THU FEB 26 2015


...................................

...THE SALT LAKE CITY UT CLIMATE SUMMARY FOR FEBRUARY 25 2015...

CLIMATE NORMAL PERIOD 1981 TO 2010
CLIMATE RECORD PERIOD 1874 TO 2015


WEATHER ITEM   OBSERVED TIME   RECORD YEAR NORMAL DEPARTURE LAST
                VALUE   (LST)  VALUE       VALUE  FROM      YEAR
                                                  NORMAL
..................................................................
TEMPERATURE (F)
 YESTERDAY
  MAXIMUM         53    332 PM  68    1950  47      6       64
  MINIMUM         34   1156 PM   2    1933  28      6       38
  AVERAGE         44                        38      6       51

PRECIPITATION (IN)
  YESTERDAY        0.00          0.90 1969   0.05  -0.05     0.00
                                      1958
  MONTH TO DATE    0.20                      1.10  -0.90     0.91
  SINCE OCT 1      3.07                      6.73  -3.66     5.12
  SINCE JAN 1      1.06                      2.35  -1.29     2.11

SNOWFALL (IN)
  YESTERDAY        0.0          10.8  1998   0.4   -0.4      0.0
  MONTH TO DATE    T                         9.7   -9.7      2.2
  SINCE OCT 1      6.8                      44.4  -37.6     35.0
  SINCE JUL 1      6.8                      44.4  -37.6     35.0
  SNOW DEPTH       0

DEGREE DAYS
 HEATING
  YESTERDAY       21                        27     -6       14
  MONTH TO DATE  496                       782   -286      591
  SINCE DEC 1   2290                      2958   -668     2898
  SINCE JUL 1   3260                      4176   -916     3945

 COOLING
  YESTERDAY        0                         0      0        0
  MONTH TO DATE    0                         0      0        0
  SINCE DEC 1      0                         0      0        0
  SINCE JAN 1      0                         0      0        0
..................................................................


WIND (MPH)
  RESULTANT WIND SPEED   2   RESULTANT WIND DIRECTION  NW (330)
  HIGHEST WIND SPEED    18   HIGHEST WIND DIRECTION     N (340)
  HIGHEST GUST SPEED    23   HIGHEST GUST DIRECTION    NW (310)
  AVERAGE WIND SPEED     8.1


SKY COVER
  POSSIBLE SUNSHINE  MM
  AVERAGE SKY COVER 0.2


WEATHER CONDITIONS
 THE FOLLOWING WEATHER WAS RECORDED YESTERDAY.
  NO SIGNIFICANT WEATHER WAS OBSERVED.


RELATIVE HUMIDITY (PERCENT)
 HIGHEST    52          1100 PM
 LOWEST     22           300 PM
 AVERAGE    37

..........................................................


THE SALT LAKE CITY UT CLIMATE NORMALS FOR TODAY
                         NORMAL    RECORD    YEAR
 MAXIMUM TEMPERATURE (F)   48        67      1950
 MINIMUM TEMPERATURE (F)   29         3      1962


SUNRISE AND SUNSET
FEBRUARY 26 2015......SUNRISE   707 AM MST   SUNSET   615 PM MST
FEBRUARY 27 2015......SUNRISE   705 AM MST   SUNSET   617 PM MST


-  INDICATES NEGATIVE NUMBERS.
R  INDICATES RECORD WAS SET OR TIED.
MM INDICATES DATA IS MISSING.
T  INDICATES TRACE AMOUNT.




$$
