000
CDUS45 KSLC 240044
CLISLC


CLIMATE REPORT
NATIONAL WEATHER SERVICE SALT LAKE CITY UT
544 PM MST THU FEB 23 2017


...................................

...THE SALT LAKE CITY UT CLIMATE SUMMARY FOR FEBRUARY 23 2017...
VALID TODAY AS OF 0500 PM LOCAL TIME.

CLIMATE NORMAL PERIOD 1981 TO 2010
CLIMATE RECORD PERIOD 1874 TO 2017


WEATHER ITEM   OBSERVED TIME   RECORD YEAR NORMAL DEPARTURE LAST
                VALUE   (LST)  VALUE       VALUE  FROM      YEAR
                                                  NORMAL
..................................................................
TEMPERATURE (F)
 TODAY
  MAXIMUM         33    240 PM  61    2014  46    -13       45
  MINIMUM         28    900 AM   6    1960  28      0       27
                                      1942
  AVERAGE         31                        37     -6       36

PRECIPITATION (IN)
  TODAY            0.08          0.72 1930   0.05   0.03     0.00
  MONTH TO DATE    1.47                      1.00   0.47     0.52
  SINCE OCT 1      8.08                      6.63   1.45     5.71
  SINCE JAN 1      3.44                      2.25   1.19     2.46

SNOWFALL (IN)
  TODAY            1.8           6.4  1956   0.4    1.4      0.0
  MONTH TO DATE    2.5                       9.0   -6.5      3.8
  SINCE OCT 1     42.5                      43.7   -1.2     31.6
  SINCE JUL 1     42.5                      43.7   -1.2     31.6
  SNOW DEPTH       1

DEGREE DAYS
 HEATING
  TODAY           34                        28      6       29
  MONTH TO DATE  520                       727   -207      686
  SINCE DEC 1   2780                      2903   -123     2786
  SINCE JUL 1   3579                      4121   -542     3728

 COOLING
  TODAY            0                         0      0        0
  MONTH TO DATE    0                         0      0        0
  SINCE DEC 1      0                         0      0        0
  SINCE JAN 1      0                         0      0        0
..................................................................


WIND (MPH)
  RESULTANT WIND SPEED   6   RESULTANT WIND DIRECTION   W (250)
  HIGHEST WIND SPEED    22   HIGHEST WIND DIRECTION     W (290)
  HIGHEST GUST SPEED    26   HIGHEST GUST DIRECTION     W (290)
  AVERAGE WIND SPEED     9.1


SKY COVER
  POSSIBLE SUNSHINE  MM
  AVERAGE SKY COVER 1.0


WEATHER CONDITIONS
 THE FOLLOWING WEATHER WAS RECORDED TODAY.
  SNOW
  LIGHT SNOW
  FOG
  HAZE


RELATIVE HUMIDITY (PERCENT)
 HIGHEST    92          1200 AM
 LOWEST     69          1100 AM
 AVERAGE    81

..........................................................


THE SALT LAKE CITY UT CLIMATE NORMALS FOR TOMORROW
                         NORMAL    RECORD    YEAR
 MAXIMUM TEMPERATURE (F)   47        68      1981
 MINIMUM TEMPERATURE (F)   28         5      1960


SUNRISE AND SUNSET
FEBRUARY 23 2017......SUNRISE   710 AM MST   SUNSET   613 PM MST
FEBRUARY 24 2017......SUNRISE   709 AM MST   SUNSET   614 PM MST


-  INDICATES NEGATIVE NUMBERS.
R  INDICATES RECORD WAS SET OR TIED.
MM INDICATES DATA IS MISSING.
T  INDICATES TRACE AMOUNT.




$$
