000
CDUS45 KSLC 271226
CLISLC


CLIMATE REPORT
NATIONAL WEATHER SERVICE SALT LAKE CITY UT
625 AM MDT MON MAR 27 2017


...................................

...THE SALT LAKE CITY UT CLIMATE SUMMARY FOR MARCH 26 2017...

CLIMATE NORMAL PERIOD 1981 TO 2010
CLIMATE RECORD PERIOD 1874 TO 2017


WEATHER ITEM   OBSERVED TIME   RECORD YEAR NORMAL DEPARTURE LAST
                VALUE   (LST)  VALUE       VALUE  FROM      YEAR
                                                  NORMAL
..................................................................
TEMPERATURE (F)
 YESTERDAY
  MAXIMUM         55    321 PM  78    1960  57     -2       50
  MINIMUM         34    703 AM  16    1913  36     -2       33
  AVERAGE         45                        46     -1       42

PRECIPITATION (IN)
  YESTERDAY        0.00          0.82 1920   0.06  -0.06      T
  MONTH TO DATE    2.96                      1.47   1.49     1.42
  SINCE OCT 1     11.26                      8.35   2.91     7.13
  SINCE JAN 1      6.62                      3.97   2.65     3.88

SNOWFALL (IN)
  YESTERDAY        0.0           9.5  1920   0.2   -0.2       T
  MONTH TO DATE    3.6                       5.6   -2.0      1.3
  SINCE OCT 1     50.3                      51.0   -0.7     32.9
  SINCE JUL 1     50.3                      51.0   -0.7     32.9
  SNOW DEPTH       0

DEGREE DAYS
 HEATING
  YESTERDAY       20                        19      1       23
  MONTH TO DATE  367                       570   -203      445
  SINCE MAR 1    367                       570   -203      445
  SINCE JUL 1   4120                      4826   -706     4290

 COOLING
  YESTERDAY        0                         0      0        0
  MONTH TO DATE    2                         0      2        0
  SINCE MAR 1      2                         0      2        0
  SINCE JAN 1      2                         0      2        0
..................................................................


WIND (MPH)
  RESULTANT WIND SPEED   5   RESULTANT WIND DIRECTION  SE (150)
  HIGHEST WIND SPEED    14   HIGHEST WIND DIRECTION    SE (140)
  HIGHEST GUST SPEED    17   HIGHEST GUST DIRECTION    SE (120)
  AVERAGE WIND SPEED     5.6


SKY COVER
  POSSIBLE SUNSHINE  MM
  AVERAGE SKY COVER 0.4


WEATHER CONDITIONS
 THE FOLLOWING WEATHER WAS RECORDED YESTERDAY.
  FOG


RELATIVE HUMIDITY (PERCENT)
 HIGHEST   100           100 AM
 LOWEST     35           100 PM
 AVERAGE    68

..........................................................


THE SALT LAKE CITY UT CLIMATE NORMALS FOR TODAY
                         NORMAL    RECORD    YEAR
 MAXIMUM TEMPERATURE (F)   57        76      1895
 MINIMUM TEMPERATURE (F)   36        14      1931


SUNRISE AND SUNSET
MARCH 27 2017.........SUNRISE   719 AM MDT   SUNSET   748 PM MDT
MARCH 28 2017.........SUNRISE   717 AM MDT   SUNSET   749 PM MDT


-  INDICATES NEGATIVE NUMBERS.
R  INDICATES RECORD WAS SET OR TIED.
MM INDICATES DATA IS MISSING.
T  INDICATES TRACE AMOUNT.




$$
