000
CDUS45 KSLC 221228
CLISLC


CLIMATE REPORT
NATIONAL WEATHER SERVICE SALT LAKE CITY UT
628 AM MDT WED OCT 22 2014


...................................

...THE SALT LAKE CITY UT CLIMATE SUMMARY FOR OCTOBER 21 2014...

CLIMATE NORMAL PERIOD 1981 TO 2010
CLIMATE RECORD PERIOD 1874 TO 2014


WEATHER ITEM   OBSERVED TIME   RECORD YEAR NORMAL DEPARTURE LAST
                VALUE   (LST)  VALUE       VALUE  FROM      YEAR
                                                  NORMAL
..................................................................
TEMPERATURE (F)
 YESTERDAY
  MAXIMUM         71    915 AM  81    1915  62      9       65
  MINIMUM         41   1140 PM  25    1996  40      1       38
  AVERAGE         56                        51      5       52

PRECIPITATION (IN)
  YESTERDAY        0.00          0.48 1889   0.05  -0.05     0.00
  MONTH TO DATE    0.01                      1.01  -1.00     0.61
  SINCE OCT 1      0.01                      1.01  -1.00     0.61
  SINCE JAN 1     12.46                     12.73  -0.27     9.22

SNOWFALL (IN)
  YESTERDAY        0.0           2.0  1961   0.0    0.0      0.0
  MONTH TO DATE    0.0                       0.6   -0.6       T
  SINCE OCT 1      0.0                       0.6   -0.6       T
  SINCE JUL 1      0.0                       0.6   -0.6       T
  SNOW DEPTH       0

DEGREE DAYS
 HEATING
  YESTERDAY        9                        14     -5       13
  MONTH TO DATE  135                       218    -83      268
  SINCE SEP 1    167                       302   -135      323
  SINCE JUL 1    168                       307   -139      323

 COOLING
  YESTERDAY        0                         0      0        0
  MONTH TO DATE    0                         5     -5        0
  SINCE SEP 1    189                       122     67      222
  SINCE JAN 1   1242                      1158     84     1768
..................................................................


WIND (MPH)
  RESULTANT WIND SPEED   1   RESULTANT WIND DIRECTION   W (290)
  HIGHEST WIND SPEED    25   HIGHEST WIND DIRECTION    NW (300)
  HIGHEST GUST SPEED    31   HIGHEST GUST DIRECTION     W (290)
  AVERAGE WIND SPEED    12.5


SKY COVER
  POSSIBLE SUNSHINE  MM
  AVERAGE SKY COVER 0.4


WEATHER CONDITIONS
 THE FOLLOWING WEATHER WAS RECORDED YESTERDAY.
  NO SIGNIFICANT WEATHER WAS OBSERVED.


RELATIVE HUMIDITY (PERCENT)
 HIGHEST    70          1100 PM
 LOWEST     24           600 PM
 AVERAGE    47

..........................................................


THE SALT LAKE CITY UT CLIMATE NORMALS FOR TODAY
                         NORMAL    RECORD    YEAR
 MAXIMUM TEMPERATURE (F)   62        80      1915
 MINIMUM TEMPERATURE (F)   39        24      1966


SUNRISE AND SUNSET
OCTOBER 22 2014.......SUNRISE   747 AM MDT   SUNSET   637 PM MDT
OCTOBER 23 2014.......SUNRISE   748 AM MDT   SUNSET   636 PM MDT


-  INDICATES NEGATIVE NUMBERS.
R  INDICATES RECORD WAS SET OR TIED.
MM INDICATES DATA IS MISSING.
T  INDICATES TRACE AMOUNT.




$$
