000
CDUS45 KSLC 261226
CLISLC


CLIMATE REPORT
NATIONAL WEATHER SERVICE SALT LAKE CITY UT
626 AM MDT THU MAY 26 2016


...................................

...THE SALT LAKE CITY UT CLIMATE SUMMARY FOR MAY 25 2016...

CLIMATE NORMAL PERIOD 1981 TO 2010
CLIMATE RECORD PERIOD 1874 TO 2016


WEATHER ITEM   OBSERVED TIME   RECORD YEAR NORMAL DEPARTURE LAST
                VALUE   (LST)  VALUE       VALUE  FROM      YEAR
                                                  NORMAL
..................................................................
TEMPERATURE (F)
 YESTERDAY
  MAXIMUM         68    501 PM  92    2001  75     -7       71
                                      1961
                                      1886
  MINIMUM         51    100 AM  32    1975  50      1       52
  AVERAGE         60                        63     -3       62

PRECIPITATION (IN)
  YESTERDAY        T             1.27 1973   0.05  -0.05     0.01
  MONTH TO DATE    1.56                      1.62  -0.06     3.88
  SINCE OCT 1     10.88                     12.28  -1.40    10.09
  SINCE JAN 1      7.63                      7.90  -0.27     8.08

SNOWFALL (IN)
  YESTERDAY        0.0           T    1980   0.0    0.0      0.0
  MONTH TO DATE    0.0                       0.3   -0.3      0.0
  SINCE OCT 1     34.3                      56.2  -21.9     15.4
  SINCE JUL 1     34.3                      56.2  -21.9     15.4
  SNOW DEPTH       0

DEGREE DAYS
 HEATING
  YESTERDAY        5                         4      1        3
  MONTH TO DATE  126                       182    -56      164
  SINCE MAR 1    970                      1282   -312     1001
  SINCE JUL 1   4815                      5538   -723     4348

 COOLING
  YESTERDAY        0                         2     -2        0
  MONTH TO DATE   30                        32     -2       14
  SINCE MAR 1     40                        36      4       14
  SINCE JAN 1     40                        36      4       14
..................................................................


WIND (MPH)
  RESULTANT WIND SPEED   1   RESULTANT WIND DIRECTION  SE (150)
  HIGHEST WIND SPEED    21   HIGHEST WIND DIRECTION     N (340)
  HIGHEST GUST SPEED    28   HIGHEST GUST DIRECTION     S (190)
  AVERAGE WIND SPEED     5.6


SKY COVER
  POSSIBLE SUNSHINE  MM
  AVERAGE SKY COVER 0.6


WEATHER CONDITIONS
 THE FOLLOWING WEATHER WAS RECORDED YESTERDAY.
  LIGHT RAIN


RELATIVE HUMIDITY (PERCENT)
 HIGHEST    67          1100 PM
 LOWEST     29           300 PM
 AVERAGE    48

..........................................................


THE SALT LAKE CITY UT CLIMATE NORMALS FOR TODAY
                         NORMAL    RECORD    YEAR
 MAXIMUM TEMPERATURE (F)   75        92      1958
 MINIMUM TEMPERATURE (F)   51        34      1975
                                             1929


SUNRISE AND SUNSET
MAY 26 2016...........SUNRISE   602 AM MDT   SUNSET   849 PM MDT
MAY 27 2016...........SUNRISE   601 AM MDT   SUNSET   850 PM MDT


-  INDICATES NEGATIVE NUMBERS.
R  INDICATES RECORD WAS SET OR TIED.
MM INDICATES DATA IS MISSING.
T  INDICATES TRACE AMOUNT.




$$
