000
CDUS45 KSLC 071239
CLISLC


CLIMATE REPORT
NATIONAL WEATHER SERVICE SALT LAKE CITY UT
539 AM MST SUN FEB 7 2016


...................................

...THE SALT LAKE CITY UT CLIMATE SUMMARY FOR FEBRUARY 6 2016...

CLIMATE NORMAL PERIOD 1981 TO 2010
CLIMATE RECORD PERIOD 1874 TO 2016


WEATHER ITEM   OBSERVED TIME   RECORD YEAR NORMAL DEPARTURE LAST
                VALUE   (LST)  VALUE       VALUE  FROM      YEAR
                                                  NORMAL
..................................................................
TEMPERATURE (F)
 YESTERDAY
  MAXIMUM         41    154 PM  68    2015  40      1       68
  MINIMUM         22    749 AM -14    1989  23     -1       45
  AVERAGE         32                        32      0       57

PRECIPITATION (IN)
  YESTERDAY        0.00          1.00 1897   0.04  -0.04     0.00
  MONTH TO DATE    0.11                      0.24  -0.13     0.04
  SINCE OCT 1      5.30                      5.87  -0.57     2.91
  SINCE JAN 1      2.05                      1.49   0.56     0.90

SNOWFALL (IN)
  YESTERDAY        0.0           7.9  1969   0.4   -0.4      0.0
  MONTH TO DATE    1.9                       2.4   -0.5      0.0
  SINCE OCT 1     29.7                      37.1   -7.4      6.8
  SINCE JUL 1     29.7                      37.1   -7.4      6.8
  SNOW DEPTH       3

DEGREE DAYS
 HEATING
  YESTERDAY       33                        33      0        8
  MONTH TO DATE  231                       203     28       92
  SINCE DEC 1   2331                      2379    -48     1886
  SINCE JUL 1   3273                      3597   -324     2856

 COOLING
  YESTERDAY        0                         0      0        0
  MONTH TO DATE    0                         0      0        0
  SINCE DEC 1      0                         0      0        0
  SINCE JAN 1      0                         0      0        0
..................................................................


WIND (MPH)
  RESULTANT WIND SPEED   4   RESULTANT WIND DIRECTION  SE (140)
  HIGHEST WIND SPEED    14   HIGHEST WIND DIRECTION    SE (140)
  HIGHEST GUST SPEED    17   HIGHEST GUST DIRECTION    SE (150)
  AVERAGE WIND SPEED     6.9


SKY COVER
  POSSIBLE SUNSHINE  MM
  AVERAGE SKY COVER 0.1


WEATHER CONDITIONS
 THE FOLLOWING WEATHER WAS RECORDED YESTERDAY.
  FOG
  HAZE


RELATIVE HUMIDITY (PERCENT)
 HIGHEST    84           500 AM
 LOWEST     45           200 PM
 AVERAGE    65

..........................................................


THE SALT LAKE CITY UT CLIMATE NORMALS FOR TODAY
                         NORMAL    RECORD    YEAR
 MAXIMUM TEMPERATURE (F)   41        68      2015
 MINIMUM TEMPERATURE (F)   23       -12      1933


SUNRISE AND SUNSET
FEBRUARY  7 2016......SUNRISE   732 AM MST   SUNSET   552 PM MST
FEBRUARY  8 2016......SUNRISE   731 AM MST   SUNSET   554 PM MST


-  INDICATES NEGATIVE NUMBERS.
R  INDICATES RECORD WAS SET OR TIED.
MM INDICATES DATA IS MISSING.
T  INDICATES TRACE AMOUNT.




$$
