000
CDUS46 KPQR 230221
CLISLE


CLIMATE REPORT
NATIONAL WEATHER SERVICE PORTLAND OREGON
621 PM PST WED FEB 22 2017


...................................

...THE SALEM OR CLIMATE SUMMARY FOR FEBRUARY 22 2017...
VALID TODAY AS OF 0600 PM LOCAL TIME.

CLIMATE NORMAL PERIOD 1981 TO 2010
CLIMATE RECORD PERIOD 1892 TO 2017


WEATHER ITEM   OBSERVED TIME   RECORD YEAR NORMAL DEPARTURE LAST
                VALUE   (LST)  VALUE       VALUE  FROM      YEAR
                                                  NORMAL
..................................................................
TEMPERATURE (F)
 TODAY
  MAXIMUM         45    145 PM  65    2002  53     -8       55
  MINIMUM         34    556 AM  23    1894  35     -1       36
  AVERAGE         40                        44     -4       46

PRECIPITATION (IN)
  TODAY            0.16          1.40 1936   0.15   0.01      T
  MONTH TO DATE   12.96                      3.63   9.33     2.31
  SINCE OCT 1     41.66                     25.98  15.68    33.68
  SINCE JAN 1     18.36                      9.59   8.77    10.13

DEGREE DAYS
 HEATING
  TODAY           25                        21      4       19
  MONTH TO DATE  456                       489    -33      363
  SINCE DEC 1   2202                      1999    203     1665
  SINCE JUL 1   3006                      3116   -110     2545

 COOLING
  TODAY            0                         0      0        0
  MONTH TO DATE    0                         0      0        0
  SINCE DEC 1      0                         0      0        0
  SINCE JAN 1      0                         0      0        0
..................................................................


WIND (MPH)
  HIGHEST WIND SPEED    13   HIGHEST WIND DIRECTION     N (10)
  HIGHEST GUST SPEED    16   HIGHEST GUST DIRECTION     N (10)
  AVERAGE WIND SPEED     1.8


SKY COVER
  POSSIBLE SUNSHINE  MM
  AVERAGE SKY COVER 0.9


WEATHER CONDITIONS
 THE FOLLOWING WEATHER WAS RECORDED TODAY.
  RAIN
  LIGHT RAIN
  FOG
  FOG W/VISIBILITY <= 1/4 MILE


RELATIVE HUMIDITY (PERCENT)
 HIGHEST   100          1200 AM
 LOWEST     70           100 PM
 AVERAGE    85

..........................................................


THE SALEM OR CLIMATE NORMALS FOR TOMORROW
                         NORMAL    RECORD    YEAR
 MAXIMUM TEMPERATURE (F)   53        66      2005
 MINIMUM TEMPERATURE (F)   35        22      1920


SUNRISE AND SUNSET
FEBRUARY 22 2017......SUNRISE   701 AM PST   SUNSET   550 PM PST
FEBRUARY 23 2017......SUNRISE   659 AM PST   SUNSET   552 PM PST


-  INDICATES NEGATIVE NUMBERS.
R  INDICATES RECORD WAS SET OR TIED.
MM INDICATES DATA IS MISSING.
T  INDICATES TRACE AMOUNT.




$$
