000
CDUS46 KPQR 191143
CLISLE


CLIMATE REPORT
NATIONAL WEATHER SERVICE PORTLAND OREGON
442 AM PDT FRI SEP 19 2014


...................................

...THE SALEM OR CLIMATE SUMMARY FOR SEPTEMBER 18 2014...

CLIMATE NORMAL PERIOD 1981 TO 2010
CLIMATE RECORD PERIOD 1892 TO 2014


WEATHER ITEM   OBSERVED TIME   RECORD YEAR NORMAL DEPARTURE LAST
                VALUE   (LST)  VALUE       VALUE  FROM      YEAR
                                                  NORMAL
..................................................................
TEMPERATURE (F)
 YESTERDAY
  MAXIMUM         74    446 PM  93    1991  77     -3       74
  MINIMUM         58   1144 PM  32    1965  48     10       50
  AVERAGE         66                        62      4       62

PRECIPITATION (IN)
  YESTERDAY        0.01          1.05 2010   0.04  -0.03     0.00
  MONTH TO DATE    0.01                      0.64  -0.63     2.34
  SINCE OCT 1     27.41                     39.03 -11.62    36.56
  SINCE JAN 1     22.83                     22.64   0.19    14.30

DEGREE DAYS
 HEATING
  YESTERDAY        0                         4     -4        3
  MONTH TO DATE    3                        46    -43        5
  SINCE SEP 1      3                        46    -43        5
  SINCE JUL 1      7                       102    -95       10

 COOLING
  YESTERDAY        1                         1      0        0
  MONTH TO DATE   52                        29     23       75
  SINCE SEP 1     52                        29     23       75
  SINCE JAN 1    570                       281    289      502
..................................................................


WIND (MPH)
  HIGHEST WIND SPEED    10   HIGHEST WIND DIRECTION     S (160)
  HIGHEST GUST SPEED    13   HIGHEST GUST DIRECTION    SE (120)
  AVERAGE WIND SPEED     3.7


SKY COVER
  POSSIBLE SUNSHINE  MM
  AVERAGE SKY COVER 0.8


WEATHER CONDITIONS
 THE FOLLOWING WEATHER WAS RECORDED YESTERDAY.
  LIGHT RAIN


RELATIVE HUMIDITY (PERCENT)
 HIGHEST    90           800 AM
 LOWEST     49           400 PM
 AVERAGE    70

..........................................................


THE SALEM OR CLIMATE NORMALS FOR TODAY
                         NORMAL    RECORD    YEAR
 MAXIMUM TEMPERATURE (F)   76        96      1974
 MINIMUM TEMPERATURE (F)   48        34      1928


SUNRISE AND SUNSET
SEPTEMBER 19 2014.....SUNRISE   656 AM PDT   SUNSET   715 PM PDT
SEPTEMBER 20 2014.....SUNRISE   657 AM PDT   SUNSET   713 PM PDT


-  INDICATES NEGATIVE NUMBERS.
R  INDICATES RECORD WAS SET OR TIED.
MM INDICATES DATA IS MISSING.
T  INDICATES TRACE AMOUNT.




$$
