000
CDUS46 KPQR 231142
CLISLE


CLIMATE REPORT
NATIONAL WEATHER SERVICE PORTLAND OREGON
441 AM PDT WED APR 23 2014


...................................

...THE SALEM OR CLIMATE SUMMARY FOR APRIL 22 2014...

CLIMATE NORMAL PERIOD 1981 TO 2010
CLIMATE RECORD PERIOD 1893 TO 2014


WEATHER ITEM   OBSERVED TIME   RECORD YEAR NORMAL DEPARTURE LAST
                VALUE   (LST)  VALUE       VALUE  FROM      YEAR
                                                  NORMAL
..................................................................
TEMPERATURE (F)
 YESTERDAY
  MAXIMUM         57    325 PM  80    2012  62     -5       67
                                      1982
                                      1910
  MINIMUM         44    610 AM  27    1972  40      4       39
  AVERAGE         51                        51      0       53

PRECIPITATION (IN)
  YESTERDAY        0.20          0.96 1996   0.09   0.11     0.00
  MONTH TO DATE    1.17                      2.19  -1.02     2.34
  SINCE OCT 1     22.34                     33.09 -10.75    29.86
  SINCE JAN 1     17.76                     16.70   1.06     7.60

DEGREE DAYS
 HEATING
  YESTERDAY       14                        14      0       12
  MONTH TO DATE  258                       336    -78      319
  SINCE MAR 1    744                       899   -155      852
  SINCE JUL 1   4030                      4139   -109     3911

 COOLING
  YESTERDAY        0                         0      0        0
  MONTH TO DATE    0                         0      0        0
  SINCE MAR 1      0                         0      0        0
  SINCE JAN 1      0                         0      0        0
..................................................................


WIND (MPH)
  HIGHEST WIND SPEED    23   HIGHEST WIND DIRECTION     W (260)
  HIGHEST GUST SPEED    31   HIGHEST GUST DIRECTION     W (270)
  AVERAGE WIND SPEED    10.0


SKY COVER
  POSSIBLE SUNSHINE  MM
  AVERAGE SKY COVER 0.8


WEATHER CONDITIONS
 THE FOLLOWING WEATHER WAS RECORDED YESTERDAY.
  HEAVY RAIN
  LIGHT RAIN


RELATIVE HUMIDITY (PERCENT)
 HIGHEST    86           200 AM
 LOWEST     47           400 PM
 AVERAGE    67

..........................................................


THE SALEM OR CLIMATE NORMALS FOR TODAY
                         NORMAL    RECORD    YEAR
 MAXIMUM TEMPERATURE (F)   63        84      1910
 MINIMUM TEMPERATURE (F)   40        30      1954
                                             1900


SUNRISE AND SUNSET
APRIL 23 2014.........SUNRISE   614 AM PDT   SUNSET   808 PM PDT
APRIL 24 2014.........SUNRISE   612 AM PDT   SUNSET   809 PM PDT


-  INDICATES NEGATIVE NUMBERS.
R  INDICATES RECORD WAS SET OR TIED.
MM INDICATES DATA IS MISSING.
T  INDICATES TRACE AMOUNT.




$$
