000
CDUS46 KPQR 140029
CLISLE


CLIMATE REPORT
NATIONAL WEATHER SERVICE PORTLAND OREGON
428 PM PST WED DEC 13 2017


...................................

...THE SALEM OR CLIMATE SUMMARY FOR DECEMBER 13 2017...
VALID TODAY AS OF 0400 PM LOCAL TIME.

CLIMATE NORMAL PERIOD 1981 TO 2010
CLIMATE RECORD PERIOD 1892 TO 2017


WEATHER ITEM   OBSERVED TIME   RECORD YEAR NORMAL DEPARTURE LAST
                VALUE   (LST)  VALUE       VALUE  FROM      YEAR
                                                  NORMAL
..................................................................
TEMPERATURE (F)
 TODAY
  MAXIMUM         48    315 PM  61    1969  46      2       39
  MINIMUM         27    753 AM  -2    1919  34     -7       33
  AVERAGE         38                        40     -2       36

PRECIPITATION (IN)
  TODAY            0.00          2.23 2003   0.22  -0.22     0.00
  MONTH TO DATE    0.66                      3.02  -2.36     3.01
  SINCE OCT 1     12.68                     12.55   0.13    21.16
  SINCE JAN 1     48.49                     35.83  12.66    44.87

DEGREE DAYS
 HEATING
  TODAY           27                        25      2       29
  MONTH TO DATE  328                       314     14      324
  SINCE DEC 1    328                       314     14      324
  SINCE JUL 1   1260                      1431   -171     1128

 COOLING
  TODAY            0                         0      0        0
  MONTH TO DATE    0                         0      0        0
  SINCE DEC 1      0                         0      0        0
  SINCE JAN 1    647                       290    357      465
..................................................................


WIND (MPH)
  HIGHEST WIND SPEED    15   HIGHEST WIND DIRECTION     N (20)
  HIGHEST GUST SPEED    18   HIGHEST GUST DIRECTION     N (20)
  AVERAGE WIND SPEED     5.8


SKY COVER
  POSSIBLE SUNSHINE  MM
  AVERAGE SKY COVER 0.0


WEATHER CONDITIONS
 THE FOLLOWING WEATHER WAS RECORDED TODAY.
  NO SIGNIFICANT WEATHER WAS OBSERVED.


RELATIVE HUMIDITY (PERCENT)
 HIGHEST    85           300 AM
 LOWEST     49           200 PM
 AVERAGE    67

..........................................................


THE SALEM OR CLIMATE NORMALS FOR TOMORROW
                         NORMAL    RECORD    YEAR
 MAXIMUM TEMPERATURE (F)   46        60      2002
 MINIMUM TEMPERATURE (F)   34        13      1932


SUNRISE AND SUNSET
DECEMBER 13 2017......SUNRISE   742 AM PST   SUNSET   431 PM PST
DECEMBER 14 2017......SUNRISE   743 AM PST   SUNSET   431 PM PST


-  INDICATES NEGATIVE NUMBERS.
R  INDICATES RECORD WAS SET OR TIED.
MM INDICATES DATA IS MISSING.
T  INDICATES TRACE AMOUNT.




$$
