000
CDUS46 KPQR 301141
CLISLE


CLIMATE REPORT
NATIONAL WEATHER SERVICE PORTLAND OREGON
441 AM PDT THU MAR 30 2017


...................................

...THE SALEM OR CLIMATE SUMMARY FOR MARCH 29 2017...

CLIMATE NORMAL PERIOD 1981 TO 2010
CLIMATE RECORD PERIOD 1892 TO 2017


WEATHER ITEM   OBSERVED TIME   RECORD YEAR NORMAL DEPARTURE LAST
                VALUE   (LST)  VALUE       VALUE  FROM      YEAR
                                                  NORMAL
..................................................................
TEMPERATURE (F)
 YESTERDAY
  MAXIMUM         56    515 PM  80    1923  58     -2       65
  MINIMUM         46   1159 PM  26    1936  38      8       33
  AVERAGE         51                        48      3       49

PRECIPITATION (IN)
  YESTERDAY        0.21          2.00 1963   0.12   0.09     0.00
  MONTH TO DATE    7.67                      3.75   3.92     6.36
  SINCE OCT 1     49.78                     30.66  19.12    40.64
  SINCE JAN 1     26.48                     14.27  12.21    17.09

DEGREE DAYS
 HEATING
  YESTERDAY       14                        17     -3       16
  MONTH TO DATE  483                       530    -47      460
  SINCE MAR 1    483                       530    -47      460
  SINCE JUL 1   3641                      3770   -129     3116

 COOLING
  YESTERDAY        0                         0      0        0
  MONTH TO DATE    0                         0      0        0
  SINCE MAR 1      0                         0      0        0
  SINCE JAN 1      0                         0      0        0
..................................................................


WIND (MPH)
  HIGHEST WIND SPEED    28   HIGHEST WIND DIRECTION     S (180)
  HIGHEST GUST SPEED    39   HIGHEST GUST DIRECTION     S (180)
  AVERAGE WIND SPEED    13.5


SKY COVER
  POSSIBLE SUNSHINE  MM
  AVERAGE SKY COVER 0.9


WEATHER CONDITIONS
 THE FOLLOWING WEATHER WAS RECORDED YESTERDAY.
  LIGHT RAIN
  FOG
  HAZE


RELATIVE HUMIDITY (PERCENT)
 HIGHEST    89           200 PM
 LOWEST     71           500 AM
 AVERAGE    80

..........................................................


THE SALEM OR CLIMATE NORMALS FOR TODAY
                         NORMAL    RECORD    YEAR
 MAXIMUM TEMPERATURE (F)   59        77      1911
 MINIMUM TEMPERATURE (F)   39        24      1968


SUNRISE AND SUNSET
MARCH 30 2017.........SUNRISE   656 AM PDT   SUNSET   738 PM PDT
MARCH 31 2017.........SUNRISE   654 AM PDT   SUNSET   739 PM PDT


-  INDICATES NEGATIVE NUMBERS.
R  INDICATES RECORD WAS SET OR TIED.
MM INDICATES DATA IS MISSING.
T  INDICATES TRACE AMOUNT.




$$
