000
CDUS41 KBTV 250542
CLISLK


CLIMATE REPORT
NATIONAL WEATHER SERVICE BURLINGTON VT
1237 AM EST TUE NOV 25 2014


...................................

...THE SARANAC LAKE NY CLIMATE SUMMARY FOR NOVEMBER 24 2014...

CLIMATE NORMAL PERIOD 1981 TO 2010
CLIMATE RECORD PERIOD 9999 TO 9999


WEATHER ITEM   OBSERVED TIME   NORMAL DEPARTURE LAST
                VALUE   (LST)  VALUE  FROM      YEAR
                                      NORMAL
......................................................
TEMPERATURE (F)
 YESTERDAY
  MAXIMUM         63    211 PM  38     25       14
  MINIMUM         33   1208 AM  19     14        4
  AVERAGE         48            29     19        9

PRECIPITATION (IN)
  YESTERDAY        0.58          0.11   0.47      T
  MONTH TO DATE    1.82          2.71  -0.89     2.93
  SINCE SEP 1      7.05         10.05  -3.00     8.96
  SINCE JAN 1     33.01         34.59  -1.58    37.84

DEGREE DAYS
 HEATING
  YESTERDAY       17            36    -19       56
  MONTH TO DATE  723           754    -31      833
  SINCE SEP 1   1647          1806   -159     1867
  SINCE JUL 1   1926          2046   -120     2080

 COOLING
  YESTERDAY        0             0      0        0
  MONTH TO DATE    0             0      0        0
  SINCE SEP 1     15             7      8       16
  SINCE JAN 1     83           114    -31      187
......................................................


WIND (MPH)
  HIGHEST WIND SPEED    32   HIGHEST WIND DIRECTION     S (180)
  HIGHEST GUST SPEED    47   HIGHEST GUST DIRECTION     S (170)
  AVERAGE WIND SPEED    14.7


SKY COVER
  AVERAGE SKY COVER 0.6


WEATHER CONDITIONS
 THE FOLLOWING WEATHER WAS RECORDED YESTERDAY.
  HEAVY RAIN
  RAIN
  LIGHT RAIN
  FOG


RELATIVE HUMIDITY (PERCENT)
 HIGHEST    89          1200 AM
 LOWEST     64           300 PM
 AVERAGE    77

..........................................................


THE SARANAC LAKE NY CLIMATE NORMALS FOR TODAY
                         NORMAL    RECORD    YEAR
 MAXIMUM TEMPERATURE (F)   38        MM        MM
 MINIMUM TEMPERATURE (F)   19        MM        MM


SUNRISE AND SUNSET
NOVEMBER 25 2014......SUNRISE   706 AM EST   SUNSET   422 PM EST
NOVEMBER 26 2014......SUNRISE   707 AM EST   SUNSET   421 PM EST


-  INDICATES NEGATIVE NUMBERS.
R  INDICATES RECORD WAS SET OR TIED.
MM INDICATES DATA IS MISSING.
T  INDICATES TRACE AMOUNT.




$$
