000
CDUS41 KBTV 210522
CLISLK


CLIMATE REPORT
NATIONAL WEATHER SERVICE BURLINGTON VT
120 AM EDT FRI JUL 21 2017


...................................

...THE SARANAC LAKE NY CLIMATE SUMMARY FOR JULY 20 2017...

CLIMATE NORMAL PERIOD 1981 TO 2010
CLIMATE RECORD PERIOD 9999 TO 9999


WEATHER ITEM   OBSERVED TIME   NORMAL DEPARTURE LAST
                VALUE   (LST)  VALUE  FROM      YEAR
                                      NORMAL
......................................................
TEMPERATURE (F)
 YESTERDAY
  MAXIMUM         79   1102 AM  76      3       75
  MINIMUM         47   1152 PM  51     -4       39
  AVERAGE         63            64     -1       57

PRECIPITATION (IN)
  YESTERDAY        0.00          0.13  -0.13     0.00
  MONTH TO DATE    2.12          2.69  -0.57     2.55
  SINCE JUN 1     10.04          6.54   3.50     5.69
  SINCE JAN 1     26.13         18.89   7.24    18.20

DEGREE DAYS
 HEATING
  YESTERDAY        2             3     -1        8
  MONTH TO DATE   34            60    -26       58
  SINCE JUN 1    252           244      8      273
  SINCE JUL 1     34            60    -26       58

 COOLING
  YESTERDAY        0             1     -1        0
  MONTH TO DATE   15            35    -20       36
  SINCE JUN 1     33            61    -28       51
  SINCE JAN 1     39            64    -25       69
......................................................


WIND (MPH)
  HIGHEST WIND SPEED    15   HIGHEST WIND DIRECTION    SW (230)
  HIGHEST GUST SPEED    21   HIGHEST GUST DIRECTION    SW (220)
  AVERAGE WIND SPEED     4.8


SKY COVER
  AVERAGE SKY COVER 0.2


WEATHER CONDITIONS
 THE FOLLOWING WEATHER WAS RECORDED YESTERDAY.
  FOG
  FOG W/VISIBILITY <= 1/4 MILE


RELATIVE HUMIDITY (PERCENT)
 HIGHEST   100          1200 AM
 LOWEST     48          1100 AM
 AVERAGE    74

..........................................................


THE SARANAC LAKE NY CLIMATE NORMALS FOR TODAY
                         NORMAL    RECORD    YEAR
 MAXIMUM TEMPERATURE (F)   76        89      2011
 MINIMUM TEMPERATURE (F)   51        37      1999


SUNRISE AND SUNSET
JULY 21 2017..........SUNRISE   532 AM EDT   SUNSET   833 PM EDT
JULY 22 2017..........SUNRISE   533 AM EDT   SUNSET   832 PM EDT


-  INDICATES NEGATIVE NUMBERS.
R  INDICATES RECORD WAS SET OR TIED.
MM INDICATES DATA IS MISSING.
T  INDICATES TRACE AMOUNT.




$$
