000
CDUS41 KBTV 180532
CLISLK


CLIMATE REPORT
NATIONAL WEATHER SERVICE BURLINGTON VT
1230 AM EST MON DEC 18 2017


...................................

...THE SARANAC LAKE NY CLIMATE SUMMARY FOR DECEMBER 17 2017...

CLIMATE NORMAL PERIOD 1981 TO 2010
CLIMATE RECORD PERIOD 9999 TO 9999


WEATHER ITEM   OBSERVED TIME   NORMAL DEPARTURE LAST
                VALUE   (LST)  VALUE  FROM      YEAR
                                      NORMAL
......................................................
TEMPERATURE (F)
 YESTERDAY
  MAXIMUM         14    235 PM  28    -14       27
  MINIMUM        -19    720 AM   8    -27        8
  AVERAGE         -2            18    -20       18

PRECIPITATION (IN)
  YESTERDAY        0.00          0.07  -0.07     0.12
  MONTH TO DATE    0.73          1.39  -0.66     1.34
  SINCE DEC 1      0.73          1.39  -0.66     1.34
  SINCE JAN 1     42.46         36.62   5.84    32.07

DEGREE DAYS
 HEATING
  YESTERDAY       67            47     20       47
  MONTH TO DATE  775           739     36      755
  SINCE DEC 1    775           739     36      755
  SINCE JUL 1   2832          3014   -182     2597

 COOLING
  YESTERDAY        0             0      0        0
  MONTH TO DATE    0             0      0        0
  SINCE DEC 1      0             0      0        0
  SINCE JAN 1     69           114    -45      166
......................................................


WIND (MPH)
  HIGHEST WIND SPEED     9   HIGHEST WIND DIRECTION    SW (210)
  HIGHEST GUST SPEED    11   HIGHEST GUST DIRECTION    SW (220)
  AVERAGE WIND SPEED     1.6


SKY COVER
  AVERAGE SKY COVER 0.0


WEATHER CONDITIONS
 THE FOLLOWING WEATHER WAS RECORDED YESTERDAY.
  NO SIGNIFICANT WEATHER WAS OBSERVED.


RELATIVE HUMIDITY (PERCENT)
 HIGHEST    96          1100 PM
 LOWEST     61           200 PM
 AVERAGE    79

..........................................................


THE SARANAC LAKE NY CLIMATE NORMALS FOR TODAY
                         NORMAL    RECORD    YEAR
 MAXIMUM TEMPERATURE (F)   28        42      2016
 MINIMUM TEMPERATURE (F)    8       -25      2009


SUNRISE AND SUNSET
DECEMBER 18 2017......SUNRISE   728 AM EST   SUNSET   419 PM EST
DECEMBER 19 2017......SUNRISE   729 AM EST   SUNSET   419 PM EST


-  INDICATES NEGATIVE NUMBERS.
R  INDICATES RECORD WAS SET OR TIED.
MM INDICATES DATA IS MISSING.
T  INDICATES TRACE AMOUNT.




$$
