000
CDUS41 KBTV 290554
CLISLK


CLIMATE REPORT
NATIONAL WEATHER SERVICE BURLINGTON VT
148 AM EDT MON AUG 29 2016


...................................

...THE SARANAC LAKE NY CLIMATE SUMMARY FOR AUGUST 28 2016...

CLIMATE NORMAL PERIOD 1981 TO 2010
CLIMATE RECORD PERIOD 9999 TO 9999


WEATHER ITEM   OBSERVED TIME   NORMAL DEPARTURE LAST
                VALUE   (LST)  VALUE  FROM      YEAR
                                      NORMAL
......................................................
TEMPERATURE (F)
 YESTERDAY
  MAXIMUM         84    104 PM  73     11       71
  MINIMUM         55   1225 AM  47      8       45
  AVERAGE         70            60     10       58

PRECIPITATION (IN)
  YESTERDAY        0.02          0.14  -0.12     0.00
  MONTH TO DATE    3.15          3.74  -0.59     3.40
  SINCE JUN 1      9.22         11.78  -2.56    16.26
  SINCE JAN 1     21.73         24.13  -2.40    24.05

DEGREE DAYS
 HEATING
  YESTERDAY        0             6     -6        7
  MONTH TO DATE   35           128    -93       87
  SINCE JUN 1    323           406    -83      378
  SINCE JUL 1    108           222   -114      182

 COOLING
  YESTERDAY        5             1      4        0
  MONTH TO DATE   69            28     41       31
  SINCE JUN 1    133           100     33       87
  SINCE JAN 1    151           103     48      103
......................................................


WIND (MPH)
  HIGHEST WIND SPEED    20   HIGHEST WIND DIRECTION    SW (210)
  HIGHEST GUST SPEED    30   HIGHEST GUST DIRECTION    SW (220)
  AVERAGE WIND SPEED     7.4


SKY COVER
  AVERAGE SKY COVER 0.4


WEATHER CONDITIONS
 THE FOLLOWING WEATHER WAS RECORDED YESTERDAY.
  NO SIGNIFICANT WEATHER WAS OBSERVED.


RELATIVE HUMIDITY (PERCENT)
 HIGHEST    93           100 AM
 LOWEST     54          1100 AM
 AVERAGE    74

..........................................................


THE SARANAC LAKE NY CLIMATE NORMALS FOR TODAY
                         NORMAL    RECORD    YEAR
 MAXIMUM TEMPERATURE (F)   72        88      2007
 MINIMUM TEMPERATURE (F)   47        32      2012


SUNRISE AND SUNSET
AUGUST 29 2016........SUNRISE   617 AM EDT   SUNSET   738 PM EDT
AUGUST 30 2016........SUNRISE   618 AM EDT   SUNSET   736 PM EDT


-  INDICATES NEGATIVE NUMBERS.
R  INDICATES RECORD WAS SET OR TIED.
MM INDICATES DATA IS MISSING.
T  INDICATES TRACE AMOUNT.




$$
