000
CDUS41 KBTV 140523
CLISLK


CLIMATE REPORT
NATIONAL WEATHER SERVICE BURLINGTON VT
121 AM EDT MON JUL 14 2014


...................................

...THE SARANAC LAKE NY CLIMATE SUMMARY FOR JULY 13 2014...

CLIMATE NORMAL PERIOD 1981 TO 2010
CLIMATE RECORD PERIOD 9999 TO 9999


WEATHER ITEM   OBSERVED TIME   NORMAL DEPARTURE LAST
                VALUE   (LST)  VALUE  FROM      YEAR
                                      NORMAL
......................................................
TEMPERATURE (F)
 YESTERDAY
  MAXIMUM         76   1014 AM  76      0       80
  MINIMUM         59    108 AM  51      8       47
  AVERAGE         68            64      4       64

PRECIPITATION (IN)
  YESTERDAY        0.11          0.13  -0.02     0.00
  MONTH TO DATE    1.10          1.80  -0.70     3.82
  SINCE JUN 1      7.88          5.65   2.23    13.10
  SINCE JAN 1     20.04         18.00   2.04    24.10

DEGREE DAYS
 COOLING
  YESTERDAY        3             2      1        0
  MONTH TO DATE   31            26      5       46
  SINCE JUN 1     52            52      0       82
  SINCE JAN 1     53            55     -2       92
......................................................


WIND (MPH)
  HIGHEST WIND SPEED    23   HIGHEST WIND DIRECTION     S (200)
  HIGHEST GUST SPEED    28   HIGHEST GUST DIRECTION     S (200)
  AVERAGE WIND SPEED     9.4


SKY COVER
  AVERAGE SKY COVER 0.6


WEATHER CONDITIONS
 THE FOLLOWING WEATHER WAS RECORDED YESTERDAY.
  LIGHT RAIN
  FOG
  HAZE


RELATIVE HUMIDITY (PERCENT)
 HIGHEST   100           900 PM
 LOWEST     68           800 AM
 AVERAGE    84

..........................................................


THE SARANAC LAKE NY CLIMATE NORMALS FOR TODAY
                         NORMAL    RECORD    YEAR
 MAXIMUM TEMPERATURE (F)   76        MM        MM
 MINIMUM TEMPERATURE (F)   51        MM        MM


SUNRISE AND SUNSET
JULY 14 2014..........SUNRISE   526 AM EDT   SUNSET   839 PM EDT
JULY 15 2014..........SUNRISE   527 AM EDT   SUNSET   839 PM EDT


-  INDICATES NEGATIVE NUMBERS.
R  INDICATES RECORD WAS SET OR TIED.
MM INDICATES DATA IS MISSING.
T  INDICATES TRACE AMOUNT.




$$
