000
CDUS41 KBTV 270528
CLISLK


CLIMATE REPORT
NATIONAL WEATHER SERVICE BURLINGTON VT
125 AM EDT SAT MAY 27 2017


...................................

...THE SARANAC LAKE NY CLIMATE SUMMARY FOR MAY 26 2017...

CLIMATE NORMAL PERIOD 1981 TO 2010
CLIMATE RECORD PERIOD 9999 TO 9999


WEATHER ITEM   OBSERVED TIME   NORMAL DEPARTURE LAST
                VALUE   (LST)  VALUE  FROM      YEAR
                                      NORMAL
......................................................
TEMPERATURE (F)
 YESTERDAY
  MAXIMUM         53   1117 AM  67    -14       82
  MINIMUM         43   1157 PM  41      2       45
  AVERAGE         48            54     -6       64

PRECIPITATION (IN)
  YESTERDAY        0.21          0.14   0.07     0.00
  MONTH TO DATE    5.36          2.83   2.53     1.81
  SINCE MAR 1     10.49          8.00   2.49     7.51
  SINCE JAN 1     15.03         11.74   3.29    11.39

DEGREE DAYS
 HEATING
  YESTERDAY       17            11      6        1
  MONTH TO DATE  435           409     26      418
  SINCE MAR 1   2468          2475     -7     2350
  SINCE JUL 1   8164          9180  -1016     7945

 COOLING
  YESTERDAY        0             0      0        0
  MONTH TO DATE    6             0      6        0
  SINCE MAR 1      6             0      6        0
  SINCE JAN 1      6             0      6        0
......................................................


WIND (MPH)
  HIGHEST WIND SPEED    13   HIGHEST WIND DIRECTION    NE (50)
  HIGHEST GUST SPEED    16   HIGHEST GUST DIRECTION    NE (50)
  AVERAGE WIND SPEED     4.7


SKY COVER
  AVERAGE SKY COVER 1.0


WEATHER CONDITIONS
 THE FOLLOWING WEATHER WAS RECORDED YESTERDAY.
  RAIN
  LIGHT RAIN
  FOG
  FOG W/VISIBILITY <= 1/4 MILE


RELATIVE HUMIDITY (PERCENT)
 HIGHEST   100           100 AM
 LOWEST     93          1000 AM
 AVERAGE    97

..........................................................


THE SARANAC LAKE NY CLIMATE NORMALS FOR TODAY
                         NORMAL    RECORD    YEAR
 MAXIMUM TEMPERATURE (F)   67        87      2016
 MINIMUM TEMPERATURE (F)   41        28      2013


SUNRISE AND SUNSET
MAY 27 2017...........SUNRISE   519 AM EDT   SUNSET   830 PM EDT
MAY 28 2017...........SUNRISE   518 AM EDT   SUNSET   831 PM EDT


-  INDICATES NEGATIVE NUMBERS.
R  INDICATES RECORD WAS SET OR TIED.
MM INDICATES DATA IS MISSING.
T  INDICATES TRACE AMOUNT.




$$
