000
CDUS43 KICT 260635
CLISLN


CLIMATE REPORT
NATIONAL WEATHER SERVICE WICHITA KS
1235 AM CST MON JAN 26 2015


...................................

...THE SALINA KS CLIMATE SUMMARY FOR JANUARY 25 2015...

CLIMATE NORMAL PERIOD 1981 TO 2010
CLIMATE RECORD PERIOD 1894 TO 2015


WEATHER ITEM   OBSERVED TIME   RECORD YEAR NORMAL DEPARTURE LAST
                VALUE   (LST)  VALUE       VALUE  FROM      YEAR
                                                  NORMAL
..................................................................
TEMPERATURE (F)
 YESTERDAY
  MAXIMUM         51    232 PM  69    1944  42      9       57
  MINIMUM         25   1131 PM -11    1905  21      4       34
  AVERAGE         38                        31      7       46

PRECIPITATION (IN)
  YESTERDAY        T             0.27 2004   0.02  -0.02     0.00
  MONTH TO DATE    0.35                      0.47  -0.12     0.49
  SINCE DEC 1      2.25                      1.41   0.84     1.71
  SINCE JAN 1      0.35                      0.47  -0.12     0.49

DEGREE DAYS
 HEATING
  YESTERDAY       27                        34     -7       19
  MONTH TO DATE  877                       850     27      872
  SINCE DEC 1   1770                      1862    -92     2024
  SINCE JUL 1   2767                      2814    -47     3012

 COOLING
  YESTERDAY        0                         0      0        0
  MONTH TO DATE    0                         0      0        0
  SINCE DEC 1      0                         0      0        0
  SINCE JAN 1      0                         0      0        0
..................................................................


WIND (MPH)
  HIGHEST WIND SPEED    37   HIGHEST WIND DIRECTION    NW (330)
  HIGHEST GUST SPEED    47   HIGHEST GUST DIRECTION    NW (330)
  AVERAGE WIND SPEED    20.0


SKY COVER
  POSSIBLE SUNSHINE  MM
  AVERAGE SKY COVER 0.5


WEATHER CONDITIONS
 THE FOLLOWING WEATHER WAS RECORDED YESTERDAY.
  LIGHT RAIN


RELATIVE HUMIDITY (PERCENT)
 HIGHEST    85          1000 PM
 LOWEST     50           200 PM
 AVERAGE    68

..........................................................


THE SALINA KS CLIMATE NORMALS FOR TODAY
                         NORMAL    RECORD    YEAR
 MAXIMUM TEMPERATURE (F)   42        70      1951
 MINIMUM TEMPERATURE (F)   21       -13      1904


SUNRISE AND SUNSET
JANUARY 26 2015.......SUNRISE   742 AM CST   SUNSET   545 PM CST
JANUARY 27 2015.......SUNRISE   741 AM CST   SUNSET   546 PM CST


-  INDICATES NEGATIVE NUMBERS.
R  INDICATES RECORD WAS SET OR TIED.
MM INDICATES DATA IS MISSING.
T  INDICATES TRACE AMOUNT.




$$
