000
CDUS43 KICT 280710
CLISLN


CLIMATE REPORT
NATIONAL WEATHER SERVICE WICHITA KS
110 AM CST TUE FEB 28 2017


...................................

...THE SALINA KS CLIMATE SUMMARY FOR FEBRUARY 27 2017...

CLIMATE NORMAL PERIOD 1981 TO 2010
CLIMATE RECORD PERIOD 1894 TO 2017


WEATHER ITEM   OBSERVED TIME   RECORD YEAR NORMAL DEPARTURE LAST
                VALUE   (LST)  VALUE       VALUE  FROM      YEAR
                                                  NORMAL
..................................................................
TEMPERATURE (F)
 YESTERDAY
  MAXIMUM         65    422 PM  78    2016  51     14       78
  MINIMUM         23    643 AM  -1    2002  29     -6       25
  AVERAGE         44                        40      4       52

PRECIPITATION (IN)
  YESTERDAY        0.00          1.95 1900   0.05  -0.05     0.00
  MONTH TO DATE    0.07                      1.12  -1.05     0.52
  SINCE DEC 1      2.94                      2.69   0.25     4.90
  SINCE JAN 1      2.09                      1.75   0.34     1.24

DEGREE DAYS
 HEATING
  YESTERDAY       21                        25     -4       13
  MONTH TO DATE  550                       799   -249      621
  SINCE DEC 1   2113                      2863   -750     2328
  SINCE JUL 1   2656                      3815  -1159     2960

 COOLING
  YESTERDAY        0                         0      0        0
  MONTH TO DATE    0                         0      0        0
  SINCE DEC 1      0                         0      0        0
  SINCE JAN 1      0                         0      0        0
..................................................................


WIND (MPH)
  HIGHEST WIND SPEED    25   HIGHEST WIND DIRECTION     S (200)
  HIGHEST GUST SPEED    35   HIGHEST GUST DIRECTION     S (170)
  AVERAGE WIND SPEED    11.3


SKY COVER
  POSSIBLE SUNSHINE  MM
  AVERAGE SKY COVER 0.2


WEATHER CONDITIONS
 THE FOLLOWING WEATHER WAS RECORDED YESTERDAY.
  NO SIGNIFICANT WEATHER WAS OBSERVED.


RELATIVE HUMIDITY (PERCENT)
 HIGHEST    82           800 AM
 LOWEST     46          1100 AM
 AVERAGE    64

..........................................................


THE SALINA KS CLIMATE NORMALS FOR TODAY
                         NORMAL    RECORD    YEAR
 MAXIMUM TEMPERATURE (F)   51        84      2006
 MINIMUM TEMPERATURE (F)   29        -2      1960


SUNRISE AND SUNSET
FEBRUARY 28 2017......SUNRISE   704 AM CST   SUNSET   623 PM CST
MARCH  1 2017.........SUNRISE   702 AM CST   SUNSET   624 PM CST


-  INDICATES NEGATIVE NUMBERS.
R  INDICATES RECORD WAS SET OR TIED.
MM INDICATES DATA IS MISSING.
T  INDICATES TRACE AMOUNT.




$$
