000
CDUS46 KLOX 240904
CLISMX


CLIMATE REPORT
NATIONAL WEATHER SERVICE LOS ANGELES/OXNARD CA
204 AM PDT THU APR 24 2014


...................................

...THE SANTA MARIA AIRPORT CA CLIMATE SUMMARY FOR APRIL 23 2014...

CLIMATE NORMAL PERIOD 1981 TO 2010
CLIMATE RECORD PERIOD 1906 TO 2014


WEATHER ITEM   OBSERVED TIME   RECORD YEAR NORMAL DEPARTURE LAST
                VALUE   (LST)  VALUE       VALUE  FROM      YEAR
                                                  NORMAL
..................................................................
TEMPERATURE (F)
 YESTERDAY
  MAXIMUM         68    159 PM  96    1946  68      0       73
  MINIMUM         45    330 AM  33    1970  45      0       52
  AVERAGE         57                        56      1       63

PRECIPITATION (IN)
  YESTERDAY        0.00          0.75 1988   0.03  -0.03     0.00
  MONTH TO DATE    0.72                      0.83  -0.11     0.11
  SINCE JUL 1      4.38                     13.45  -9.07     6.18
  SINCE JAN 1      3.88                      9.21  -5.33     2.45

SNOWFALL (IN)
  YESTERDAY        0.0
  MONTH TO DATE    0.0
  SINCE MAR 1      0.0
  SINCE JUL 1      0.0

DEGREE DAYS
 HEATING
  YESTERDAY        8                         9     -1
  MONTH TO DATE  127                       223    -96
  SINCE MAR 1    283                       563   -280
  SINCE JUL 1   1421                      2396   -975

 COOLING
  YESTERDAY        0                         0      0
  MONTH TO DATE    2                         0      2
  SINCE MAR 1     10                         1      9
  SINCE JAN 1     14                         2     12
..................................................................


WIND (MPH)
  HIGHEST WIND SPEED    MM   HIGHEST WIND DIRECTION    MM
  HIGHEST GUST SPEED    MM   HIGHEST GUST DIRECTION    MM
  AVERAGE WIND SPEED    12.9


SKY COVER
  POSSIBLE SUNSHINE  MM
  AVERAGE SKY COVER 0.1


WEATHER CONDITIONS
 THE FOLLOWING WEATHER WAS RECORDED YESTERDAY.
  NO SIGNIFICANT WEATHER WAS OBSERVED.


RELATIVE HUMIDITY (PERCENT)
 HIGHEST    80          1200 AM
 LOWEST     34          1000 AM
 AVERAGE    57

..........................................................


THE SANTA MARIA AIRPORT CA CLIMATE NORMALS FOR TODAY
                         NORMAL    RECORD    YEAR
 MAXIMUM TEMPERATURE (F)   68        87      1910
 MINIMUM TEMPERATURE (F)   45        31      1971


SUNRISE AND SUNSET
APRIL 24 2014.........SUNRISE   619 AM PDT   SUNSET   742 PM PDT
APRIL 25 2014.........SUNRISE   618 AM PDT   SUNSET   742 PM PDT


-  INDICATES NEGATIVE NUMBERS.
R  INDICATES RECORD WAS SET OR TIED.
MM INDICATES DATA IS MISSING.
T  INDICATES TRACE AMOUNT.




$$
