000
CDUS46 KLOX 042210
CLISMX


CLIMATE REPORT
NATIONAL WEATHER SERVICE LOS ANGELES/OXNARD CA
310 PM PDT WED MAY 4 2016


...................................

...THE SANTA MARIA AIRPORT CA CLIMATE SUMMARY FOR MAY 4 2016...
VALID AS OF 0300 PM LOCAL TIME.

CLIMATE NORMAL PERIOD 1981 TO 2010
CLIMATE RECORD PERIOD 1906 TO 2016


WEATHER ITEM   OBSERVED TIME   RECORD YEAR NORMAL DEPARTURE LAST
                VALUE   (LST)  VALUE       VALUE  FROM      YEAR
                                                  NORMAL
..................................................................
TEMPERATURE (F)
 TODAY
  MAXIMUM         68   1204 PM  92    1944  68      0       68
  MINIMUM         51    504 AM  27    1912  46      5       48
  AVERAGE         60                        57      3       58

PRECIPITATION (IN)
  TODAY            0.00          0.37 1921   0.01  -0.01     0.00
  MONTH TO DATE    0.00                      0.07  -0.07     0.00
  SINCE OCT 1      8.76                     13.48  -4.72     7.37
  SINCE JAN 1      6.88                      9.43  -2.55     1.81

SNOWFALL (IN)
  TODAY            0.0
  MONTH TO DATE    0.0
  SINCE MAR 1      0.0
  SINCE JUL 1      0.0

DEGREE DAYS
 HEATING
  TODAY            5                         8     -3
  MONTH TO DATE   16                        32    -16
  SINCE MAR 1    345                       658   -313
  SINCE JUL 1   1468                      2491  -1023

 COOLING
  TODAY            0                         0      0
  MONTH TO DATE    0                         0      0
  SINCE MAR 1     20                         5     15
  SINCE JAN 1     38                         6     32
..................................................................


WIND (MPH)
  HIGHEST WIND SPEED    18   HIGHEST WIND DIRECTION     W (260)
  HIGHEST GUST SPEED    23   HIGHEST GUST DIRECTION     W (260)
  AVERAGE WIND SPEED     5.2


SKY COVER
  POSSIBLE SUNSHINE  MM
  AVERAGE SKY COVER 0.9


WEATHER CONDITIONS
 THE FOLLOWING WEATHER WAS RECORDED TODAY.
  FOG


RELATIVE HUMIDITY (PERCENT)
 HIGHEST   100          1200 AM
 LOWEST     58           100 PM
 AVERAGE    79

..........................................................


THE SANTA MARIA AIRPORT CA CLIMATE NORMALS FOR TOMORROW
                         NORMAL    RECORD    YEAR
 MAXIMUM TEMPERATURE (F)   68        92      1953
 MINIMUM TEMPERATURE (F)   46        32      1975


SUNRISE AND SUNSET
MAY  4 2016...........SUNRISE   607 AM PDT   SUNSET   750 PM PDT
MAY  5 2016...........SUNRISE   607 AM PDT   SUNSET   751 PM PDT


-  INDICATES NEGATIVE NUMBERS.
R  INDICATES RECORD WAS SET OR TIED.
MM INDICATES DATA IS MISSING.
T  INDICATES TRACE AMOUNT.




$$
