000
CDUS46 KLOX 022217
CLISMX


CLIMATE REPORT
NATIONAL WEATHER SERVICE LOS ANGELES/OXNARD CA
317 PM PDT THU JUL 2 2015


...................................

...THE SANTA MARIA AIRPORT CA CLIMATE SUMMARY FOR JULY 2 2015...
VALID AS OF 0300 PM LOCAL TIME.

CLIMATE NORMAL PERIOD 1981 TO 2010
CLIMATE RECORD PERIOD 1906 TO 2015


WEATHER ITEM   OBSERVED TIME   RECORD YEAR NORMAL DEPARTURE LAST
                VALUE   (LST)  VALUE       VALUE  FROM      YEAR
                                                  NORMAL
..................................................................
TEMPERATURE (F)
 TODAY
  MAXIMUM         82   1204 PM  93    2013  72     10       72
  MINIMUM         59    241 AM  41    1919  53      6       58
  AVERAGE         71                        62      9       65

PRECIPITATION (IN)
  TODAY            T             0.02 1980   0.00   0.00     0.00
                                      1925
  MONTH TO DATE    T                         0.00   0.00     0.00
  SINCE OCT 1      7.64                     13.76  -6.12     4.50
  SINCE JAN 1      2.08                      9.71  -7.63     4.01

SNOWFALL (IN)
  TODAY            0.0
  MONTH TO DATE    0.0
  SINCE JUN 1      0.0
  SINCE JUL 1      0.0

DEGREE DAYS
 HEATING
  TODAY            0                         3     -3
  MONTH TO DATE    0                         6     -6
  SINCE JUN 1     43                       147   -104
  SINCE JUL 1      0                         6     -6

 COOLING
  TODAY            6                         0      6
  MONTH TO DATE    8                         0      8
  SINCE JUN 1     28                         6     22
  SINCE JAN 1     56                        16     40
..................................................................


WIND (MPH)
  HIGHEST WIND SPEED    14   HIGHEST WIND DIRECTION    NW (320)
  HIGHEST GUST SPEED    18   HIGHEST GUST DIRECTION    NW (300)
  AVERAGE WIND SPEED     3.6


SKY COVER
  POSSIBLE SUNSHINE  MM
  AVERAGE SKY COVER 0.7


WEATHER CONDITIONS
 THE FOLLOWING WEATHER WAS RECORDED TODAY.
  FOG


RELATIVE HUMIDITY (PERCENT)
 HIGHEST    97           300 AM
 LOWEST     45           100 PM
 AVERAGE    71

..........................................................


THE SANTA MARIA AIRPORT CA CLIMATE NORMALS FOR TOMORROW
                         NORMAL    RECORD    YEAR
 MAXIMUM TEMPERATURE (F)   72        88      2001
                                             1907
 MINIMUM TEMPERATURE (F)   53        43      1964
                                             1927


SUNRISE AND SUNSET
JULY  2 2015..........SUNRISE   552 AM PDT   SUNSET   819 PM PDT
JULY  3 2015..........SUNRISE   553 AM PDT   SUNSET   819 PM PDT


-  INDICATES NEGATIVE NUMBERS.
R  INDICATES RECORD WAS SET OR TIED.
MM INDICATES DATA IS MISSING.
T  INDICATES TRACE AMOUNT.




$$
