000
CDUS46 KLOX 310904
CLISMX


CLIMATE REPORT
NATIONAL WEATHER SERVICE LOS ANGELES/OXNARD CA
204 AM PDT MON AUG 31 2015


...................................

...THE SANTA MARIA AIRPORT CA CLIMATE SUMMARY FOR AUGUST 30 2015...

CLIMATE NORMAL PERIOD 1981 TO 2010
CLIMATE RECORD PERIOD 1906 TO 2015


WEATHER ITEM   OBSERVED TIME   RECORD YEAR NORMAL DEPARTURE LAST
                VALUE   (LST)  VALUE       VALUE  FROM      YEAR
                                                  NORMAL
..................................................................
TEMPERATURE (F)
 YESTERDAY
  MAXIMUM         79   1232 PM  94    1984  74      5       85
  MINIMUM         59   1148 PM  41    1932  54      5       60
  AVERAGE         69                        64      5       73

PRECIPITATION (IN)
  YESTERDAY        0.00          0.02 1983   0.00   0.00     0.00
  MONTH TO DATE    T                         0.02  -0.02      T
  SINCE OCT 1      7.78                     13.81  -6.03     4.50
  SINCE JAN 1      2.22                      9.76  -7.54     4.01

SNOWFALL (IN)
  YESTERDAY        0.0
  MONTH TO DATE    0.0
  SINCE JUN 1      0.0
  SINCE JUL 1      0.0

DEGREE DAYS
 HEATING
  YESTERDAY        0                         2     -2
  MONTH TO DATE    0                        60    -60
  SINCE JUN 1     43                       276   -233
  SINCE JUL 1      0                       135   -135

 COOLING
  YESTERDAY        4                         1      3
  MONTH TO DATE  135                        30    105
  SINCE JUN 1    274                        55    219
  SINCE JAN 1    302                        65    237
..................................................................


WIND (MPH)
  HIGHEST WIND SPEED    26   HIGHEST WIND DIRECTION     W (290)
  HIGHEST GUST SPEED    34   HIGHEST GUST DIRECTION     W (290)
  AVERAGE WIND SPEED    11.4


SKY COVER
  POSSIBLE SUNSHINE  MM
  AVERAGE SKY COVER 0.2


WEATHER CONDITIONS
 THE FOLLOWING WEATHER WAS RECORDED YESTERDAY.
  FOG


RELATIVE HUMIDITY (PERCENT)
 HIGHEST   100           700 AM
 LOWEST     50          1200 PM
 AVERAGE    75

..........................................................


THE SANTA MARIA AIRPORT CA CLIMATE NORMALS FOR TODAY
                         NORMAL    RECORD    YEAR
 MAXIMUM TEMPERATURE (F)   74        94      1947
 MINIMUM TEMPERATURE (F)   54        44      1925
                                             1919
                                             1917


SUNRISE AND SUNSET
AUGUST 31 2015........SUNRISE   634 AM PDT   SUNSET   730 PM PDT
SEPTEMBER  1 2015.....SUNRISE   634 AM PDT   SUNSET   729 PM PDT


-  INDICATES NEGATIVE NUMBERS.
R  INDICATES RECORD WAS SET OR TIED.
MM INDICATES DATA IS MISSING.
T  INDICATES TRACE AMOUNT.




$$
