000
CDUS46 KLOX 250119
CLISMX


CLIMATE REPORT
NATIONAL WEATHER SERVICE LOS ANGELES/OXNARD CA
519 PM PST FRI FEB 24 2017


...................................

...THE SANTA MARIA AIRPORT CA CLIMATE SUMMARY FOR FEBRUARY 24 2017...
VALID TODAY AS OF 0500 PM LOCAL TIME.

CLIMATE NORMAL PERIOD 1981 TO 2010
CLIMATE RECORD PERIOD 1906 TO 2017


WEATHER ITEM   OBSERVED TIME   RECORD YEAR NORMAL DEPARTURE LAST
                VALUE   (LST)  VALUE       VALUE  FROM      YEAR
                                                  NORMAL
..................................................................
TEMPERATURE (F)
 TODAY
  MAXIMUM         57    228 PM  83    1947  64     -7       78
  MINIMUM         33    328 AM  30    1964  43    -10       43
                                      1953
  AVERAGE         45                        53     -8       61

PRECIPITATION (IN)
  TODAY            0.00          2.26 1969   0.11  -0.11     0.00
  MONTH TO DATE    5.31                      2.57   2.74     0.35
  SINCE OCT 1     15.95                      9.37   6.58     5.16
  SINCE JAN 1     11.15                      5.32   5.83     3.28

SNOWFALL (IN)
  TODAY            0.0
  MONTH TO DATE    0.0
  SINCE DEC 1      0.0
  SINCE JUL 1      0.0

DEGREE DAYS
 HEATING
  TODAY           20                        12      8
  MONTH TO DATE  245                       296    -51
  SINCE DEC 1   1101                      1142    -41
  SINCE JUL 1   1652                      1788   -136

 COOLING
  TODAY            0                         0      0
  MONTH TO DATE    0                         0      0
  SINCE DEC 1      0                         0      0
  SINCE JAN 1      0                         0      0
..................................................................


WIND (MPH)
  HIGHEST WIND SPEED    23   HIGHEST WIND DIRECTION    NW (300)
  HIGHEST GUST SPEED    27   HIGHEST GUST DIRECTION    NW (300)
  AVERAGE WIND SPEED    10.1


SKY COVER
  POSSIBLE SUNSHINE  MM
  AVERAGE SKY COVER 0.1


WEATHER CONDITIONS
 THE FOLLOWING WEATHER WAS RECORDED TODAY.
  NO SIGNIFICANT WEATHER WAS OBSERVED.


RELATIVE HUMIDITY (PERCENT)
 HIGHEST    92          1200 AM
 LOWEST     43          1100 AM
 AVERAGE    68

..........................................................


THE SANTA MARIA AIRPORT CA CLIMATE NORMALS FOR TOMORROW
                         NORMAL    RECORD    YEAR
 MAXIMUM TEMPERATURE (F)   64        85      1954
 MINIMUM TEMPERATURE (F)   43        29      1956


SUNRISE AND SUNSET
FEBRUARY 24 2017......SUNRISE   637 AM PST   SUNSET   553 PM PST
FEBRUARY 25 2017......SUNRISE   636 AM PST   SUNSET   554 PM PST


-  INDICATES NEGATIVE NUMBERS.
R  INDICATES RECORD WAS SET OR TIED.
MM INDICATES DATA IS MISSING.
T  INDICATES TRACE AMOUNT.




$$
