000
CDUS46 KLOX 270906
CLISMX


CLIMATE REPORT
NATIONAL WEATHER SERVICE LOS ANGELES/OXNARD CA
106 AM PST TUE JAN 27 2015


...................................

...THE SANTA MARIA AIRPORT CA CLIMATE SUMMARY FOR JANUARY 26 2015...

CLIMATE NORMAL PERIOD 1981 TO 2010
CLIMATE RECORD PERIOD 1906 TO 2015


WEATHER ITEM   OBSERVED TIME   RECORD YEAR NORMAL DEPARTURE LAST
                VALUE   (LST)  VALUE       VALUE  FROM      YEAR
                                                  NORMAL
..................................................................
TEMPERATURE (F)
 YESTERDAY
  MAXIMUM         76    138 PM  82    1931  64     12       70
  MINIMUM         49    335 AM  25    1950  40      9       50
  AVERAGE         63                        52     11       60

PRECIPITATION (IN)
  YESTERDAY        T             3.00 1909   0.09  -0.09      T
  MONTH TO DATE    0.29                      2.27  -1.98      T
  SINCE OCT 1      5.85                      6.32  -0.47     0.49
  SINCE JAN 1      0.29                      2.27  -1.98      T

SNOWFALL (IN)
  YESTERDAY       MM
  MONTH TO DATE    0.0
  SINCE DEC 1      0.0
  SINCE JUL 1      0.0

DEGREE DAYS
 HEATING
  YESTERDAY        2                        13    -11
  MONTH TO DATE  187                       355   -168
  SINCE DEC 1    419                       781   -362
  SINCE JUL 1    517                      1427   -910

 COOLING
  YESTERDAY        0                         0      0
  MONTH TO DATE    0                         0      0
  SINCE DEC 1      2                         0      2
  SINCE JAN 1      0                         0      0
..................................................................


WIND (MPH)
  HIGHEST WIND SPEED    13   HIGHEST WIND DIRECTION    SE (130)
  HIGHEST GUST SPEED    19   HIGHEST GUST DIRECTION    SE (140)
  AVERAGE WIND SPEED     3.6


SKY COVER
  POSSIBLE SUNSHINE  MM
  AVERAGE SKY COVER 0.6


WEATHER CONDITIONS
 THE FOLLOWING WEATHER WAS RECORDED YESTERDAY.
  LIGHT RAIN


RELATIVE HUMIDITY (PERCENT)
 HIGHEST    55           800 AM
 LOWEST     23           100 PM
 AVERAGE    39

..........................................................


THE SANTA MARIA AIRPORT CA CLIMATE NORMALS FOR TODAY
                         NORMAL    RECORD    YEAR
 MAXIMUM TEMPERATURE (F)   64        84      1986
 MINIMUM TEMPERATURE (F)   40        24      1979


SUNRISE AND SUNSET
JANUARY 27 2015.......SUNRISE   704 AM PST   SUNSET   526 PM PST
JANUARY 28 2015.......SUNRISE   703 AM PST   SUNSET   527 PM PST


-  INDICATES NEGATIVE NUMBERS.
R  INDICATES RECORD WAS SET OR TIED.
MM INDICATES DATA IS MISSING.
T  INDICATES TRACE AMOUNT.




$$
