353
CDUS46 KLOX 230909
CLISMX


CLIMATE REPORT
NATIONAL WEATHER SERVICE LOS ANGELES/OXNARD CA
108 AM PST THU NOV 23 2017


...................................

...THE SANTA MARIA AIRPORT CA CLIMATE SUMMARY FOR NOVEMBER 22 2017...

CLIMATE NORMAL PERIOD 1981 TO 2010
CLIMATE RECORD PERIOD 1906 TO 2017


WEATHER ITEM   OBSERVED TIME   RECORD YEAR NORMAL DEPARTURE LAST
                VALUE   (LST)  VALUE       VALUE  FROM      YEAR
                                                  NORMAL
..................................................................
TEMPERATURE (F)
 YESTERDAY
  MAXIMUM         89R  1254 PM  89    1933  67     22       63
  MINIMUM         50    702 AM  27    1931  42      8       40
  AVERAGE         70                        54     16       52

PRECIPITATION (IN)
  YESTERDAY        0.00          0.47 1973   0.05  -0.05     0.00
  MONTH TO DATE    0.02                      0.94  -0.92     0.73
  SINCE OCT 1      0.05                      1.54  -1.49     2.01
  SINCE JAN 1     14.16                     11.44   2.72     9.13

SNOWFALL (IN)
  YESTERDAY        0.0
  MONTH TO DATE    0.0
  SINCE SEP 1      0.0
  SINCE JUL 1      0.0

DEGREE DAYS
 HEATING
  YESTERDAY        0                        11    -11
  MONTH TO DATE   99                       189    -90
  SINCE SEP 1    195                       417   -222
  SINCE JUL 1    236                       553   -317

 COOLING
  YESTERDAY        5                         0      5
  MONTH TO DATE   11                         0     11
  SINCE SEP 1    224                        45    179
  SINCE JAN 1    324                       100    224
..................................................................


WIND (MPH)
  HIGHEST WIND SPEED    17   HIGHEST WIND DIRECTION    NW (300)
  HIGHEST GUST SPEED    19   HIGHEST GUST DIRECTION    NW (300)
  AVERAGE WIND SPEED     3.1


SKY COVER
  POSSIBLE SUNSHINE  MM
  AVERAGE SKY COVER 0.0


WEATHER CONDITIONS
 THE FOLLOWING WEATHER WAS RECORDED YESTERDAY.
  NO SIGNIFICANT WEATHER WAS OBSERVED.


RELATIVE HUMIDITY (PERCENT)
 HIGHEST    90           600 PM
 LOWEST     22          1200 PM
 AVERAGE    56

..........................................................


THE SANTA MARIA AIRPORT CA CLIMATE NORMALS FOR TODAY
                         NORMAL    RECORD    YEAR
 MAXIMUM TEMPERATURE (F)   67        91      1933
 MINIMUM TEMPERATURE (F)   42        25      1931


SUNRISE AND SUNSET
NOVEMBER 23 2017......SUNRISE   644 AM PST   SUNSET   452 PM PST
NOVEMBER 24 2017......SUNRISE   645 AM PST   SUNSET   452 PM PST


-  INDICATES NEGATIVE NUMBERS.
R  INDICATES RECORD WAS SET OR TIED.
MM INDICATES DATA IS MISSING.
T  INDICATES TRACE AMOUNT.




$$
