000
CDUS46 KLOX 242212
CLISMX


CLIMATE REPORT
NATIONAL WEATHER SERVICE LOS ANGELES/OXNARD CA
312 PM PDT SUN SEP 24 2017


...................................

...THE SANTA MARIA AIRPORT CA CLIMATE SUMMARY FOR SEPTEMBER 24 2017...
VALID AS OF 0300 PM LOCAL TIME.

CLIMATE NORMAL PERIOD 1981 TO 2010
CLIMATE RECORD PERIOD 1906 TO 2017


WEATHER ITEM   OBSERVED TIME   RECORD YEAR NORMAL DEPARTURE LAST
                VALUE   (LST)  VALUE       VALUE  FROM      YEAR
                                                  NORMAL
..................................................................
TEMPERATURE (F)
 TODAY
  MAXIMUM         81   1257 PM 103    1978  74      7       88
  MINIMUM         45    544 AM  38    1920  52     -7       52
  AVERAGE         63                        63      0       70

PRECIPITATION (IN)
  TODAY            0.00          1.13 1939   0.01  -0.01     0.00
  MONTH TO DATE    0.47                      0.10   0.37     0.00
  SINCE OCT 1     18.91                     13.91   5.00     9.00
  SINCE JAN 1     14.11                      9.86   4.25     7.12

SNOWFALL (IN)
  TODAY            0.0
  MONTH TO DATE    0.0
  SINCE SEP 1      0.0
  SINCE JUL 1      0.0

DEGREE DAYS
 HEATING
  TODAY            2                         3     -1
  MONTH TO DATE   22                        62    -40
  SINCE SEP 1     22                        62    -40
  SINCE JUL 1     63                       198   -135

 COOLING
  TODAY            0                         1     -1
  MONTH TO DATE  113                        24     89
  SINCE SEP 1    113                        24     89
  SINCE JAN 1    213                        79    134
..................................................................


WIND (MPH)
  HIGHEST WIND SPEED    23   HIGHEST WIND DIRECTION    NW (310)
  HIGHEST GUST SPEED    27   HIGHEST GUST DIRECTION    NW (310)
  AVERAGE WIND SPEED     3.6


SKY COVER
  POSSIBLE SUNSHINE  MM
  AVERAGE SKY COVER 0.0


WEATHER CONDITIONS
 THE FOLLOWING WEATHER WAS RECORDED TODAY.
  NO SIGNIFICANT WEATHER WAS OBSERVED.


RELATIVE HUMIDITY (PERCENT)
 HIGHEST    86           300 AM
 LOWEST     23          1200 PM
 AVERAGE    55

..........................................................


THE SANTA MARIA AIRPORT CA CLIMATE NORMALS FOR TOMORROW
                         NORMAL    RECORD    YEAR
 MAXIMUM TEMPERATURE (F)   74        99      1968
 MINIMUM TEMPERATURE (F)   52        38      1948


SUNRISE AND SUNSET
SEPTEMBER 24 2017.....SUNRISE   652 AM PDT   SUNSET   655 PM PDT
SEPTEMBER 25 2017.....SUNRISE   652 AM PDT   SUNSET   654 PM PDT


-  INDICATES NEGATIVE NUMBERS.
R  INDICATES RECORD WAS SET OR TIED.
MM INDICATES DATA IS MISSING.
T  INDICATES TRACE AMOUNT.




$$
