000
CDUS46 KLOX 241000
CLISMX


CLIMATE REPORT
NATIONAL WEATHER SERVICE LOS ANGELES/OXNARD CA
200 AM PST MON NOV 24 2014


...................................

...THE SANTA MARIA AIRPORT CA CLIMATE SUMMARY FOR NOVEMBER 23 2014...

CLIMATE NORMAL PERIOD 1981 TO 2010
CLIMATE RECORD PERIOD 1906 TO 2014


WEATHER ITEM   OBSERVED TIME   RECORD YEAR NORMAL DEPARTURE LAST
                VALUE   (LST)  VALUE       VALUE  FROM      YEAR
                                                  NORMAL
..................................................................
TEMPERATURE (F)
 YESTERDAY
  MAXIMUM         76    154 PM  91    1933  67      9       69
  MINIMUM         50    708 AM  25    1931  42      8       45
  AVERAGE         63                        54      9       57

PRECIPITATION (IN)
  YESTERDAY        0.00          1.88 1965   0.05  -0.05     0.00
  MONTH TO DATE    0.25                      0.99  -0.74     0.05
  SINCE JUL 1      1.32                      1.78  -0.46     0.24
  SINCE JAN 1      5.33                     11.49  -6.16     2.73

SNOWFALL (IN)
  YESTERDAY        0.0
  MONTH TO DATE    0.0
  SINCE SEP 1      0.0
  SINCE JUL 1      0.0

DEGREE DAYS
 HEATING
  YESTERDAY        2                        11     -9
  MONTH TO DATE   73                       200   -127
  SINCE SEP 1     77                       428   -351
  SINCE JUL 1     77                       564   -487

 COOLING
  YESTERDAY        0                         0      0
  MONTH TO DATE    6                         0      6
  SINCE SEP 1    220                        45    175
  SINCE JAN 1    565                       100    465
..................................................................


WIND (MPH)
  HIGHEST WIND SPEED    21   HIGHEST WIND DIRECTION     N (360)
  HIGHEST GUST SPEED    26   HIGHEST GUST DIRECTION     N (360)
  AVERAGE WIND SPEED    10.1


SKY COVER
  POSSIBLE SUNSHINE  MM
  AVERAGE SKY COVER 0.1


WEATHER CONDITIONS
 THE FOLLOWING WEATHER WAS RECORDED YESTERDAY.
  NO SIGNIFICANT WEATHER WAS OBSERVED.


RELATIVE HUMIDITY (PERCENT)
 HIGHEST    83           200 AM
 LOWEST     17           300 PM
 AVERAGE    50

..........................................................


THE SANTA MARIA AIRPORT CA CLIMATE NORMALS FOR TODAY
                         NORMAL    RECORD    YEAR
 MAXIMUM TEMPERATURE (F)   67        91      1933
 MINIMUM TEMPERATURE (F)   41        27      1931


SUNRISE AND SUNSET
NOVEMBER 24 2014......SUNRISE   645 AM PST   SUNSET   452 PM PST
NOVEMBER 25 2014......SUNRISE   646 AM PST   SUNSET   452 PM PST


-  INDICATES NEGATIVE NUMBERS.
R  INDICATES RECORD WAS SET OR TIED.
MM INDICATES DATA IS MISSING.
T  INDICATES TRACE AMOUNT.




$$
