000
CDUS46 KSGX 281417
CLISNA


CLIMATE REPORT
NATIONAL WEATHER SERVICE SAN DIEGO, CA
716 AM PDT TUE MAR 28 2017


...................................

...THE JOHN WAYNE AIRPORT CA CLIMATE SUMMARY FOR MARCH 27 2017...

CLIMATE NORMAL PERIOD 1981 TO 2010
CLIMATE RECORD PERIOD 1999 TO 2017


WEATHER ITEM   OBSERVED TIME   RECORD YEAR NORMAL DEPARTURE LAST
                VALUE   (LST)  VALUE       VALUE  FROM      YEAR
                                                  NORMAL
..................................................................
TEMPERATURE (F)
 YESTERDAY
  MAXIMUM         69    315 PM  86    2015  68      1       69
  MINIMUM         56    433 AM  48    2012  52      4       57
  AVERAGE         63                        60      3       63

PRECIPITATION (IN)
  YESTERDAY        0.00          0.03 2006   0.03  -0.03     0.00
                                      2006
                                      2011
  MONTH TO DATE    0.05                      1.80  -1.75     1.07
  SINCE OCT 1     15.76                     11.74   4.02     4.65
  SINCE JAN 1      9.57                      7.66   1.91     3.43

DEGREE DAYS
 HEATING
  YESTERDAY        2                         5     -3        2
  MONTH TO DATE   78                       159    -81       92
  SINCE MAR 1     78                       159    -81       92
  SINCE JUL 1    819                      1065   -246      864

 COOLING
  YESTERDAY        0                         0      0        0
  MONTH TO DATE    8                         0      8        3
  SINCE MAR 1      8                         0      8        3
  SINCE JAN 1      8                         8      0       41
..................................................................


WIND (MPH)
  RESULTANT WIND SPEED   3   RESULTANT WIND DIRECTION  SW (210)
  HIGHEST WIND SPEED    16   HIGHEST WIND DIRECTION     W (270)
  HIGHEST GUST SPEED    23   HIGHEST GUST DIRECTION     W (270)
  AVERAGE WIND SPEED     5.9


SKY COVER
  POSSIBLE SUNSHINE  MM
  AVERAGE SKY COVER 0.3


WEATHER CONDITIONS
 THE FOLLOWING WEATHER WAS RECORDED YESTERDAY.
  NO SIGNIFICANT WEATHER WAS OBSERVED.


RELATIVE HUMIDITY (PERCENT)
 HIGHEST    93           100 AM
 LOWEST     28           800 PM
 AVERAGE    61

..........................................................


THE JOHN WAYNE AIRPORT CA CLIMATE NORMALS FOR TODAY
                         NORMAL    RECORD    YEAR
 MAXIMUM TEMPERATURE (F)   68        87      2004
 MINIMUM TEMPERATURE (F)   52        47      2007


SUNRISE AND SUNSET
MARCH 28 2017.........SUNRISE   644 AM PDT   SUNSET   709 PM PDT
MARCH 29 2017.........SUNRISE   643 AM PDT   SUNSET   710 PM PDT


-  INDICATES NEGATIVE NUMBERS.
R  INDICATES RECORD WAS SET OR TIED.
MM INDICATES DATA IS MISSING.
T  INDICATES TRACE AMOUNT.




$$
