000
CDUS46 KSGX 171517
CLISNA


CLIMATE REPORT
NATIONAL WEATHER SERVICE SAN DIEGO, CA
717 AM PST TUE JAN 17 2017


...................................

...THE JOHN WAYNE AIRPORT CA CLIMATE SUMMARY FOR JANUARY 16 2017...

CLIMATE NORMAL PERIOD 1981 TO 2010
CLIMATE RECORD PERIOD 1999 TO 2017


WEATHER ITEM   OBSERVED TIME   RECORD YEAR NORMAL DEPARTURE LAST
                VALUE   (LST)  VALUE       VALUE  FROM      YEAR
                                                  NORMAL
..................................................................
TEMPERATURE (F)
 YESTERDAY
  MAXIMUM         66    147 PM  89    2014  67     -1       65
  MINIMUM         50   1140 PM  39    2013  47      3       50
                                      2006
  AVERAGE         58                        57      1       58

PRECIPITATION (IN)
  YESTERDAY        0.00          0.00 2006   0.11  -0.11     0.00
                                      2005
                                      2004
  MONTH TO DATE    1.37                      1.87  -0.50     1.94
  SINCE OCT 1      7.56                      5.95   1.61     3.16
  SINCE JAN 1      1.37                      1.87  -0.50     1.94

DEGREE DAYS
 HEATING
  YESTERDAY        7                         8     -1        7
  MONTH TO DATE  124                       139    -15      167
  SINCE DEC 1    352                       418    -66      457
  SINCE JUL 1    430                       571   -141      587

 COOLING
  YESTERDAY        0                         0      0        0
  MONTH TO DATE    0                         0      0        0
  SINCE DEC 1      0                         1     -1        0
  SINCE JAN 1      0                         0      0        0
..................................................................


WIND (MPH)
  RESULTANT WIND SPEED   0   RESULTANT WIND DIRECTION   W (250)
  HIGHEST WIND SPEED    13   HIGHEST WIND DIRECTION    SW (230)
  HIGHEST GUST SPEED    17   HIGHEST GUST DIRECTION    SW (230)
  AVERAGE WIND SPEED     2.5


SKY COVER
  POSSIBLE SUNSHINE  MM
  AVERAGE SKY COVER 0.3


WEATHER CONDITIONS
 THE FOLLOWING WEATHER WAS RECORDED YESTERDAY.
  NO SIGNIFICANT WEATHER WAS OBSERVED.


RELATIVE HUMIDITY (PERCENT)
 HIGHEST    96           200 AM
 LOWEST     52           100 PM
 AVERAGE    74

..........................................................


THE JOHN WAYNE AIRPORT CA CLIMATE NORMALS FOR TODAY
                         NORMAL    RECORD    YEAR
 MAXIMUM TEMPERATURE (F)   67        85      2014
 MINIMUM TEMPERATURE (F)   47        41      2013
                                             2007


SUNRISE AND SUNSET
JANUARY 17 2017.......SUNRISE   655 AM PST   SUNSET   508 PM PST
JANUARY 18 2017.......SUNRISE   655 AM PST   SUNSET   509 PM PST


-  INDICATES NEGATIVE NUMBERS.
R  INDICATES RECORD WAS SET OR TIED.
MM INDICATES DATA IS MISSING.
T  INDICATES TRACE AMOUNT.




$$
