000
CDUS46 KSGX 171250
CLISNA


CLIMATE REPORT
NATIONAL WEATHER SERVICE SAN DIEGO, CA
450 AM PST FRI NOV 17 2017


...................................

...THE JOHN WAYNE AIRPORT CA CLIMATE SUMMARY FOR NOVEMBER 16 2017...

CLIMATE NORMAL PERIOD 1981 TO 2010
CLIMATE RECORD PERIOD 1999 TO 2017


WEATHER ITEM   OBSERVED TIME   RECORD YEAR NORMAL DEPARTURE LAST
                VALUE   (LST)  VALUE       VALUE  FROM      YEAR
                                                  NORMAL
..................................................................
TEMPERATURE (F)
 YESTERDAY
  MAXIMUM         79    125 PM  91    2008  71      8       70
  MINIMUM         58    630 AM  45    2009  52      6       58
                                      2000
  AVERAGE         69                        62      7       64

PRECIPITATION (IN)
  YESTERDAY        0.00          0.01 2003   0.04  -0.04     0.00
                                      2003
                                      2012
  MONTH TO DATE    T                         0.74  -0.74     0.00
  SINCE OCT 1      T                         1.49  -1.49     0.98
  SINCE JAN 1      9.69                     10.74  -1.05     4.74

DEGREE DAYS
 HEATING
  YESTERDAY        0                         4     -4        1
  MONTH TO DATE   10                        46    -36        3
  SINCE SEP 1     10                        73    -63        4
  SINCE JUL 1     10                        73    -63        4

 COOLING
  YESTERDAY        4                         1      3        0
  MONTH TO DATE   16                        18     -2       73
  SINCE SEP 1    468                       301    167      448
  SINCE JAN 1   1254                       872    382     1226
..................................................................


WIND (MPH)
  RESULTANT WIND SPEED   1   RESULTANT WIND DIRECTION   S (200)
  HIGHEST WIND SPEED     7   HIGHEST WIND DIRECTION    SW (220)
  HIGHEST GUST SPEED    11   HIGHEST GUST DIRECTION    SE (130)
  AVERAGE WIND SPEED     2.0


SKY COVER
  POSSIBLE SUNSHINE  MM
  AVERAGE SKY COVER 0.6


WEATHER CONDITIONS
 THE FOLLOWING WEATHER WAS RECORDED YESTERDAY.
  HAZE


RELATIVE HUMIDITY (PERCENT)
 HIGHEST    84          1200 AM
 LOWEST     35           200 PM
 AVERAGE    60

..........................................................


THE JOHN WAYNE AIRPORT CA CLIMATE NORMALS FOR TODAY
                         NORMAL    RECORD    YEAR
 MAXIMUM TEMPERATURE (F)   71        86      2008
 MINIMUM TEMPERATURE (F)   52        42      2015


SUNRISE AND SUNSET
NOVEMBER 17 2017......SUNRISE   626 AM PST   SUNSET   447 PM PST
NOVEMBER 18 2017......SUNRISE   626 AM PST   SUNSET   447 PM PST


-  INDICATES NEGATIVE NUMBERS.
R  INDICATES RECORD WAS SET OR TIED.
MM INDICATES DATA IS MISSING.
T  INDICATES TRACE AMOUNT.




$$
