000
CDUS46 KSGX 290016
CLISNA


CLIMATE REPORT
NATIONAL WEATHER SERVICE SAN DIEGO, CA
516 PM PDT SUN MAY 28 2017


...................................

...THE JOHN WAYNE AIRPORT CA CLIMATE SUMMARY FOR MAY 28 2017...
VALID TODAY AS OF 0500 PM LOCAL TIME.

CLIMATE NORMAL PERIOD 1981 TO 2010
CLIMATE RECORD PERIOD 1999 TO 2017


WEATHER ITEM   OBSERVED TIME   RECORD YEAR NORMAL DEPARTURE LAST
                VALUE   (LST)  VALUE       VALUE  FROM      YEAR
                                                  NORMAL
..................................................................
TEMPERATURE (F)
 TODAY
  MAXIMUM         73    146 PM  83    2000  72      1       70
  MINIMUM         58    518 AM  55    2008  60     -2       61
  AVERAGE         66                        66      0       66

PRECIPITATION (IN)
  TODAY            0.00          T    2009   0.00   0.00     0.00
  MONTH TO DATE    0.08                      0.23  -0.15     0.09
  SINCE OCT 1     15.88                     12.96   2.92     4.97
  SINCE JAN 1      9.69                      8.88   0.81     3.75

DEGREE DAYS
 HEATING
  TODAY            0                         1     -1        0
  MONTH TO DATE   24                        39    -15       27
  SINCE MAR 1    138                       340   -202      197
  SINCE JUL 1    879                      1246   -367      969

 COOLING
  TODAY            1                         1      0        1
  MONTH TO DATE   48                        28     20        9
  SINCE MAR 1    109                        49     60       56
  SINCE JAN 1    109                        57     52       94
..................................................................


WIND (MPH)
  RESULTANT WIND SPEED   3   RESULTANT WIND DIRECTION  SW (210)
  HIGHEST WIND SPEED    14   HIGHEST WIND DIRECTION    SW (220)
  HIGHEST GUST SPEED    17   HIGHEST GUST DIRECTION    SW (220)
  AVERAGE WIND SPEED     5.8


SKY COVER
  POSSIBLE SUNSHINE  MM
  AVERAGE SKY COVER 0.1


WEATHER CONDITIONS
 THE FOLLOWING WEATHER WAS RECORDED TODAY.
  NO SIGNIFICANT WEATHER WAS OBSERVED.


RELATIVE HUMIDITY (PERCENT)
 HIGHEST    87           200 AM
 LOWEST     57           900 AM
 AVERAGE    72

..........................................................


THE JOHN WAYNE AIRPORT CA CLIMATE NORMALS FOR TOMORROW
                         NORMAL    RECORD    YEAR
 MAXIMUM TEMPERATURE (F)   72        84      2010
 MINIMUM TEMPERATURE (F)   60        56      2011
                                             2010
                                             2008


SUNRISE AND SUNSET
MAY 28 2017...........SUNRISE   543 AM PDT   SUNSET   755 PM PDT
MAY 29 2017...........SUNRISE   543 AM PDT   SUNSET   755 PM PDT


-  INDICATES NEGATIVE NUMBERS.
R  INDICATES RECORD WAS SET OR TIED.
MM INDICATES DATA IS MISSING.
T  INDICATES TRACE AMOUNT.




$$
