000
CDAK48 PASN 012313
CLISNP

CLIMATE REPORT
NATIONAL WEATHER SERVICE ST PAUL, AK
313 PM AKDT SAT AUG 1 2015

...................................
...THE ST PAUL AIRPORT CLIMATE SUMMARY FOR AUGUST 1 2015...
VALID TODAY AS OF 2:00 PM LOCAL TIME

CLIMATE NORMAL PERIOD  1981 TO  2010
CLIMATE RECORD PERIOD  1892 TO  2015

WEATHER ITEM   OBSERVED TIME    RECORD YEAR NORMAL DEPARTURE LAST
               VALUE    (LST)   VALUE       VALUE  FROM      YEAR
                                                   NORMAL
...................................................................
TEMPERATURE
TODAY
 MAXIMUM            55  0134 PM    60  2014     52       3     60
 MINIMUM            50  0707 AM    37  1990     45       5     51
 AVERAGE            53                          49       4     56

PRECIPITATION
(INCHES)
 TODAY               T           1.27  1958   0.08   -0.08   0.01
 MONTH TO DATE       T                        0.08   -0.08   0.01
 SINCE JUN 1      2.76                        3.28   -0.52   2.10
 SINCE JAN 1      9.04                        9.44   -0.40   9.24

SNOWFALL
(INCHES)
 TODAY             0.0            0.0  2015    0.0     0.0    0.0
 MONTH TO DATE     0.0                         0.0     0.0    0.0
 SINCE JUN 1       0.0                         0.0     0.0    0.0
 SINCE JUL 1       0.0                         0.0     0.0    0.0
 SNOW DEPTH (IN)     0                                          0

DEGREE DAYS
 HEATING
  TODAY             12                          17      -5      9
  MONTH TO DATE     12                          17      -5      9
  SINCE JUN 1     1110                        1249    -139   1083
  SINCE JUL 1      490                         570     -80    455

 COOLING
  TODAY              0                           0       0      0
  MONTH TO DATE      0                           0       0      0
  SINCE JUN 1        0                           0       0      0
  SINCE JAN 1        0                           0       0      0
...................................................................

WIND (MPH)
 HIGHEST WIND SPEED     6     HIGHEST WIND DIRECTION    180
 HIGHEST GUST SPEED     7     HIGHEST GUST DIRECTION    170
 AVERAGE WIND SPEED    MM

SKY COVER
  POSSIBLE SUNSHINE  MM            AVERAGE SKY COVER MM

WEATHER CONDITIONS
 THE FOLLOWING WEATHER WAS RECORDED TODAY.
  RAIN


RELATIVE HUMIDITY
 HIGHEST RH     MM PERCENT       MM
 LOWEST  RH     MM PERCENT       MM
 AVERAGE RH     MM PERCENT       MM
...................................................................

THE ST PAUL CLIMATE NORMALS FOR TOMORROW
                        NORMAL    RECORD   YEAR
 MAXIMUM TEMPERATURE      52        59     2005
 MINIMUM TEMPERATURE      45        37     1971

SUNRISE AND SUNSET
 AUG 1 2015..........SUNRISE  7:19 AM      SUNSET 11:35 PM
 AUG 2 2015..........SUNRISE  7:21 AM      SUNSET 11:32 PM

-  INDICATES NEGATIVE NUMBERS.
R  INDICATES RECORD HAS BEEN SET OR TIED.
MM INDICATES DATA IS MISSING.
T  INDICATES TRACE OF PRECIPITATION.

&&
-------------------------------------------------------------------

AMOUNT OF DAYLIGHT TODAY  (HOUR:MIN)........16 HOURS 16 MINUTES
GAIN/LOSS SINCE YESTERDAY (HOUR:MIN:SEC)....-0:04:05

$$
HCH AUG 15
