498
CDAK48 PAFC 201245
CLISNP


CLIMATE REPORT
NATIONAL WEATHER SERVICE ANCHORAGE, AK
445 AM AKDT FRI OCT 20 2017


...................................

...THE SAINT PAUL ISLAND CLIMATE SUMMARY FOR OCTOBER 19 2017...

CLIMATE NORMAL PERIOD 1981 TO 2010
CLIMATE RECORD PERIOD 1892 TO 2017


WEATHER ITEM   OBSERVED TIME   RECORD YEAR NORMAL DEPARTURE LAST
                VALUE   (LST)  VALUE       VALUE  FROM      YEAR
                                                  NORMAL
..................................................................
TEMPERATURE (F)
 YESTERDAY
  MAXIMUM         41        MM  48    1996  42     -1       44
                                      1979
  MINIMUM         25        MM  22    1980  34     -9       35
  AVERAGE         33                        38     -5       40

PRECIPITATION (IN)
  YESTERDAY        0.03          1.11 1892   0.10  -0.07      T
  MONTH TO DATE    1.44                      1.90  -0.46     2.28
  SINCE SEP 1      3.15                      4.89  -1.74     6.73
  SINCE JAN 1     15.82                     17.32  -1.50    17.47

SNOWFALL (IN)
  YESTERDAY        0.0           1.0  1954   0.1   -0.1      0.0
  MONTH TO DATE    T                         0.7   -0.7       T
  SINCE SEP 1      T                         0.7   -0.7       T
  SINCE JUL 1      T                         0.7   -0.7       T
  SNOW DEPTH       0

DEGREE DAYS
 HEATING
  YESTERDAY       32                        27      5       25
  MONTH TO DATE  415                       478    -63      356
  SINCE SEP 1    983                      1068    -85      774
  SINCE JUL 1   1974                      2121   -147     1387

 COOLING
  YESTERDAY        0                         0      0        0
  MONTH TO DATE    0                         0      0        0
  SINCE SEP 1      0                         0      0        0
  SINCE JAN 1      0                         0      0        0
..................................................................


WIND (MPH)
  RESULTANT WIND SPEED   3   RESULTANT WIND DIRECTION   E (70)
  HIGHEST WIND SPEED    15   HIGHEST WIND DIRECTION    NE (60)
  HIGHEST GUST SPEED    MM   HIGHEST GUST DIRECTION    MM
  AVERAGE WIND SPEED     6.1



WEATHER CONDITIONS
 THE FOLLOWING WEATHER WAS RECORDED YESTERDAY.
  LIGHT RAIN
  LIGHT SNOW
  FOG


..........................................................


THE SAINT PAUL ISLAND CLIMATE NORMALS FOR TODAY
                         NORMAL    RECORD    YEAR
 MAXIMUM TEMPERATURE (F)   42        47      1995
                                             1951
 MINIMUM TEMPERATURE (F)   34        21      1977


SUNRISE AND SUNSET
OCTOBER 20 2017.......SUNRISE  1006 AM AKDT  SUNSET   804 PM AKDT
OCTOBER 21 2017.......SUNRISE  1009 AM AKDT  SUNSET   801 PM AKDT


-  INDICATES NEGATIVE NUMBERS.
R  INDICATES RECORD WAS SET OR TIED.
MM INDICATES DATA IS MISSING.
T  INDICATES TRACE AMOUNT.




$$
