837
CDAK48 PAFC 210108
CLISNP


CLIMATE REPORT
NATIONAL WEATHER SERVICE ANCHORAGE, AK
408 PM AKST FRI JAN 20 2017


...................................

...THE SAINT PAUL ISLAND CLIMATE SUMMARY FOR JANUARY 20 2017...
VALID TODAY AS OF 0400 PM LOCAL TIME.

CLIMATE NORMAL PERIOD 1981 TO 2010
CLIMATE RECORD PERIOD 1892 TO 2017


WEATHER ITEM   OBSERVED TIME   RECORD YEAR NORMAL DEPARTURE LAST
                VALUE   (LST)  VALUE       VALUE  FROM      YEAR
                                                  NORMAL
..................................................................
TEMPERATURE (F)
 TODAY
  MAXIMUM         18   1000 AM  40    1952  29    -11       34
  MINIMUM         15        MM   0    1993  21     -6       27
                                      1973
  AVERAGE         17                        24     -7       31

PRECIPITATION (IN)
  TODAY            0.10          0.60 1952   0.05   0.05     0.11
  MONTH TO DATE    1.05                      1.06  -0.01     1.23
  SINCE DEC 1      4.25                      3.31   0.94     5.96
  SINCE JAN 1      1.05                      1.06  -0.01     1.23

SNOWFALL (IN)
  TODAY            1.0          MM      MM   0.4    0.6     MM
  MONTH TO DATE   11.4                       8.2    3.2      0.2
  SINCE DEC 1     15.0                      20.3   -5.3     11.7
  SINCE JUL 1     21.6                      30.6   -9.0     23.7
  SNOW DEPTH       9

DEGREE DAYS
 HEATING
  TODAY           48                        40      8       34
  MONTH TO DATE  765                       787    -22      600
  SINCE DEC 1   1721                      1908   -187     1503
  SINCE JUL 1   4290                      5329  -1039     4051

 COOLING
  TODAY            0                         0      0        0
  MONTH TO DATE    0                         0      0        0
  SINCE DEC 1      0                         0      0        0
  SINCE JAN 1      0                         0      0        0
..................................................................


WIND (MPH)
  RESULTANT WIND SPEED  15   RESULTANT WIND DIRECTION   N (0)
  HIGHEST WIND SPEED    23   HIGHEST WIND DIRECTION     N (360)
  HIGHEST GUST SPEED    31   HIGHEST GUST DIRECTION     N (360)
  AVERAGE WIND SPEED    15.0



WEATHER CONDITIONS
 THE FOLLOWING WEATHER WAS RECORDED TODAY.
  HEAVY SNOW
  SNOW
  LIGHT SNOW
  FOG
  BLOWING SNOW


..........................................................


THE SAINT PAUL ISLAND CLIMATE NORMALS FOR TOMORROW
                         NORMAL    RECORD    YEAR
 MAXIMUM TEMPERATURE (F)   29        41      2003
 MINIMUM TEMPERATURE (F)   20         0      1956
                                             1894


SUNRISE AND SUNSET
JANUARY 20 2017.......SUNRISE  1041 AM AKST  SUNSET   624 PM AKST
JANUARY 21 2017.......SUNRISE  1039 AM AKST  SUNSET   626 PM AKST


-  INDICATES NEGATIVE NUMBERS.
R  INDICATES RECORD WAS SET OR TIED.
MM INDICATES DATA IS MISSING.
T  INDICATES TRACE AMOUNT.




$$
