000
CDAK48 PASN 261209
CLISNP

CLIMATE REPORT
NATIONAL WEATHER SERVICE ST PAUL, AK
410 AM AKDT THU MAY 26 2016

...................................
...THE ST PAUL AIRPORT CLIMATE SUMMARY FOR MAY 25 2016...

CLIMATE NORMAL PERIOD  1981 TO  2010
CLIMATE RECORD PERIOD  1892 TO  2016

WEATHER ITEM   OBSERVED TIME    RECORD YEAR NORMAL DEPARTURE LAST
               VALUE    (LST)   VALUE       VALUE  FROM      YEAR
                                                   NORMAL
...................................................................
TEMPERATURE
YESTERDAY
 MAXIMUM            47  0134 PM    53  2006     42       5     46
 MINIMUM            42  0718 AM    24  1951     33       9     37
 AVERAGE            45                          38       7     42

PRECIPITATION
(INCHES)
 YESTERDAY        0.00           0.46  2002   0.04   -0.04   0.00
 MONTH TO DATE    0.79                        0.91   -0.12   1.71
 SINCE MAR 1      3.10                        3.06    0.04   3.64
 SINCE JAN 1      5.91                        5.94   -0.03   5.96

SNOWFALL
(INCHES)
 YESTERDAY         0.0            2.1  1962    0.0     0.0    0.0
 MONTH TO DATE       T                         1.0    -1.0    0.3
 SINCE MAR 1      11.8                        14.7    -2.9   18.9
 SINCE JUL 1      52.6                        59.7    -7.1   48.6
 SNOW DEPTH (IN)     0                                          0

DEGREE DAYS
 HEATING
  YESTERDAY         20                          27      -7     23
  MONTH TO DATE    627                         735    -108    643
  SINCE MAR 1     2611                        3043    -432   2872
  SINCE JUL 1     8636                        9962   -1326   8829

 COOLING
  YESTERDAY          0                           0       0      0
  MONTH TO DATE      0                           0       0      0
  SINCE MAR 1        0                           0       0      0
  SINCE JAN 1        0                           0       0      0
...................................................................

WIND (MPH)
 HIGHEST WIND SPEED    25     HIGHEST WIND DIRECTION    180
 HIGHEST GUST SPEED    32     HIGHEST GUST DIRECTION    180
 AVERAGE WIND SPEED  19.1

SKY COVER
  POSSIBLE SUNSHINE    MM          AVERAGE SKY COVER     MM

WEATHER CONDITIONS
 THE FOLLOWING WEATHER WAS RECORDED YESTERDAY.
  FOG


RELATIVE HUMIDITY
 HIGHEST RH     MM PERCENT       MM
 LOWEST  RH     MM PERCENT       MM
 AVERAGE RH     MM PERCENT       MM
...................................................................

THE ST PAUL CLIMATE NORMALS FOR TODAY
                           NORMAL    RECORD   YEAR
 MAXIMUM TEMPERATURE (F)     43        52     1957
 MINIMUM TEMPERATURE (F)     34        25     1988

SUNRISE AND SUNSET
 MAY 26 2016..........SUNRISE  6:42 AM      SUNSET 11:56 PM
 MAY 27 2016..........SUNRISE  6:40 AM      SUNSET 11:58 PM

-  INDICATES NEGATIVE NUMBERS.
R  INDICATES RECORD HAS BEEN SET OR TIED.
MM INDICATES DATA IS MISSING.
T  INDICATES TRACE OF PRECIPITATION.

&&
-------------------------------------------------------------------

AMOUNT OF DAYLIGHT TODAY  (HOUR:MIN)........17 HOURS 14 MINUTES
GAIN/LOSS SINCE YESTERDAY (HOUR:MIN:SEC)....+0:03:07

$$
WIW MAY 16
