379
CDAK48 PAFC 291242 RRC
CLISNP

CLIMATE REPORT
NATIONAL WEATHER SERVICE ANCHORAGE, AK
438 AM AKDT THU SEP 29 2016


...................................

...THE SAINT PAUL ISLAND CLIMATE SUMMARY FOR SEPTEMBER 28 2016...

CLIMATE NORMAL PERIOD 1981 TO 2010
CLIMATE RECORD PERIOD 1892 TO 2016


WEATHER ITEM   OBSERVED TIME   RECORD YEAR NORMAL DEPARTURE LAST
                VALUE   (LST)  VALUE       VALUE  FROM      YEAR
                                                  NORMAL
..................................................................
TEMPERATURE (F)
 YESTERDAY
  MAXIMUM         53    218 PM  55    1978  47      6       45
  MINIMUM         49   1015 PM  28    1985  38     11       34
  AVERAGE         51                        42      9       40

PRECIPITATION (IN)
  YESTERDAY        0.01          1.03 2004   0.09  -0.08     0.04
  MONTH TO DATE    3.74                      2.79   0.95     3.95
  SINCE SEP 1      3.74                      2.79   0.95     3.95
  SINCE JAN 1     14.48                     15.22  -0.74    15.38

SNOWFALL (IN)
  YESTERDAY       MM            MM      MM   0.0   MM       MM
  MONTH TO DATE    0.0                       0.0    0.0      0.0
  SINCE SEP 1      0.0                       0.0    0.0      0.0
  SINCE JUL 1      0.0                       0.0    0.0      0.0
  SNOW DEPTH       0

DEGREE DAYS
 HEATING
  YESTERDAY       14                        23     -9       25
  MONTH TO DATE  391                       545   -154      443
  SINCE SEP 1    391                       545   -154      443
  SINCE JUL 1   1004                      1598   -594     1303

 COOLING
  YESTERDAY        0                         0      0        0
  MONTH TO DATE    0                         0      0        0
  SINCE SEP 1      0                         0      0        0
  SINCE JAN 1      0                         0      0        0
..................................................................


WIND (MPH)
  RESULTANT WIND SPEED  12   RESULTANT WIND DIRECTION   S (200)
  HIGHEST WIND SPEED    22   HIGHEST WIND DIRECTION    SW (240)
  HIGHEST GUST SPEED    27   HIGHEST GUST DIRECTION    SW (240)
  AVERAGE WIND SPEED    13.4



WEATHER CONDITIONS
 THE FOLLOWING WEATHER WAS RECORDED YESTERDAY.
  LIGHT RAIN
  FOG
  FOG W/VISIBILITY <= 1/4 MILE


..........................................................


THE SAINT PAUL ISLAND CLIMATE NORMALS FOR TODAY
                         NORMAL    RECORD    YEAR
 MAXIMUM TEMPERATURE (F)   47        50      2014
                                             2008
                                             2003
 MINIMUM TEMPERATURE (F)   38        24      2012


SUNRISE AND SUNSET
SEPTEMBER 29 2016.....SUNRISE   922 AM AKDT  SUNSET   859 PM AKDT
SEPTEMBER 30 2016.....SUNRISE   924 AM AKDT  SUNSET   856 PM AKDT

CIVIL TWILIGHT
SEPTEMBER 29 2016       START   721 AM AKDT     END   819 PM AKDT
SEPTEMBER 30 2016       START   723 AM AKDT     END   816 PM AKDT



-  INDICATES NEGATIVE NUMBERS.
R  INDICATES RECORD WAS SET OR TIED.
MM INDICATES DATA IS MISSING.
T  INDICATES TRACE AMOUNT.




$$
&&
------------------------------------------------------
AMOUNT OF DAYLIGHT TODAY  (HOUR:MIN)........11:32
GAIN/LOSS SINCE YESTERDAY (HOUR:MIN:SEC)....-0:05:39
