000
CDAK48 PAFC 181251
CLISNP


CLIMATE REPORT
NATIONAL WEATHER SERVICE ANCHORAGE, AK
451 AM AKDT FRI AUG 18 2017


...................................

...THE SAINT PAUL ISLAND CLIMATE SUMMARY FOR AUGUST 17 2017...

CLIMATE NORMAL PERIOD 1981 TO 2010
CLIMATE RECORD PERIOD 1892 TO 2017


WEATHER ITEM   OBSERVED TIME   RECORD YEAR NORMAL DEPARTURE LAST
                VALUE   (LST)  VALUE       VALUE  FROM      YEAR
                                                  NORMAL
..................................................................
TEMPERATURE (F)
 YESTERDAY
  MAXIMUM         55        MM  60    2014  52      3       58
  MINIMUM         50        MM  32    1956  46      4       51
  AVERAGE         53                        49      4       55

PRECIPITATION (IN)
  YESTERDAY        0.01          0.92 1980   0.10  -0.09     0.00
  MONTH TO DATE    1.26                      1.60  -0.34     1.98
  SINCE JUN 1      6.02                      4.80   1.22     4.11
  SINCE JAN 1     11.83                     10.96   0.87     9.80

SNOWFALL (IN)
  YESTERDAY        0.0          MM      MM   0.0    0.0      0.0
  MONTH TO DATE    0.0                       0.0    0.0      0.0
  SINCE JUN 1      0.0                       T      0.0      0.0
  SINCE JUL 1      0.0                       0.0    0.0      0.0
  SNOW DEPTH       0

DEGREE DAYS
 HEATING
  YESTERDAY       12                        16     -4       10
  MONTH TO DATE  237                       273    -36      174
  SINCE JUN 1   1317                      1503   -186      927
  SINCE JUL 1    763                       825    -62      465

 COOLING
  YESTERDAY        0                         0      0        0
  MONTH TO DATE    0                         0      0        0
  SINCE JUN 1      0                         0      0        0
  SINCE JAN 1      0                         0      0        0
..................................................................


WIND (MPH)
  RESULTANT WIND SPEED  11   RESULTANT WIND DIRECTION   W (290)
  HIGHEST WIND SPEED    20   HIGHEST WIND DIRECTION     W (270)
  HIGHEST GUST SPEED    27   HIGHEST GUST DIRECTION     W (270)
  AVERAGE WIND SPEED    12.3



WEATHER CONDITIONS
 THE FOLLOWING WEATHER WAS RECORDED YESTERDAY.
  LIGHT RAIN
  FOG


..........................................................


THE SAINT PAUL ISLAND CLIMATE NORMALS FOR TODAY
                         NORMAL    RECORD    YEAR
 MAXIMUM TEMPERATURE (F)   52        58      2014
 MINIMUM TEMPERATURE (F)   46        33      1960


SUNRISE AND SUNSET
AUGUST 18 2017........SUNRISE   755 AM AKDT  SUNSET  1053 PM AKDT
AUGUST 19 2017........SUNRISE   757 AM AKDT  SUNSET  1050 PM AKDT


-  INDICATES NEGATIVE NUMBERS.
R  INDICATES RECORD WAS SET OR TIED.
MM INDICATES DATA IS MISSING.
T  INDICATES TRACE AMOUNT.




$$
