000
CDAK48 PASN 252328
CLISNP

CLIMATE REPORT
NATIONAL WEATHER SERVICE ST PAUL, AK
228 PM AKST SUN JAN 25 2015

...................................
...THE ST PAUL AIRPORT CLIMATE SUMMARY FOR JANUARY 25 2015...
VALID TODAY AS OF 2:00 PM LOCAL TIME

CLIMATE NORMAL PERIOD  1981 TO  2010
CLIMATE RECORD PERIOD  1892 TO  2015

WEATHER ITEM   OBSERVED TIME    RECORD YEAR NORMAL DEPARTURE LAST
               VALUE    (LST)   VALUE       VALUE  FROM      YEAR
                                                   NORMAL
...................................................................
TEMPERATURE
TODAY
 MAXIMUM            24  0159 PM    41  1963     28      -4     32
 MINIMUM            22  0816 AM    -2  1989     20       2     22
 AVERAGE            23                          24      -1     27

PRECIPITATION
(INCHES)
 TODAY               T           0.25  1960   0.05   -0.05   0.06
 MONTH TO DATE    1.05                        1.30   -0.25   2.54
 SINCE DEC 1      4.01                        3.55    0.46   5.73
 SINCE JAN 1      1.05                        1.30   -0.25   2.54

SNOWFALL
(INCHES)
 TODAY             0.1            5.4  2007    0.4    -0.3    1.4
 MONTH TO DATE     5.2                        10.3    -5.1   16.0
 SINCE DEC 1       9.5                        22.4   -12.9   21.5
 SINCE JUL 1      10.2                        32.7   -22.5   24.2
 SNOW DEPTH (IN)     T                                         16

DEGREE DAYS
 HEATING
  TODAY             42                          41       1     38
  MONTH TO DATE    843                         992    -149    886
  SINCE DEC 1     1807                        2113    -306   1869
  SINCE JUL 1     4712                        5533    -821   5151

 COOLING
  TODAY              0                           0       0      0
  MONTH TO DATE      0                           0       0      0
  SINCE DEC 1        0                           0       0      0
  SINCE JAN 1        0                           0       0      0
...................................................................

WIND (MPH)
 HIGHEST WIND SPEED    29     HIGHEST WIND DIRECTION     80
 HIGHEST GUST SPEED    35     HIGHEST GUST DIRECTION     70
 AVERAGE WIND SPEED    MM

SKY COVER
  POSSIBLE SUNSHINE  MM            AVERAGE SKY COVER MM

WEATHER CONDITIONS
 THE FOLLOWING WEATHER WAS RECORDED TODAY.
FOG
SNOW


RELATIVE HUMIDITY
 HIGHEST RH     MM PERCENT       MM
 LOWEST  RH     MM PERCENT       MM
 AVERAGE RH     MM PERCENT       MM
...................................................................

THE ST PAUL CLIMATE NORMALS FOR TOMORROW
                        NORMAL    RECORD   YEAR
 MAXIMUM TEMPERATURE      28        41     1963
 MINIMUM TEMPERATURE      20        -4     2012

SUNRISE AND SUNSET
 JAN 25 2015..........SUNRISE 10:34 AM      SUNSET  6:34 PM
 JAN 26 2015..........SUNRISE 10:32 AM      SUNSET  6:36 PM

-  INDICATES NEGATIVE NUMBERS.
R  INDICATES RECORD HAS BEEN SET OR TIED.
MM INDICATES DATA IS MISSING.
T  INDICATES TRACE OF PRECIPITATION.

&&
-------------------------------------------------------------------

AMOUNT OF DAYLIGHT TODAY  (HOUR:MIN)........8 HOURS 0 MINUTES
GAIN/LOSS SINCE YESTERDAY (HOUR:MIN:SEC)....+0:03:55

$$
WIW JAN 15
