000
CDAK48 PASN 281128
CLISNP

CLIMATE REPORT
NATIONAL WEATHER SERVICE ST PAUL, AK
329 AM AKDT SAT MAR 28 2015

...................................
...THE ST PAUL AIRPORT CLIMATE SUMMARY FOR MARCH 27 2015...

CLIMATE NORMAL PERIOD  1981 TO  2010
CLIMATE RECORD PERIOD  1892 TO  2015

WEATHER ITEM   OBSERVED TIME    RECORD YEAR NORMAL DEPARTURE LAST
               VALUE    (LST)   VALUE       VALUE  FROM      YEAR
                                                   NORMAL
...................................................................
TEMPERATURE
YESTERDAY
 MAXIMUM            27  0348 PM    39  2003     30      -3     37
 MINIMUM            24  1023 PM   -13  1976     21       3     33
 AVERAGE            26                          25       1     35

PRECIPITATION
(INCHES)
 YESTERDAY           T           0.30  2006   0.04   -0.04   0.05
 MONTH TO DATE    0.64                        0.93   -0.29   0.70
 SINCE MAR 1      0.64                        0.93   -0.29   0.70
 SINCE JAN 1      2.96                        3.81   -0.85   5.03

SNOWFALL
(INCHES)
 YESTERDAY           T            2.1  2013    0.3    -0.3    0.2
 MONTH TO DATE     8.1                         7.0     1.1    7.9
 SINCE MAR 1       8.1                         7.0     1.1    7.9
 SINCE JUL 1      37.8                        52.0   -14.2   42.2
 SNOW DEPTH (IN)     4                                          2

DEGREE DAYS
 HEATING
  YESTERDAY         39                          40      -1     30
  MONTH TO DATE    998                        1080     -82   1118
  SINCE MAR 1      998                        1080     -82   1118
  SINCE JUL 1     6955                        7999   -1044   7564

 COOLING
  YESTERDAY          0                           0       0      0
  MONTH TO DATE      0                           0       0      0
  SINCE MAR 1        0                           0       0      0
  SINCE JAN 1        0                           0       0      0
...................................................................

WIND (MPH)
 HIGHEST WIND SPEED    35     HIGHEST WIND DIRECTION     10
 HIGHEST GUST SPEED    40     HIGHEST GUST DIRECTION     10
 AVERAGE WIND SPEED  29.9

SKY COVER
  POSSIBLE SUNSHINE    MM          AVERAGE SKY COVER     MM

WEATHER CONDITIONS
 THE FOLLOWING WEATHER WAS RECORDED YESTERDAY.
  FOG
  SNOW


RELATIVE HUMIDITY
 HIGHEST RH     MM PERCENT       MM
 LOWEST  RH     MM PERCENT       MM
 AVERAGE RH     MM PERCENT       MM
...................................................................

THE ST PAUL CLIMATE NORMALS FOR TODAY
                           NORMAL    RECORD   YEAR
 MAXIMUM TEMPERATURE (F)     30        41     1979
 MINIMUM TEMPERATURE (F)     21        -3     1976

SUNRISE AND SUNSET
 MAR 28 2015..........SUNRISE  9:01 AM      SUNSET  9:53 PM
 MAR 29 2015..........SUNRISE  8:59 AM      SUNSET  9:55 PM

-  INDICATES NEGATIVE NUMBERS.
R  INDICATES RECORD HAS BEEN SET OR TIED.
MM INDICATES DATA IS MISSING.
T  INDICATES TRACE OF PRECIPITATION.

&&
-------------------------------------------------------------------

AMOUNT OF DAYLIGHT TODAY  (HOUR:MIN)........12 HOURS 52 MINUTES
GAIN/LOSS SINCE YESTERDAY (HOUR:MIN:SEC)....+0:04:53

$$
HCH MAR 15
