000
CDAK48 PASN 061116
CLISNP

CLIMATE REPORT
NATIONAL WEATHER SERVICE ST PAUL, AK
216 AM AKST FRI MAR 6 2015

...................................
...THE ST PAUL AIRPORT CLIMATE SUMMARY FOR MARCH 5 2015...

CLIMATE NORMAL PERIOD  1981 TO  2010
CLIMATE RECORD PERIOD  1892 TO  2015

WEATHER ITEM   OBSERVED TIME    RECORD YEAR NORMAL DEPARTURE LAST
               VALUE    (LST)   VALUE       VALUE  FROM      YEAR
                                                   NORMAL
...................................................................
TEMPERATURE
YESTERDAY
 MAXIMUM            37  1259 PM    40  1980     29       8     23
 MINIMUM            33  1036 PM    -9  2010     20      13     20
 AVERAGE            35                          25      10     22

PRECIPITATION
(INCHES)
 YESTERDAY        0.05           0.49  1894   0.04    0.01      T
 MONTH TO DATE    0.26                        0.18    0.08      T
 SINCE MAR 1      0.26                        0.18    0.08   0.00
 SINCE JAN 1      2.58                        3.06   -0.48   4.33

SNOWFALL
(INCHES)
 YESTERDAY         0.1            1.8  1990    0.2    -0.1      T
 MONTH TO DATE     0.3                         1.3    -1.0      T
 SINCE MAR 1       0.3                         1.3    -1.0    0.0
 SINCE JUL 1      30.0                        46.3   -16.3   34.3
 SNOW DEPTH (IN)     0                                          5

DEGREE DAYS
 HEATING
  YESTERDAY         30                          40     -10     43
  MONTH TO DATE    147                         200     -53    183
  SINCE MAR 1      147                         200     -53    183
  SINCE JUL 1     6104                        7119   -1015   6629

 COOLING
  YESTERDAY          0                           0       0      0
  MONTH TO DATE      0                           0       0      0
  SINCE MAR 1        0                           0       0      0
  SINCE JAN 1        0                           0       0      0
...................................................................

WIND (MPH)
 HIGHEST WIND SPEED    32     HIGHEST WIND DIRECTION    170
 HIGHEST GUST SPEED    40     HIGHEST GUST DIRECTION    170
 AVERAGE WIND SPEED  17.4

SKY COVER
  POSSIBLE SUNSHINE    MM          AVERAGE SKY COVER     MM

WEATHER CONDITIONS
 THE FOLLOWING WEATHER WAS RECORDED YESTERDAY.
  FOG
  RAIN
  SNOW


RELATIVE HUMIDITY
 HIGHEST RH     MM PERCENT       MM
 LOWEST  RH     MM PERCENT       MM
 AVERAGE RH     MM PERCENT       MM
...................................................................

THE ST PAUL CLIMATE NORMALS FOR TODAY
                           NORMAL    RECORD   YEAR
 MAXIMUM TEMPERATURE (F)     29        41     1980
 MINIMUM TEMPERATURE (F)     20        -5     2010

SUNRISE AND SUNSET
 MAR 6 2015..........SUNRISE  9:01 AM      SUNSET  8:05 PM
 MAR 7 2015..........SUNRISE  8:59 AM      SUNSET  8:07 PM

-  INDICATES NEGATIVE NUMBERS.
R  INDICATES RECORD HAS BEEN SET OR TIED.
MM INDICATES DATA IS MISSING.
T  INDICATES TRACE OF PRECIPITATION.

&&
-------------------------------------------------------------------

AMOUNT OF DAYLIGHT TODAY  (HOUR:MIN)........11 HOURS 4 MINUTES
GAIN/LOSS SINCE YESTERDAY (HOUR:MIN:SEC)....+0:04:52

$$
SAH MAR 15
