000
CDAK48 PASN 220917
CLISNP

CLIMATE REPORT
NATIONAL WEATHER SERVICE ST PAUL, AK
118 AM AKDT WED OCT 22 2014

...................................
...THE ST PAUL AIRPORT CLIMATE SUMMARY FOR OCTOBER 21 2014...

CLIMATE NORMAL PERIOD  1981 TO  2010
CLIMATE RECORD PERIOD  1949 TO  2014

WEATHER ITEM   OBSERVED TIME    RECORD YEAR NORMAL DEPARTURE LAST
               VALUE    (LST)   VALUE       VALUE  FROM      YEAR
                                                   NORMAL
...................................................................
TEMPERATURE
YESTERDAY
 MAXIMUM            40  0159 PM    47  2012     42      -2     41
 MINIMUM            34  1023 AM    20  1962     34       0     30
 AVERAGE            37                          38      -1     36

PRECIPITATION
(INCHES)
 YESTERDAY        0.05           0.67  1960   0.11   -0.06   0.01
 MONTH TO DATE    0.61                        2.11   -1.50   2.10
 SINCE SEP 1      4.18                        5.10   -0.92   5.11
 SINCE JAN 1     17.41                       17.53   -0.12  19.14

SNOWFALL
(INCHES)
 YESTERDAY           T            1.3  1967    0.1    -0.1      T
 MONTH TO DATE       T                         0.9    -0.9      T
 SINCE SEP 1       0.0                         0.9    -0.9    0.0
 SINCE JUL 1         T                         0.9    -0.9      T
 SNOW DEPTH (IN)     0                                          0

DEGREE DAYS
 HEATING
  YESTERDAY         28                          27       1     29
  MONTH TO DATE    532                         532       0    486
  SINCE SEP 1      991                        1123    -132   1078
  SINCE JUL 1     1808                        2175    -367   2121

 COOLING
  YESTERDAY          0                           0       0      0
  MONTH TO DATE      0                           0       0      0
  SINCE SEP 1        0                           0       0      0
  SINCE JAN 1        0                           0       0      0
...................................................................

WIND (MPH)
 HIGHEST WIND SPEED    39     HIGHEST WIND DIRECTION    330
 HIGHEST GUST SPEED    48     HIGHEST GUST DIRECTION    320
 AVERAGE WIND SPEED  23.6

SKY COVER
  POSSIBLE SUNSHINE    MM          AVERAGE SKY COVER     MM

WEATHER CONDITIONS
 THE FOLLOWING WEATHER WAS RECORDED YESTERDAY.
  FOG
SLEET
RAIN
SNOW


RELATIVE HUMIDITY
 HIGHEST RH     MM PERCENT       MM
 LOWEST  RH     MM PERCENT       MM
 AVERAGE RH     MM PERCENT       MM
...................................................................

THE ST PAUL CLIMATE NORMALS FOR TODAY
                           NORMAL    RECORD   YEAR
 MAXIMUM TEMPERATURE (F)     41        47     1989
 MINIMUM TEMPERATURE (F)     33        18     1962

SUNRISE AND SUNSET
 OCT 22 2014..........SUNRISE 10:11 AM      SUNSET  8:00 PM
 OCT 23 2014..........SUNRISE 10:13 AM      SUNSET  7:57 PM

-  INDICATES NEGATIVE NUMBERS.
R  INDICATES RECORD HAS BEEN SET OR TIED.
MM INDICATES DATA IS MISSING.
T  INDICATES TRACE OF PRECIPITATION.

&&
-------------------------------------------------------------------

AMOUNT OF DAYLIGHT TODAY  (HOUR:MIN)........9 HOURS 49 MINUTES
GAIN/LOSS SINCE YESTERDAY (HOUR:MIN:SEC)....-0:04:42

$$
TR OCT 14
