347
CDAK48 PAFC 140128
CLISNP


CLIMATE REPORT
NATIONAL WEATHER SERVICE ANCHORAGE, AK
427 PM AKST WED DEC 13 2017


...................................

...THE SAINT PAUL ISLAND CLIMATE SUMMARY FOR DECEMBER 13 2017...
VALID TODAY AS OF 0400 PM LOCAL TIME.

CLIMATE NORMAL PERIOD 1981 TO 2010
CLIMATE RECORD PERIOD 1892 TO 2017


WEATHER ITEM   OBSERVED TIME   RECORD YEAR NORMAL DEPARTURE LAST
                VALUE   (LST)  VALUE       VALUE  FROM      YEAR
                                                  NORMAL
..................................................................
TEMPERATURE (F)
 TODAY
  MAXIMUM         28        MM  44    2016  34     -6       44
  MINIMUM         21        MM   5    2001  25     -4       40
  AVERAGE         25                        29     -4       42

PRECIPITATION (IN)
  TODAY            T             0.86 2015   0.07  -0.07     0.24
  MONTH TO DATE    0.53                      1.01  -0.48     0.91
  SINCE SEP 1     13.40                     10.00   3.40    14.24
  SINCE JAN 1     26.07                     22.43   3.64    24.98

SNOWFALL (IN)
  TODAY            T             3.1  1998   0.4   -0.4      0.0
  MONTH TO DATE    2.7                       4.9   -2.2      2.1
  SINCE SEP 1      5.3                      15.2   -9.9      8.7
  SINCE JUL 1      5.3                      15.2   -9.9      8.7
  SNOW DEPTH       3

DEGREE DAYS
 HEATING
  TODAY           40                        36      4       23
  MONTH TO DATE  445                       456    -11      431
  SINCE DEC 1    445                       456    -11      431
  SINCE JUL 1   3523                      3877   -354     3000

 COOLING
  TODAY            0                         0      0        0
  MONTH TO DATE    0                         0      0        0
  SINCE DEC 1      0                         0      0        0
  SINCE JAN 1      0                         0      0        0
..................................................................


WIND (MPH)
  RESULTANT WIND SPEED  10   RESULTANT WIND DIRECTION   N (340)
  HIGHEST WIND SPEED    16   HIGHEST WIND DIRECTION     N (350)
  HIGHEST GUST SPEED    MM   HIGHEST GUST DIRECTION    MM
  AVERAGE WIND SPEED    10.5



WEATHER CONDITIONS
 THE FOLLOWING WEATHER WAS RECORDED TODAY.
  LIGHT SNOW
  FOG


..........................................................


THE SAINT PAUL ISLAND CLIMATE NORMALS FOR TOMORROW
                         NORMAL    RECORD    YEAR
 MAXIMUM TEMPERATURE (F)   33        42      2016
 MINIMUM TEMPERATURE (F)   25         5      2012


SUNRISE AND SUNSET
DECEMBER 13 2017......SUNRISE  1053 AM AKST  SUNSET   538 PM AKST
DECEMBER 14 2017......SUNRISE  1054 AM AKST  SUNSET   538 PM AKST


-  INDICATES NEGATIVE NUMBERS.
R  INDICATES RECORD WAS SET OR TIED.
MM INDICATES DATA IS MISSING.
T  INDICATES TRACE AMOUNT.




$$
