000
CDUS46 KMTR 110837
CLISNS


CLIMATE REPORT
NATIONAL WEATHER SERVICE SAN FRANCISCO BAY AREA
1237 AM PST SUN DEC 11 2016


...................................

...THE SALINAS AIRPORT CLIMATE SUMMARY FOR DECEMBER 10 2016...

CLIMATE NORMAL PERIOD 1981 TO 2010
CLIMATE RECORD PERIOD 1930 TO 2016


WEATHER ITEM   OBSERVED TIME   RECORD YEAR NORMAL DEPARTURE LAST
                VALUE   (LST)  VALUE       VALUE  FROM      YEAR
                                                  NORMAL
..................................................................
TEMPERATURE (F)
 YESTERDAY
  MAXIMUM         65    151 PM  77    1957  61      4       62
  MINIMUM         55   1159 PM  30    1972  41     14       50
  AVERAGE         60                        51      9       56

PRECIPITATION (IN)
  YESTERDAY        0.24          1.52 1996   0.06   0.18     0.10
  MONTH TO DATE    0.44                      0.56  -0.12     0.10
  SINCE OCT 1      3.00                      2.54   0.46     3.04
  SINCE JAN 1     11.57                     11.46   0.11     5.15

DEGREE DAYS
 HEATING
  YESTERDAY        5                        14     -9        9
  MONTH TO DATE  129                       134     -5      113
  SINCE DEC 1    129                       134     -5      113
  SINCE JUL 1    699                       752    -53      473

 COOLING
  YESTERDAY        0                         0      0        0
  MONTH TO DATE    0                         0      0        0
  SINCE DEC 1      0                         0      0        0
  SINCE JAN 1    113                       130    -17      386
..................................................................


WIND (MPH)
  RESULTANT WIND SPEED   1   RESULTANT WIND DIRECTION  SE (130)
  HIGHEST WIND SPEED    13   HIGHEST WIND DIRECTION    NW (300)
  HIGHEST GUST SPEED    16   HIGHEST GUST DIRECTION    SW (230)
  AVERAGE WIND SPEED     4.9


SKY COVER
  POSSIBLE SUNSHINE  MM
  AVERAGE SKY COVER 1.0


WEATHER CONDITIONS
 THE FOLLOWING WEATHER WAS RECORDED YESTERDAY.
  FOG
  FOG W/VISIBILITY <= 1/4 MILE
  HAZE


RELATIVE HUMIDITY (PERCENT)
 HIGHEST   100           400 AM
 LOWEST     78           200 PM
 AVERAGE    89

..........................................................


THE SALINAS AIRPORT CLIMATE NORMALS FOR TODAY
                         NORMAL    RECORD    YEAR
 MAXIMUM TEMPERATURE (F)   61        80      1934
 MINIMUM TEMPERATURE (F)   41        25      1972


SUNRISE AND SUNSET
DECEMBER 11 2016......SUNRISE   709 AM PST   SUNSET   451 PM PST
DECEMBER 12 2016......SUNRISE   710 AM PST   SUNSET   451 PM PST


-  INDICATES NEGATIVE NUMBERS.
R  INDICATES RECORD WAS SET OR TIED.
MM INDICATES DATA IS MISSING.
T  INDICATES TRACE AMOUNT.




$$
