000
CDUS46 KMTR 020845
CLISNS


CLIMATE REPORT
NATIONAL WEATHER SERVICE SAN FRANCISCO BAY AREA
145 AM PDT SAT AUG 2 2014


...................................

...THE SALINAS AIRPORT CLIMATE SUMMARY FOR AUGUST 1 2014...

CLIMATE NORMAL PERIOD 1981 TO 2010
CLIMATE RECORD PERIOD 1930 TO 2014


WEATHER ITEM   OBSERVED TIME   RECORD YEAR NORMAL DEPARTURE LAST
                VALUE   (LST)  VALUE       VALUE  FROM      YEAR
                                                  NORMAL
..................................................................
TEMPERATURE (F)
 YESTERDAY
  MAXIMUM         72    131 PM  97    1993  71      1       69
  MINIMUM         57    655 AM  47    1969  56      1       56
  AVERAGE         65                        63      2       63

PRECIPITATION (IN)
  YESTERDAY        0.00          0.00 2006   0.00   0.00     0.00
  MONTH TO DATE    0.00                      0.00   0.00     0.00
  SINCE JUL 1      0.01                      T      0.01      T
  SINCE JAN 1      4.98                      8.72  -3.74     2.33

DEGREE DAYS
 HEATING
  YESTERDAY        0                         2     -2        2
  MONTH TO DATE    0                         2     -2        2
  SINCE JUN 1    152                       193    -41      170
  SINCE JUL 1     38                        80    -42       72

 COOLING
  YESTERDAY        0                         0      0        0
  MONTH TO DATE    0                         0      0        0
  SINCE JUN 1     43                        30     13       37
  SINCE JAN 1     93                        46     47       47
..................................................................


WIND (MPH)
  RESULTANT WIND SPEED   7   RESULTANT WIND DIRECTION   W (280)
  HIGHEST WIND SPEED    17   HIGHEST WIND DIRECTION     W (280)
  HIGHEST GUST SPEED    23   HIGHEST GUST DIRECTION     W (280)
  AVERAGE WIND SPEED     7.6


SKY COVER
  POSSIBLE SUNSHINE  MM
  AVERAGE SKY COVER 0.7


WEATHER CONDITIONS
 THE FOLLOWING WEATHER WAS RECORDED YESTERDAY.
  FOG


RELATIVE HUMIDITY (PERCENT)
 HIGHEST    93          1200 AM
 LOWEST     66          1200 PM
 AVERAGE    80

..........................................................


THE SALINAS AIRPORT CLIMATE NORMALS FOR TODAY
                         NORMAL    RECORD    YEAR
 MAXIMUM TEMPERATURE (F)   71        88      1998
 MINIMUM TEMPERATURE (F)   56        48      1982


SUNRISE AND SUNSET
AUGUST  2 2014........SUNRISE   513 AM PST   SUNSET   712 PM PST
AUGUST  3 2014........SUNRISE   514 AM PST   SUNSET   711 PM PST


-  INDICATES NEGATIVE NUMBERS.
R  INDICATES RECORD WAS SET OR TIED.
MM INDICATES DATA IS MISSING.
T  INDICATES TRACE AMOUNT.




$$
