000
CDUS46 KMTR 170829
CLISNS


CLIMATE REPORT
NATIONAL WEATHER SERVICE SAN FRANCISCO BAY AREA
1227 AM PST SUN DEC 17 2017


...................................

...THE SALINAS AIRPORT CLIMATE SUMMARY FOR DECEMBER 16 2017...

CLIMATE NORMAL PERIOD 1981 TO 2010
CLIMATE RECORD PERIOD 1930 TO 2017


WEATHER ITEM   OBSERVED TIME   RECORD YEAR NORMAL DEPARTURE LAST
                VALUE   (LST)  VALUE       VALUE  FROM      YEAR
                                                  NORMAL
..................................................................
TEMPERATURE (F)
 YESTERDAY
  MAXIMUM         67    314 PM  84    1980  61      6       54
  MINIMUM         44   1112 PM  29    1965  41      3       40
  AVERAGE         56                        51      5       47

PRECIPITATION (IN)
  YESTERDAY        0.00          0.72 2002   0.06  -0.06     0.08
  MONTH TO DATE    T                         0.90  -0.90     1.26
  SINCE OCT 1      0.75                      2.88  -2.13     3.82
  SINCE JAN 1     13.24                     11.80   1.44    12.39

DEGREE DAYS
 HEATING
  YESTERDAY        9                        14     -5       18
  MONTH TO DATE  150                       218    -68      197
  SINCE DEC 1    150                       218    -68      197
  SINCE JUL 1    586                       836   -250      767

 COOLING
  YESTERDAY        0                         0      0        0
  MONTH TO DATE    0                         0      0        0
  SINCE DEC 1      0                         0      0        0
  SINCE JAN 1    283                       130    153      113
..................................................................


WIND (MPH)
  RESULTANT WIND SPEED   8   RESULTANT WIND DIRECTION  NW (300)
  HIGHEST WIND SPEED    20   HIGHEST WIND DIRECTION    NW (330)
  HIGHEST GUST SPEED    26   HIGHEST GUST DIRECTION    NW (300)
  AVERAGE WIND SPEED     8.6


SKY COVER
  POSSIBLE SUNSHINE  MM
  AVERAGE SKY COVER 0.2


WEATHER CONDITIONS
 THE FOLLOWING WEATHER WAS RECORDED YESTERDAY.
  FOG
  FOG W/VISIBILITY <= 1/4 MILE


RELATIVE HUMIDITY (PERCENT)
 HIGHEST   100           700 AM
 LOWEST     15           400 PM
 AVERAGE    58

..........................................................


THE SALINAS AIRPORT CLIMATE NORMALS FOR TODAY
                         NORMAL    RECORD    YEAR
 MAXIMUM TEMPERATURE (F)   61        77      1998
 MINIMUM TEMPERATURE (F)   41        30      2008
                                             1965


SUNRISE AND SUNSET
DECEMBER 17 2017......SUNRISE   713 AM PST   SUNSET   453 PM PST
DECEMBER 18 2017......SUNRISE   714 AM PST   SUNSET   453 PM PST


-  INDICATES NEGATIVE NUMBERS.
R  INDICATES RECORD WAS SET OR TIED.
MM INDICATES DATA IS MISSING.
T  INDICATES TRACE AMOUNT.




$$
