761
CDUS46 KMTR 220825
CLISNS


CLIMATE REPORT
NATIONAL WEATHER SERVICE SAN FRANCISCO BAY AREA
125 AM PDT TUE AUG 22 2017


...................................

...THE SALINAS AIRPORT CLIMATE SUMMARY FOR AUGUST 21 2017...

CLIMATE NORMAL PERIOD 1981 TO 2010
CLIMATE RECORD PERIOD 1930 TO 2017


WEATHER ITEM   OBSERVED TIME   RECORD YEAR NORMAL DEPARTURE LAST
                VALUE   (LST)  VALUE       VALUE  FROM      YEAR
                                                  NORMAL
..................................................................
TEMPERATURE (F)
 YESTERDAY
  MAXIMUM         71    415 PM  84    1972  73     -2       71
  MINIMUM         61   1159 PM  49    1994  56      5       58
  AVERAGE         66                        64      2       65

PRECIPITATION (IN)
  YESTERDAY        0.00          0.01 2003   0.00   0.00     0.00
  MONTH TO DATE    T                         0.02  -0.02      T
  SINCE OCT 1     16.45                     12.65   3.80    13.47
  SINCE JAN 1     12.45                      8.74   3.71     8.57

DEGREE DAYS
 HEATING
  YESTERDAY        0                         2     -2        0
  MONTH TO DATE   11                        42    -31       50
  SINCE JUN 1    153                       233    -80      218
  SINCE JUL 1     83                       120    -37      142

 COOLING
  YESTERDAY        1                         1      0        0
  MONTH TO DATE   29                        18     11        0
  SINCE JUN 1     48                        48      0        8
  SINCE JAN 1     66                        64      2       31
..................................................................


WIND (MPH)
  RESULTANT WIND SPEED   7   RESULTANT WIND DIRECTION  NW (300)
  HIGHEST WIND SPEED    15   HIGHEST WIND DIRECTION     W (290)
  HIGHEST GUST SPEED    20   HIGHEST GUST DIRECTION     W (280)
  AVERAGE WIND SPEED     7.8


SKY COVER
  POSSIBLE SUNSHINE  MM
  AVERAGE SKY COVER 0.6


WEATHER CONDITIONS
 THE FOLLOWING WEATHER WAS RECORDED YESTERDAY.
  NO SIGNIFICANT WEATHER WAS OBSERVED.


RELATIVE HUMIDITY (PERCENT)
 HIGHEST    90           400 AM
 LOWEST     66           300 PM
 AVERAGE    78

..........................................................


THE SALINAS AIRPORT CLIMATE NORMALS FOR TODAY
                         NORMAL    RECORD    YEAR
 MAXIMUM TEMPERATURE (F)   73        85      1972
 MINIMUM TEMPERATURE (F)   56        42      1931


SUNRISE AND SUNSET
AUGUST 22 2017........SUNRISE   630 AM PDT   SUNSET   748 PM PDT
AUGUST 23 2017........SUNRISE   631 AM PDT   SUNSET   747 PM PDT


-  INDICATES NEGATIVE NUMBERS.
R  INDICATES RECORD WAS SET OR TIED.
MM INDICATES DATA IS MISSING.
T  INDICATES TRACE AMOUNT.




$$
