000
CDUS46 KMTR 210845
CLISNS


CLIMATE REPORT
NATIONAL WEATHER SERVICE SAN FRANCISCO BAY AREA
145 AM PDT SAT OCT 21 2017


...................................

...THE SALINAS AIRPORT CLIMATE SUMMARY FOR OCTOBER 20 2017...

CLIMATE NORMAL PERIOD 1981 TO 2010
CLIMATE RECORD PERIOD 1930 TO 2017


WEATHER ITEM   OBSERVED TIME   RECORD YEAR NORMAL DEPARTURE LAST
                VALUE   (LST)  VALUE       VALUE  FROM      YEAR
                                                  NORMAL
..................................................................
TEMPERATURE (F)
 YESTERDAY
  MAXIMUM         64    221 PM  97    1964  73     -9       84
  MINIMUM         49   1128 PM  34    1949  49      0       46
  AVERAGE         57                        61     -4       65

PRECIPITATION (IN)
  YESTERDAY        0.13          0.22 1970   0.02   0.11     0.00
  MONTH TO DATE    0.13                      0.31  -0.18     0.16
  SINCE OCT 1      0.13                      0.31  -0.18     0.16
  SINCE JAN 1     12.62                      9.23   3.39     8.73

DEGREE DAYS
 HEATING
  YESTERDAY        8                         5      3        0
  MONTH TO DATE   77                        76      1       73
  SINCE SEP 1    107                       136    -29      151
  SINCE JUL 1    198                       271    -73      299

 COOLING
  YESTERDAY        0                         1     -1        0
  MONTH TO DATE   17                        20     -3       18
  SINCE SEP 1    162                        56    106       68
  SINCE JAN 1    230                       125    105      101
..................................................................


WIND (MPH)
  RESULTANT WIND SPEED   5   RESULTANT WIND DIRECTION   W (260)
  HIGHEST WIND SPEED    20   HIGHEST WIND DIRECTION     W (260)
  HIGHEST GUST SPEED    24   HIGHEST GUST DIRECTION     W (260)
  AVERAGE WIND SPEED     6.7


SKY COVER
  POSSIBLE SUNSHINE  MM
  AVERAGE SKY COVER 0.3


WEATHER CONDITIONS
 THE FOLLOWING WEATHER WAS RECORDED YESTERDAY.
  HEAVY RAIN
  LIGHT RAIN
  FOG


RELATIVE HUMIDITY (PERCENT)
 HIGHEST    93           600 AM
 LOWEST     52          1200 PM
 AVERAGE    73

..........................................................


THE SALINAS AIRPORT CLIMATE NORMALS FOR TODAY
                         NORMAL    RECORD    YEAR
 MAXIMUM TEMPERATURE (F)   72        97      1937
 MINIMUM TEMPERATURE (F)   49        36      1949


SUNRISE AND SUNSET
OCTOBER 21 2017.......SUNRISE   720 AM PDT   SUNSET   622 PM PDT
OCTOBER 22 2017.......SUNRISE   721 AM PDT   SUNSET   620 PM PDT


-  INDICATES NEGATIVE NUMBERS.
R  INDICATES RECORD WAS SET OR TIED.
MM INDICATES DATA IS MISSING.
T  INDICATES TRACE AMOUNT.




$$
