000
CDUS46 KMTR 080840
CLISNS


CLIMATE REPORT
NATIONAL WEATHER SERVICE SAN FRANCISCO BAY AREA
1239 AM PST MON FEB 8 2016


...................................

...THE SALINAS AIRPORT CLIMATE SUMMARY FOR FEBRUARY 7 2016...

CLIMATE NORMAL PERIOD 1981 TO 2010
CLIMATE RECORD PERIOD 1930 TO 2016


WEATHER ITEM   OBSERVED TIME   RECORD YEAR NORMAL DEPARTURE LAST
                VALUE   (LST)  VALUE       VALUE  FROM      YEAR
                                                  NORMAL
..................................................................
TEMPERATURE (F)
 YESTERDAY
  MAXIMUM         74    408 PM  84    1954  62     12       73
  MINIMUM         45    758 AM  26    1989  43      2       59
  AVERAGE         60                        52      8       66

PRECIPITATION (IN)
  YESTERDAY        0.00          1.05 1998   0.09  -0.09     0.20
  MONTH TO DATE    0.01                      0.65  -0.64     0.40
  SINCE OCT 1      8.95                      7.16   1.79     8.40
  SINCE JAN 1      4.05                      3.25   0.80     0.41

DEGREE DAYS
 HEATING
  YESTERDAY        5                        12     -7        0
  MONTH TO DATE   82                        90     -8       30
  SINCE DEC 1    922                       950    -28      516
  SINCE JUL 1   1282                      1568   -286      730

 COOLING
  YESTERDAY        0                         0      0        1
  MONTH TO DATE    0                         0      0        1
  SINCE DEC 1      0                         0      0        3
  SINCE JAN 1      0                         0      0        2
..................................................................


WIND (MPH)
  RESULTANT WIND SPEED   6   RESULTANT WIND DIRECTION   E (100)
  HIGHEST WIND SPEED    18   HIGHEST WIND DIRECTION     E (100)
  HIGHEST GUST SPEED    25   HIGHEST GUST DIRECTION     E (100)
  AVERAGE WIND SPEED     6.9


SKY COVER
  POSSIBLE SUNSHINE  MM
  AVERAGE SKY COVER 0.0


WEATHER CONDITIONS
 THE FOLLOWING WEATHER WAS RECORDED YESTERDAY.
  NO SIGNIFICANT WEATHER WAS OBSERVED.


RELATIVE HUMIDITY (PERCENT)
 HIGHEST    80          1200 AM
 LOWEST     31           200 PM
 AVERAGE    56

..........................................................


THE SALINAS AIRPORT CLIMATE NORMALS FOR TODAY
                         NORMAL    RECORD    YEAR
 MAXIMUM TEMPERATURE (F)   62        83      1954
 MINIMUM TEMPERATURE (F)   43        28      2001


SUNRISE AND SUNSET
FEBRUARY  8 2016......SUNRISE   702 AM PST   SUNSET   539 PM PST
FEBRUARY  9 2016......SUNRISE   701 AM PST   SUNSET   540 PM PST


-  INDICATES NEGATIVE NUMBERS.
R  INDICATES RECORD WAS SET OR TIED.
MM INDICATES DATA IS MISSING.
T  INDICATES TRACE AMOUNT.




$$
