000
CDUS46 KMTR 290827
CLISNS


CLIMATE REPORT
NATIONAL WEATHER SERVICE SAN FRANCISCO BAY AREA
127 AM PDT SAT APR 29 2017


...................................

...THE SALINAS AIRPORT CLIMATE SUMMARY FOR APRIL 28 2017...

CLIMATE NORMAL PERIOD 1981 TO 2010
CLIMATE RECORD PERIOD 1930 TO 2017


WEATHER ITEM   OBSERVED TIME   RECORD YEAR NORMAL DEPARTURE LAST
                VALUE   (LST)  VALUE       VALUE  FROM      YEAR
                                                  NORMAL
..................................................................
TEMPERATURE (F)
 YESTERDAY
  MAXIMUM         68    426 PM  93    1957  68      0       66
  MINIMUM         50    606 AM  34    1970  48      2       50
  AVERAGE         59                        58      1       58

PRECIPITATION (IN)
  YESTERDAY        0.00          0.85 1948   0.02  -0.02     0.00
  MONTH TO DATE    0.84                      0.89  -0.05     0.50
  SINCE OCT 1     16.36                     12.15   4.21    13.34
  SINCE JAN 1     12.36                      8.24   4.12     8.44

DEGREE DAYS
 HEATING
  YESTERDAY        6                         7     -1        7
  MONTH TO DATE  181                       240    -59      155
  SINCE MAR 1    420                       560   -140      391
  SINCE JUL 1   2182                      2374   -192     1782

 COOLING
  YESTERDAY        0                         0      0        0
  MONTH TO DATE    3                         0      3       18
  SINCE MAR 1      4                         1      3       18
  SINCE JAN 1      4                         1      3       21
..................................................................


WIND (MPH)
  RESULTANT WIND SPEED   9   RESULTANT WIND DIRECTION   W (260)
  HIGHEST WIND SPEED    22   HIGHEST WIND DIRECTION    SW (240)
  HIGHEST GUST SPEED    27   HIGHEST GUST DIRECTION    SW (240)
  AVERAGE WIND SPEED    10.4


SKY COVER
  POSSIBLE SUNSHINE  MM
  AVERAGE SKY COVER 0.0


WEATHER CONDITIONS
 THE FOLLOWING WEATHER WAS RECORDED YESTERDAY.
  NO SIGNIFICANT WEATHER WAS OBSERVED.


RELATIVE HUMIDITY (PERCENT)
 HIGHEST    80           500 AM
 LOWEST     42          1200 PM
 AVERAGE    61

..........................................................


THE SALINAS AIRPORT CLIMATE NORMALS FOR TODAY
                         NORMAL    RECORD    YEAR
 MAXIMUM TEMPERATURE (F)   68        95      1981
 MINIMUM TEMPERATURE (F)   48        35      1967


SUNRISE AND SUNSET
APRIL 29 2017.........SUNRISE   615 AM PDT   SUNSET   753 PM PDT
APRIL 30 2017.........SUNRISE   613 AM PDT   SUNSET   754 PM PDT


-  INDICATES NEGATIVE NUMBERS.
R  INDICATES RECORD WAS SET OR TIED.
MM INDICATES DATA IS MISSING.
T  INDICATES TRACE AMOUNT.




$$
