375
CDUS46 KMTR 270045
CLISNS


CLIMATE REPORT
NATIONAL WEATHER SERVICE SAN FRANCISCO BAY AREA
545 PM PDT SUN MAR 26 2017


...................................

...THE SALINAS AIRPORT CLIMATE SUMMARY FOR MARCH 26 2017...
VALID TODAY AS OF 0500 PM LOCAL TIME.

CLIMATE NORMAL PERIOD 1981 TO 2010
CLIMATE RECORD PERIOD 1930 TO 2017


WEATHER ITEM   OBSERVED TIME   RECORD YEAR NORMAL DEPARTURE LAST
                VALUE   (LST)  VALUE       VALUE  FROM      YEAR
                                                  NORMAL
..................................................................
TEMPERATURE (F)
 TODAY
  MAXIMUM         65    307 PM  90    2015  66     -1       69
  MINIMUM         47    517 AM  30    1936  45      2       48
  AVERAGE         56                        55      1       59

PRECIPITATION (IN)
  TODAY            0.00          0.82 1985   0.06  -0.06     0.00
  MONTH TO DATE    1.20                      1.98  -0.78     3.45
  SINCE OCT 1     15.49                     10.98   4.51    12.84
  SINCE JAN 1     11.49                      7.07   4.42     7.94

DEGREE DAYS
 HEATING
  TODAY            9                        10     -1        6
  MONTH TO DATE  204                       272    -68      183
  SINCE MAR 1    204                       272    -68      183
  SINCE JUL 1   1966                      2086   -120     1574

 COOLING
  TODAY            0                         0      0        0
  MONTH TO DATE    1                         0      1        0
  SINCE MAR 1      1                         0      1        0
  SINCE JAN 1      1                         0      1        3
..................................................................


WIND (MPH)
  RESULTANT WIND SPEED   1   RESULTANT WIND DIRECTION   W (250)
  HIGHEST WIND SPEED    13   HIGHEST WIND DIRECTION     W (280)
  HIGHEST GUST SPEED    16   HIGHEST GUST DIRECTION     W (270)
  AVERAGE WIND SPEED     3.2


SKY COVER
  POSSIBLE SUNSHINE  MM
  AVERAGE SKY COVER 0.7


WEATHER CONDITIONS
 THE FOLLOWING WEATHER WAS RECORDED TODAY.
  NO SIGNIFICANT WEATHER WAS OBSERVED.


RELATIVE HUMIDITY (PERCENT)
 HIGHEST    93           400 AM
 LOWEST     43           300 PM
 AVERAGE    68

..........................................................


THE SALINAS AIRPORT CLIMATE NORMALS FOR TOMORROW
                         NORMAL    RECORD    YEAR
 MAXIMUM TEMPERATURE (F)   66        80      1969
 MINIMUM TEMPERATURE (F)   45        32      1944


SUNRISE AND SUNSET
MARCH 26 2017.........SUNRISE   701 AM PDT   SUNSET   724 PM PDT
MARCH 27 2017.........SUNRISE   659 AM PDT   SUNSET   725 PM PDT


-  INDICATES NEGATIVE NUMBERS.
R  INDICATES RECORD WAS SET OR TIED.
MM INDICATES DATA IS MISSING.
T  INDICATES TRACE AMOUNT.




$$
