000
CDUS45 KPIH 170736
CLISNT


CLIMATE REPORT
NATIONAL WEATHER SERVICE POCATELLO ID
134 AM MDT THU APR 17 2014


...................................

...THE STANLEY ID CLIMATE SUMMARY FOR APRIL 16 2014...

CLIMATE NORMAL PERIOD 1981 TO 2010
CLIMATE RECORD PERIOD 1916 TO 2014


WEATHER ITEM   OBSERVED TIME   RECORD YEAR NORMAL DEPARTURE LAST
                VALUE   (LST)  VALUE       VALUE  FROM      YEAR
                                                  NORMAL
..................................................................
TEMPERATURE (F)
 YESTERDAY
  MAXIMUM         45    539 PM  70    1990  47     -2       36
  MINIMUM         14    605 AM -14    1922  20     -6       10
  AVERAGE         30                        33     -3       23

PRECIPITATION (IN)
  YESTERDAY        0.00          0.62 2011   0.05  -0.05     0.00
  MONTH TO DATE    1.08                      0.93   0.15     1.38
  SINCE OCT 1     14.22                     10.90   3.32    12.40
  SINCE JAN 1     10.61                      6.05   4.56     4.21

SNOWFALL (IN)
  YESTERDAY       MM
  MONTH TO DATE   MM
  SINCE MAR 1     MM
  SINCE JUL 1     MM
  SNOW DEPTH      MM

DEGREE DAYS
 HEATING
  YESTERDAY       35                        32      3       42
  MONTH TO DATE  531                       535     -4      507
  SINCE MAR 1   1678                      1719    -41     1706
  SINCE JUL 1   8846                      9253   -407     8791

 COOLING
  YESTERDAY        0                         0      0        0
  MONTH TO DATE    0                         0      0        0
  SINCE MAR 1      0                         0      0        0
  SINCE JAN 1      0                         0      0        0
..................................................................


WIND (MPH)
  HIGHEST WIND SPEED     9   HIGHEST WIND DIRECTION     W (270)
  HIGHEST GUST SPEED    14   HIGHEST GUST DIRECTION    NW (320)
  AVERAGE WIND SPEED     3.9


SKY COVER
  POSSIBLE SUNSHINE  MM
  AVERAGE SKY COVER 0.0


WEATHER CONDITIONS
 THE FOLLOWING WEATHER WAS RECORDED YESTERDAY.
  NO SIGNIFICANT WEATHER WAS OBSERVED.


RELATIVE HUMIDITY (PERCENT)
 HIGHEST    75           900 PM
 LOWEST     22           100 PM
 AVERAGE    49

..........................................................


THE STANLEY ID CLIMATE NORMALS FOR TODAY
                         NORMAL    RECORD    YEAR
 MAXIMUM TEMPERATURE (F)   48        70      1994
 MINIMUM TEMPERATURE (F)   20        -2      1922


SUNRISE AND SUNSET
APRIL 17 2014.........SUNRISE   653 AM MDT   SUNSET   826 PM MDT
APRIL 18 2014.........SUNRISE   651 AM MDT   SUNSET   828 PM MDT


-  INDICATES NEGATIVE NUMBERS.
R  INDICATES RECORD WAS SET OR TIED.
MM INDICATES DATA IS MISSING.
T  INDICATES TRACE AMOUNT.




$$
