000
CDUS45 KPIH 282322
CLISNT


CLIMATE REPORT
NATIONAL WEATHER SERVICE POCATELLO ID
420 PM MST FRI NOV 28 2014


...................................

...THE STANLEY ID CLIMATE SUMMARY FOR NOVEMBER 28 2014...
VALID TODAY AS OF 0400 PM LOCAL TIME.

CLIMATE NORMAL PERIOD 1981 TO 2010
CLIMATE RECORD PERIOD 1916 TO 2014


WEATHER ITEM   OBSERVED TIME   RECORD YEAR NORMAL DEPARTURE LAST
                VALUE   (LST)  VALUE       VALUE  FROM      YEAR
                                                  NORMAL
..................................................................
TEMPERATURE (F)
 TODAY
  MAXIMUM         48R   146 PM  48    1980  28     20       38
  MINIMUM         34    126 AM -28    1919   8     26        9
  AVERAGE         41                        18     23       24

PRECIPITATION (IN)
  TODAY            0.00          0.50 1984   0.04  -0.04     0.00
  MONTH TO DATE    2.23                      2.01   0.22     1.69
  SINCE OCT 1      3.54                      3.48   0.06     2.06
  SINCE JAN 1     19.45                     15.69   3.76    12.56

SNOWFALL (IN)
  TODAY           MM
  MONTH TO DATE   MM
  SINCE SEP 1     MM
  SINCE JUL 1     MM
  SNOW DEPTH      MM

DEGREE DAYS
 HEATING
  TODAY           24                        47    -23       41
  MONTH TO DATE 1077                      1139    -62     1083
  SINCE SEP 1   2164                      2483   -319     2384
  SINCE JUL 1   2503                      3003   -500     2711

 COOLING
  TODAY            0                         0      0        0
  MONTH TO DATE    0                         0      0        0
  SINCE SEP 1      0                         0      0        0
  SINCE JAN 1     16                         3     13       19
..................................................................


WIND (MPH)
  HIGHEST WIND SPEED    21   HIGHEST WIND DIRECTION     W (260)
  HIGHEST GUST SPEED    32   HIGHEST GUST DIRECTION    NW (310)
  AVERAGE WIND SPEED     7.7


SKY COVER
  POSSIBLE SUNSHINE  MM
  AVERAGE SKY COVER 0.0


WEATHER CONDITIONS
 THE FOLLOWING WEATHER WAS RECORDED TODAY.
  NO SIGNIFICANT WEATHER WAS OBSERVED.


RELATIVE HUMIDITY (PERCENT)
 HIGHEST    70           100 AM
 LOWEST     14           300 PM
 AVERAGE    42

..........................................................


THE STANLEY ID CLIMATE NORMALS FOR TOMORROW
                         NORMAL    RECORD    YEAR
 MAXIMUM TEMPERATURE (F)   28        46      1980
 MINIMUM TEMPERATURE (F)    7       -22      1916


SUNRISE AND SUNSET
NOVEMBER 28 2014......SUNRISE   752 AM MST   SUNSET   504 PM MST
NOVEMBER 29 2014......SUNRISE   753 AM MST   SUNSET   503 PM MST


-  INDICATES NEGATIVE NUMBERS.
R  INDICATES RECORD WAS SET OR TIED.
MM INDICATES DATA IS MISSING.
T  INDICATES TRACE AMOUNT.




$$
