000
CDUS45 KPIH 132333
CLISNT


CLIMATE REPORT
NATIONAL WEATHER SERVICE POCATELLO ID
430 PM MST SAT FEB 13 2016


...................................

...THE STANLEY ID CLIMATE SUMMARY FOR FEBRUARY 13 2016...
VALID TODAY AS OF 0400 PM LOCAL TIME.

CLIMATE NORMAL PERIOD 1981 TO 2010
CLIMATE RECORD PERIOD 1916 TO 2016


WEATHER ITEM   OBSERVED TIME   RECORD YEAR NORMAL DEPARTURE LAST
                VALUE   (LST)  VALUE       VALUE  FROM      YEAR
                                                  NORMAL
..................................................................
TEMPERATURE (F)
 TODAY
  MAXIMUM         46    330 AM  49    1977  32     14       47
  MINIMUM         31   1257 AM -30    1966   3     28        9
  AVERAGE         39                        18     21       28

PRECIPITATION (IN)
  TODAY            0.01          0.80 1986   0.06  -0.05     0.00
  MONTH TO DATE    0.04                      0.95  -0.91     1.80
  SINCE OCT 1     10.06                      7.32   2.74     9.95
  SINCE JAN 1      2.49                      2.47   0.02     3.24

SNOWFALL (IN)
  TODAY           MM
  MONTH TO DATE   MM
  SINCE DEC 1     MM
  SINCE JUL 1     MM
  SNOW DEPTH      MM

DEGREE DAYS
 HEATING
  TODAY           26                        47    -21       37
  MONTH TO DATE  580                       632    -52      414
  SINCE DEC 1   3573                      3764   -191     3194
  SINCE JUL 1   6345                      6861   -516     5787

 COOLING
  TODAY            0                         0      0        0
  MONTH TO DATE    0                         0      0        0
  SINCE DEC 1      0                         0      0        0
  SINCE JAN 1      0                         0      0        0
..................................................................


WIND (MPH)
  HIGHEST WIND SPEED    23   HIGHEST WIND DIRECTION     W (260)
  HIGHEST GUST SPEED    33   HIGHEST GUST DIRECTION     W (280)
  AVERAGE WIND SPEED     6.3


SKY COVER
  POSSIBLE SUNSHINE  MM
  AVERAGE SKY COVER 0.0


WEATHER CONDITIONS
 THE FOLLOWING WEATHER WAS RECORDED TODAY.
  NO SIGNIFICANT WEATHER WAS OBSERVED.


RELATIVE HUMIDITY (PERCENT)
 HIGHEST    78           100 AM
 LOWEST     32           400 PM
 AVERAGE    55

..........................................................


THE STANLEY ID CLIMATE NORMALS FOR TOMORROW
                         NORMAL    RECORD    YEAR
 MAXIMUM TEMPERATURE (F)   33        54      2015
 MINIMUM TEMPERATURE (F)    3       -26      1922


SUNRISE AND SUNSET
FEBRUARY 13 2016......SUNRISE   743 AM MST   SUNSET   606 PM MST
FEBRUARY 14 2016......SUNRISE   741 AM MST   SUNSET   607 PM MST


-  INDICATES NEGATIVE NUMBERS.
R  INDICATES RECORD WAS SET OR TIED.
MM INDICATES DATA IS MISSING.
T  INDICATES TRACE AMOUNT.




$$
