000
CDUS45 KPIH 090740
CLISNT


CLIMATE REPORT
NATIONAL WEATHER SERVICE POCATELLO ID
1237 AM MST FRI DEC 9 2016


...................................

...THE STANLEY ID CLIMATE SUMMARY FOR DECEMBER 8 2016...

CLIMATE NORMAL PERIOD 1981 TO 2010
CLIMATE RECORD PERIOD 1916 TO 2016


WEATHER ITEM   OBSERVED TIME   RECORD YEAR NORMAL DEPARTURE LAST
                VALUE   (LST)  VALUE       VALUE  FROM      YEAR
                                                  NORMAL
..................................................................
TEMPERATURE (F)
 YESTERDAY
  MAXIMUM          8   1159 PM  43    2015  25    -17       43
                                      1979
  MINIMUM        -22    617 AM -34    1919   5    -27       35
  AVERAGE         -7                        15    -22       39

PRECIPITATION (IN)
  YESTERDAY        0.25          0.48 2004   0.04   0.21     0.10
  MONTH TO DATE    0.78                      0.29   0.49     1.57
  SINCE OCT 1      6.24                      3.87   2.37     4.18
  SINCE JAN 1     17.23                     16.08   1.15    16.79

SNOWFALL (IN)
  YESTERDAY       MM
  MONTH TO DATE   MM
  SINCE DEC 1     MM
  SINCE JUL 1     MM
  SNOW DEPTH      MM

DEGREE DAYS
 HEATING
  YESTERDAY       72                        50     22       26
  MONTH TO DATE  444                       393     51      325
  SINCE DEC 1    444                       393     51      325
  SINCE JUL 1   3061                      3490   -429     3097

 COOLING
  YESTERDAY        0                         0      0        0
  MONTH TO DATE    0                         0      0        0
  SINCE DEC 1      0                         0      0        0
  SINCE JAN 1      4                         3      1       25
..................................................................


WIND (MPH)
  HIGHEST WIND SPEED     7   HIGHEST WIND DIRECTION    NE (30)
  HIGHEST GUST SPEED    12   HIGHEST GUST DIRECTION    NW (330)
  AVERAGE WIND SPEED     0.5


SKY COVER
  POSSIBLE SUNSHINE  MM
  AVERAGE SKY COVER 0.0


WEATHER CONDITIONS
 THE FOLLOWING WEATHER WAS RECORDED YESTERDAY.
  NO SIGNIFICANT WEATHER WAS OBSERVED.


RELATIVE HUMIDITY (PERCENT)
 HIGHEST    88          1000 PM
 LOWEST     62           700 AM
 AVERAGE    75

..........................................................


THE STANLEY ID CLIMATE NORMALS FOR TODAY
                         NORMAL    RECORD    YEAR
 MAXIMUM TEMPERATURE (F)   25        48      2015
 MINIMUM TEMPERATURE (F)    5       -39      1972


SUNRISE AND SUNSET
DECEMBER  9 2016......SUNRISE   804 AM MST   SUNSET   501 PM MST
DECEMBER 10 2016......SUNRISE   805 AM MST   SUNSET   501 PM MST


-  INDICATES NEGATIVE NUMBERS.
R  INDICATES RECORD WAS SET OR TIED.
MM INDICATES DATA IS MISSING.
T  INDICATES TRACE AMOUNT.




$$
