000
CDUS45 KPIH 180740
CLISNT


CLIMATE REPORT
NATIONAL WEATHER SERVICE POCATELLO ID
1239 AM MST SUN FEB 18 2018


...................................

...THE STANLEY ID CLIMATE SUMMARY FOR FEBRUARY 17 2018...

CLIMATE NORMAL PERIOD 1981 TO 2010
CLIMATE RECORD PERIOD 1916 TO 2018


WEATHER ITEM   OBSERVED TIME   RECORD YEAR NORMAL DEPARTURE LAST
                VALUE   (LST)  VALUE       VALUE  FROM      YEAR
                                                  NORMAL
..................................................................
TEMPERATURE (F)
 YESTERDAY
  MAXIMUM         37    917 PM  50    1977  34      3       36
  MINIMUM         14    532 AM -32    1921   4     10       16
  AVERAGE         26                        19      7       26

PRECIPITATION (IN)
  YESTERDAY        0.38          0.80 1986   0.05   0.33     0.05
  MONTH TO DATE    0.68                      1.14  -0.46     4.83
  SINCE OCT 1     11.15                      7.51   3.64    16.42
  SINCE JAN 1      2.91                      2.66   0.25     5.09

SNOWFALL (IN)
  YESTERDAY       MM
  MONTH TO DATE   MM
  SINCE DEC 1     MM
  SINCE JUL 1     MM
  SNOW DEPTH      MM

DEGREE DAYS
 HEATING
  YESTERDAY       39                        46     -7       39
  MONTH TO DATE  654                       818   -164      648
  SINCE DEC 1   3395                      3950   -555     4174
  SINCE JUL 1   6036                      7047  -1011     6791

 COOLING
  YESTERDAY        0                         0      0        0
  MONTH TO DATE    0                         0      0        0
  SINCE DEC 1      0                         0      0        0
  SINCE JAN 1      0                         0      0        0
..................................................................


WIND (MPH)
  HIGHEST WIND SPEED    21   HIGHEST WIND DIRECTION     S (170)
  HIGHEST GUST SPEED    35   HIGHEST GUST DIRECTION     S (200)
  AVERAGE WIND SPEED     8.3


SKY COVER
  POSSIBLE SUNSHINE  MM
  AVERAGE SKY COVER 0.0


WEATHER CONDITIONS
 THE FOLLOWING WEATHER WAS RECORDED YESTERDAY.
  NO SIGNIFICANT WEATHER WAS OBSERVED.


RELATIVE HUMIDITY (PERCENT)
 HIGHEST    96           700 PM
 LOWEST     41          1100 AM
 AVERAGE    69

..........................................................


THE STANLEY ID CLIMATE NORMALS FOR TODAY
                         NORMAL    RECORD    YEAR
 MAXIMUM TEMPERATURE (F)   34        52      2015
 MINIMUM TEMPERATURE (F)    4       -31      2006


SUNRISE AND SUNSET
FEBRUARY 18 2018......SUNRISE   734 AM MST   SUNSET   613 PM MST
FEBRUARY 19 2018......SUNRISE   733 AM MST   SUNSET   615 PM MST


-  INDICATES NEGATIVE NUMBERS.
R  INDICATES RECORD WAS SET OR TIED.
MM INDICATES DATA IS MISSING.
T  INDICATES TRACE AMOUNT.




$$
