000
CDUS45 KPIH 200737
CLISNT


CLIMATE REPORT
NATIONAL WEATHER SERVICE POCATELLO ID
1234 AM MST THU NOV 20 2014


...................................

...THE STANLEY ID CLIMATE SUMMARY FOR NOVEMBER 19 2014...

CLIMATE NORMAL PERIOD 1981 TO 2010
CLIMATE RECORD PERIOD 1916 TO 2014


WEATHER ITEM   OBSERVED TIME   RECORD YEAR NORMAL DEPARTURE LAST
                VALUE   (LST)  VALUE       VALUE  FROM      YEAR
                                                  NORMAL
..................................................................
TEMPERATURE (F)
 YESTERDAY
  MAXIMUM         31    336 PM  51    1976  33     -2       39
  MINIMUM          0    354 AM -19    1979  11    -11       31
  AVERAGE         16                        22     -6       35

PRECIPITATION (IN)
  YESTERDAY        0.00          0.61 1926   0.07  -0.07     0.14
  MONTH TO DATE    1.53                      1.56  -0.03     1.25
  SINCE OCT 1      2.84                      3.03  -0.19     1.62
  SINCE JAN 1     18.75                     15.24   3.51    12.12

SNOWFALL (IN)
  YESTERDAY       MM
  MONTH TO DATE   MM
  SINCE SEP 1     MM
  SINCE JUL 1     MM
  SNOW DEPTH      MM

DEGREE DAYS
 HEATING
  YESTERDAY       49                        43      6       30
  MONTH TO DATE  776                       729     47      676
  SINCE SEP 1   1863                      2073   -210     1977
  SINCE JUL 1   2202                      2593   -391     2304

 COOLING
  YESTERDAY        0                         0      0        0
  MONTH TO DATE    0                         0      0        0
  SINCE SEP 1      0                         0      0        0
  SINCE JAN 1     16                         3     13       19
..................................................................


WIND (MPH)
  HIGHEST WIND SPEED     7   HIGHEST WIND DIRECTION     E (80)
  HIGHEST GUST SPEED     8   HIGHEST GUST DIRECTION     E (80)
  AVERAGE WIND SPEED     0.3


SKY COVER
  POSSIBLE SUNSHINE  MM
  AVERAGE SKY COVER 0.0


WEATHER CONDITIONS
 THE FOLLOWING WEATHER WAS RECORDED YESTERDAY.
  NO SIGNIFICANT WEATHER WAS OBSERVED.


RELATIVE HUMIDITY (PERCENT)
 HIGHEST    84           900 PM
 LOWEST     58           400 PM
 AVERAGE    71

..........................................................


THE STANLEY ID CLIMATE NORMALS FOR TODAY
                         NORMAL    RECORD    YEAR
 MAXIMUM TEMPERATURE (F)   32        55      2008
 MINIMUM TEMPERATURE (F)   10       -19      1979


SUNRISE AND SUNSET
NOVEMBER 20 2014......SUNRISE   742 AM MST   SUNSET   509 PM MST
NOVEMBER 21 2014......SUNRISE   743 AM MST   SUNSET   508 PM MST


-  INDICATES NEGATIVE NUMBERS.
R  INDICATES RECORD WAS SET OR TIED.
MM INDICATES DATA IS MISSING.
T  INDICATES TRACE AMOUNT.




$$
