000
CDUS45 KPIH 282324
CLISNT


CLIMATE REPORT
NATIONAL WEATHER SERVICE POCATELLO ID
523 PM MDT WED SEP 28 2016


...................................

...THE STANLEY ID CLIMATE SUMMARY FOR SEPTEMBER 28 2016...
VALID TODAY AS OF 0500 PM LOCAL TIME.

CLIMATE NORMAL PERIOD 1981 TO 2010
CLIMATE RECORD PERIOD 1916 TO 2016


WEATHER ITEM   OBSERVED TIME   RECORD YEAR NORMAL DEPARTURE LAST
                VALUE   (LST)  VALUE       VALUE  FROM      YEAR
                                                  NORMAL
..................................................................
TEMPERATURE (F)
 TODAY
  MAXIMUM         78    320 PM  83    1967  62     16       72
  MINIMUM         30    658 AM   8    1999  26      4       25
  AVERAGE         54                        44     10       49

PRECIPITATION (IN)
  TODAY            0.00          0.70 2014   0.02  -0.02     0.00
  MONTH TO DATE    1.40                      0.87   0.53     2.09
  SINCE OCT 1     18.55                     17.01   1.54    19.32
  SINCE JAN 1     10.98                     12.16  -1.18    12.61

SNOWFALL (IN)
  TODAY           MM
  MONTH TO DATE   MM
  SINCE SEP 1     MM
  SINCE JUL 1     MM
  SNOW DEPTH      MM

DEGREE DAYS
 HEATING
  TODAY           11                        21    -10       16
  MONTH TO DATE  439                       479    -40      417
  SINCE SEP 1    439                       479    -40      417
  SINCE JUL 1    917                       999    -82      832

 COOLING
  TODAY            0                         0      0        0
  MONTH TO DATE    0                         0      0        0
  SINCE SEP 1      0                         0      0        0
  SINCE JAN 1      4                         3      1       25
..................................................................


WIND (MPH)
  HIGHEST WIND SPEED    12   HIGHEST WIND DIRECTION    SE (150)
  HIGHEST GUST SPEED    16   HIGHEST GUST DIRECTION     S (200)
  AVERAGE WIND SPEED     2.0


SKY COVER
  POSSIBLE SUNSHINE  MM
  AVERAGE SKY COVER 0.0


WEATHER CONDITIONS
 THE FOLLOWING WEATHER WAS RECORDED TODAY.
  NO SIGNIFICANT WEATHER WAS OBSERVED.


RELATIVE HUMIDITY (PERCENT)
 HIGHEST    92           600 AM
 LOWEST     18           200 PM
 AVERAGE    55

..........................................................


THE STANLEY ID CLIMATE NORMALS FOR TOMORROW
                         NORMAL    RECORD    YEAR
 MAXIMUM TEMPERATURE (F)   62        82      1967
 MINIMUM TEMPERATURE (F)   26         9      1985


SUNRISE AND SUNSET
SEPTEMBER 28 2016.....SUNRISE   735 AM MDT   SUNSET   725 PM MDT
SEPTEMBER 29 2016.....SUNRISE   736 AM MDT   SUNSET   723 PM MDT


-  INDICATES NEGATIVE NUMBERS.
R  INDICATES RECORD WAS SET OR TIED.
MM INDICATES DATA IS MISSING.
T  INDICATES TRACE AMOUNT.




$$
