000
CDUS45 KCYS 300731
CLISNY


CLIMATE REPORT
NATIONAL WEATHER SERVICE CHEYENNE WY
129 AM MDT TUE JUN 30 2015


...................................

...THE SIDNEY NE AIRPORT CLIMATE SUMMARY FOR JUNE 29 2015...

CLIMATE NORMAL PERIOD 1981 TO 2010
CLIMATE RECORD PERIOD 1948 TO 2015


WEATHER ITEM   OBSERVED TIME   RECORD YEAR NORMAL DEPARTURE LAST
                VALUE   (LST)  VALUE       VALUE  FROM      YEAR
                                                  NORMAL
..................................................................
TEMPERATURE (F)
 YESTERDAY
  MAXIMUM         89    335 PM 106    2012  88      1       89
  MINIMUM         59   1213 AM  44    2008  57      2       49
                                      1983
  AVERAGE         74                        72      2       69

PRECIPITATION (IN)
  YESTERDAY        0.16          0.80 1962   0.09   0.07     0.00
  MONTH TO DATE    1.84                      3.09  -1.25     3.42
  SINCE JAN 1     16.36                      9.85   6.51     8.42

DEGREE DAYS
 HEATING
  YESTERDAY        0                         0      0        0
  MONTH TO DATE    3                        58    -55       55
  SINCE JUN 1      3                        58    -55       55
  SINCE JUL 1   6302                      6220     82     6630

 COOLING
  YESTERDAY        9                         8      1        4
  MONTH TO DATE   98                       129    -31       68
  SINCE JUN 1     98                       129    -31       68
  SINCE JAN 1     98                       151    -53       84
..................................................................


WIND (MPH)
  HIGHEST WIND SPEED    21   HIGHEST WIND DIRECTION     N (340)
  HIGHEST GUST SPEED    27   HIGHEST GUST DIRECTION    NE (60)
  AVERAGE WIND SPEED     6.8


SKY COVER
  AVERAGE SKY COVER 0.0


WEATHER CONDITIONS
 THE FOLLOWING WEATHER WAS RECORDED YESTERDAY.
  THUNDERSTORM
  RAIN
  LIGHT RAIN
  FOG


RELATIVE HUMIDITY (PERCENT)
 HIGHEST    93           900 PM
 LOWEST     29           200 PM
 AVERAGE    61

..........................................................


THE SIDNEY NE AIRPORT CLIMATE NORMALS FOR TODAY
                         NORMAL    RECORD    YEAR
 MAXIMUM TEMPERATURE (F)   88       103      2012
 MINIMUM TEMPERATURE (F)   57        41      1995


SUNRISE AND SUNSET
JUNE 30 2015..........SUNRISE   523 AM MDT   SUNSET   828 PM MDT
JULY  1 2015..........SUNRISE   523 AM MDT   SUNSET   828 PM MDT


-  INDICATES NEGATIVE NUMBERS.
R  INDICATES RECORD WAS SET OR TIED.
MM INDICATES DATA IS MISSING.
T  INDICATES TRACE AMOUNT.




$$
