000
CDUS45 KCYS 260739
CLISNY


CLIMATE REPORT
NATIONAL WEATHER SERVICE CHEYENNE WY
1238 AM MST MON JAN 26 2015


...................................

...THE SIDNEY NE AIRPORT CLIMATE SUMMARY FOR JANUARY 25 2015...

CLIMATE NORMAL PERIOD 1981 TO 2010
CLIMATE RECORD PERIOD 1948 TO 2015


WEATHER ITEM   OBSERVED TIME   RECORD YEAR NORMAL DEPARTURE LAST
                VALUE   (LST)  VALUE       VALUE  FROM      YEAR
                                                  NORMAL
..................................................................
TEMPERATURE (F)
 YESTERDAY
  MAXIMUM         54    300 PM  64    2002  42     12       60
  MINIMUM         31    647 AM -15    1966  17     14       32
  AVERAGE         43                        29     14       46

PRECIPITATION (IN)
  YESTERDAY        0.00          0.48 1976   0.00   0.00     0.00
  MONTH TO DATE    0.03                      0.15  -0.12     0.04
  SINCE JAN 1      0.03                      0.15  -0.12     0.04

DEGREE DAYS
 HEATING
  YESTERDAY       22                        36    -14       19
  MONTH TO DATE  973                       900     73      863
  SINCE DEC 1   2176                      2025    151     2005
  SINCE JUL 1   3666                      3447    219     3497

 COOLING
  YESTERDAY        0                         0      0        0
  MONTH TO DATE    0                         0      0        0
  SINCE DEC 1      0                         0      0        0
  SINCE JAN 1      0                         0      0        0
..................................................................


WIND (MPH)
  HIGHEST WIND SPEED    26   HIGHEST WIND DIRECTION    NW (310)
  HIGHEST GUST SPEED    33   HIGHEST GUST DIRECTION    NW (310)
  AVERAGE WIND SPEED    14.5


SKY COVER
  AVERAGE SKY COVER 0.3


WEATHER CONDITIONS
 THE FOLLOWING WEATHER WAS RECORDED YESTERDAY.
  NO SIGNIFICANT WEATHER WAS OBSERVED.


RELATIVE HUMIDITY (PERCENT)
 HIGHEST    75           800 AM
 LOWEST     41           300 PM
 AVERAGE    58

..........................................................


THE SIDNEY NE AIRPORT CLIMATE NORMALS FOR TODAY
                         NORMAL    RECORD    YEAR
 MAXIMUM TEMPERATURE (F)   42        67      1951
 MINIMUM TEMPERATURE (F)   17       -21      1950


SUNRISE AND SUNSET
JANUARY 26 2015.......SUNRISE   708 AM MST   SUNSET   501 PM MST
JANUARY 27 2015.......SUNRISE   707 AM MST   SUNSET   502 PM MST


-  INDICATES NEGATIVE NUMBERS.
R  INDICATES RECORD WAS SET OR TIED.
MM INDICATES DATA IS MISSING.
T  INDICATES TRACE AMOUNT.




$$
