978
CDUS45 KCYS 310728
CLISNY


CLIMATE REPORT
NATIONAL WEATHER SERVICE CHEYENNE WY
127 AM MDT TUE MAY 31 2016


...................................

...THE SIDNEY NE AIRPORT CLIMATE SUMMARY FOR MAY 30 2016...

CLIMATE NORMAL PERIOD 1981 TO 2010
CLIMATE RECORD PERIOD 1948 TO 2016


WEATHER ITEM   OBSERVED TIME   RECORD YEAR NORMAL DEPARTURE LAST
                VALUE   (LST)  VALUE       VALUE  FROM      YEAR
                                                  NORMAL
..................................................................
TEMPERATURE (F)
 YESTERDAY
  MAXIMUM         80   1245 PM  92    2002  76      4       66
  MINIMUM         51    439 AM  32    1972  48      3       45
  AVERAGE         66                        62      4       56

PRECIPITATION (IN)
  YESTERDAY        0.23          1.10 1979   0.11   0.12     0.00
  MONTH TO DATE    2.21                      2.98  -0.77     7.99
  SINCE JAN 1      6.66                      6.65   0.01    14.52

DEGREE DAYS
 HEATING
  YESTERDAY        0                         5     -5        9
  MONTH TO DATE  329                       246     83      390
  SINCE MAR 1   1633                      1576     57     1566
  SINCE JUL 1   6199                      6158     41     6298

 COOLING
  YESTERDAY        1                         1      0        0
  MONTH TO DATE    4                        21    -17        0
  SINCE MAR 1      4                        22    -18        0
  SINCE JAN 1      4                        22    -18        0
..................................................................


WIND (MPH)
  HIGHEST WIND SPEED    33   HIGHEST WIND DIRECTION    NW (300)
  HIGHEST GUST SPEED    41   HIGHEST GUST DIRECTION    NW (300)
  AVERAGE WIND SPEED    11.3


SKY COVER
  AVERAGE SKY COVER 0.2


WEATHER CONDITIONS
 THE FOLLOWING WEATHER WAS RECORDED YESTERDAY.
  THUNDERSTORM
  RAIN
  LIGHT RAIN


RELATIVE HUMIDITY (PERCENT)
 HIGHEST    89           400 AM
 LOWEST     30          1100 AM
 AVERAGE    60

..........................................................


THE SIDNEY NE AIRPORT CLIMATE NORMALS FOR TODAY
                         NORMAL    RECORD    YEAR
 MAXIMUM TEMPERATURE (F)   76        91      2002
 MINIMUM TEMPERATURE (F)   48        35      1964


SUNRISE AND SUNSET
MAY 31 2016...........SUNRISE   522 AM MDT   SUNSET   818 PM MDT
JUNE  1 2016..........SUNRISE   522 AM MDT   SUNSET   819 PM MDT


-  INDICATES NEGATIVE NUMBERS.
R  INDICATES RECORD WAS SET OR TIED.
MM INDICATES DATA IS MISSING.
T  INDICATES TRACE AMOUNT.




$$
