000
CDUS45 KCYS 020728
CLISNY


CLIMATE REPORT
NATIONAL WEATHER SERVICE CHEYENNE WY
128 AM MDT SUN AUG 2 2015


...................................

...THE SIDNEY NE AIRPORT CLIMATE SUMMARY FOR AUGUST 1 2015...

CLIMATE NORMAL PERIOD 1981 TO 2010
CLIMATE RECORD PERIOD 1948 TO 2015


WEATHER ITEM   OBSERVED TIME   RECORD YEAR NORMAL DEPARTURE LAST
                VALUE   (LST)  VALUE       VALUE  FROM      YEAR
                                                  NORMAL
..................................................................
TEMPERATURE (F)
 YESTERDAY
  MAXIMUM         96    208 PM 102    2004  90      6       90
  MINIMUM         62    419 AM  47    1968  61      1       49
  AVERAGE         79                        75      4       70

PRECIPITATION (IN)
  YESTERDAY        0.00          0.73 1975   0.09  -0.09     0.00
  MONTH TO DATE    0.00                      0.09  -0.09     0.00
  SINCE JAN 1     18.73                     12.99   5.74     8.77

DEGREE DAYS
 HEATING
  YESTERDAY        0                         0      0        0
  MONTH TO DATE    0                         0      0        0
  SINCE JUN 1      7                        62    -55       64
  SINCE JUL 1      7                         3      4        9

 COOLING
  YESTERDAY       14                        10      4        5
  MONTH TO DATE   14                        10      4        5
  SINCE JUN 1    363                       466   -103      332
  SINCE JAN 1    363                       488   -125      348
..................................................................


WIND (MPH)
  HIGHEST WIND SPEED    36   HIGHEST WIND DIRECTION     E (100)
  HIGHEST GUST SPEED    46   HIGHEST GUST DIRECTION     E (90)
  AVERAGE WIND SPEED    15.1


SKY COVER
  AVERAGE SKY COVER 0.1


WEATHER CONDITIONS
 THE FOLLOWING WEATHER WAS RECORDED YESTERDAY.
  THUNDERSTORM


RELATIVE HUMIDITY (PERCENT)
 HIGHEST    78          1200 AM
 LOWEST     19           200 PM
 AVERAGE    49

..........................................................


THE SIDNEY NE AIRPORT CLIMATE NORMALS FOR TODAY
                         NORMAL    RECORD    YEAR
 MAXIMUM TEMPERATURE (F)   90       103      2008
 MINIMUM TEMPERATURE (F)   61        44      1949


SUNRISE AND SUNSET
AUGUST  2 2015........SUNRISE   548 AM MDT   SUNSET   807 PM MDT
AUGUST  3 2015........SUNRISE   549 AM MDT   SUNSET   806 PM MDT


-  INDICATES NEGATIVE NUMBERS.
R  INDICATES RECORD WAS SET OR TIED.
MM INDICATES DATA IS MISSING.
T  INDICATES TRACE AMOUNT.




$$
