000
CDUS45 KPUB 211030
CLISPD


CLIMATE REPORT
NATIONAL WEATHER SERVICE PUEBLO
430 AM MDT SUN SEP 21 2014


...................................

...THE SPRINGFIELD CO CLIMATE SUMMARY FOR SEPTEMBER 20 2014...

CLIMATE NORMAL PERIOD 1981 TO 2010
CLIMATE RECORD PERIOD 9999 TO 9999


WEATHER ITEM   OBSERVED TIME   NORMAL DEPARTURE LAST
                VALUE   (LST)  VALUE  FROM      YEAR
                                      NORMAL
......................................................
TEMPERATURE (F)
 YESTERDAY
  MAXIMUM         89    236 PM  79     10       71
  MINIMUM         58    604 AM  50      8       53
  AVERAGE         74                            62

PRECIPITATION (IN)
  YESTERDAY        0.00          0.04  -0.04     0.13
  MONTH TO DATE    1.21          0.95   0.26     3.41
  SINCE SEP 1      1.21          0.95   0.26     3.41
  SINCE JAN 1     11.85         14.69  -2.84    13.15

DEGREE DAYS
 HEATING
  YESTERDAY        0             3     -3        3
  MONTH TO DATE   56            34     22        4
  SINCE SEP 1     56            34     22        4
  SINCE JUL 1     62            41     21        5

 COOLING
  YESTERDAY        9             3      6        0
  MONTH TO DATE   95            96     -1      176
  SINCE SEP 1     95            96     -1      176
  SINCE JAN 1   1010           997     13     1340
......................................................


WIND (MPH)
  HIGHEST WIND SPEED    23   HIGHEST WIND DIRECTION     N (350)
  HIGHEST GUST SPEED    28   HIGHEST GUST DIRECTION     N (350)
  AVERAGE WIND SPEED    11.1


SKY COVER
  POSSIBLE SUNSHINE  MM



RELATIVE HUMIDITY (PERCENT)
 HIGHEST   100           200 AM
 LOWEST     28           200 PM
 AVERAGE    64

..........................................................


THE SPRINGFIELD CO CLIMATE NORMALS FOR TODAY
                         NORMAL    RECORD    YEAR
 MAXIMUM TEMPERATURE (F)   79        MM        MM
 MINIMUM TEMPERATURE (F)   49        MM        MM


SUNRISE AND SUNSET
SEPTEMBER 21 2014.....SUNRISE   637 AM MDT   SUNSET   649 PM MDT
SEPTEMBER 22 2014.....SUNRISE   638 AM MDT   SUNSET   647 PM MDT


-  INDICATES NEGATIVE NUMBERS.
R  INDICATES RECORD WAS SET OR TIED.
MM INDICATES DATA IS MISSING.
T  INDICATES TRACE AMOUNT.




$$
