000
CDUS45 KPUB 181035
CLISPD


CLIMATE REPORT
NATIONAL WEATHER SERVICE PUEBLO
435 AM MDT FRI APR 18 2014


...................................

...THE SPRINGFIELD CO CLIMATE SUMMARY FOR APRIL 17 2014...

CLIMATE NORMAL PERIOD 1981 TO 2010
CLIMATE RECORD PERIOD 9999 TO 9999


WEATHER ITEM   OBSERVED TIME   NORMAL DEPARTURE LAST
                VALUE   (LST)  VALUE  FROM      YEAR
                                      NORMAL
......................................................
TEMPERATURE (F)
 YESTERDAY
  MAXIMUM         51    410 PM  67    -16       37
  MINIMUM         35   1150 PM  37     -2       23
  AVERAGE         43                            30

PRECIPITATION (IN)
  YESTERDAY        0.10          0.05   0.05     0.14
  MONTH TO DATE    0.60          0.70  -0.10     0.18
  SINCE MAR 1      0.97          1.83  -0.86     0.35
  SINCE JAN 1      1.30          2.64  -1.34     0.48

DEGREE DAYS
 HEATING
  YESTERDAY       22            13      9       35
  MONTH TO DATE  303           262     41      342
  SINCE MAR 1   1015           949     66     1023
  SINCE JUL 1   5012          4955     57     4800

 COOLING
  YESTERDAY        0             0      0        0
  MONTH TO DATE    3             0      3        0
  SINCE MAR 1      3             0      3        0
  SINCE JAN 1      3             0      3        0
......................................................


WIND (MPH)
  HIGHEST WIND SPEED    20   HIGHEST WIND DIRECTION    SE (150)
  HIGHEST GUST SPEED    24   HIGHEST GUST DIRECTION    SE (140)
  AVERAGE WIND SPEED    11.5


SKY COVER
  POSSIBLE SUNSHINE  MM



RELATIVE HUMIDITY (PERCENT)
 HIGHEST   100           600 AM
 LOWEST     61           400 PM
 AVERAGE    81

..........................................................


THE SPRINGFIELD CO CLIMATE NORMALS FOR TODAY
                         NORMAL    RECORD    YEAR
 MAXIMUM TEMPERATURE (F)   68        MM        MM
 MINIMUM TEMPERATURE (F)   37        MM        MM


SUNRISE AND SUNSET
APRIL 18 2014.........SUNRISE   612 AM MDT   SUNSET   728 PM MDT
APRIL 19 2014.........SUNRISE   610 AM MDT   SUNSET   729 PM MDT


-  INDICATES NEGATIVE NUMBERS.
R  INDICATES RECORD WAS SET OR TIED.
MM INDICATES DATA IS MISSING.
T  INDICATES TRACE AMOUNT.




$$
