000
CDUS45 KPUB 241034
CLISPD


CLIMATE REPORT
NATIONAL WEATHER SERVICE PUEBLO
434 AM MDT FRI OCT 24 2014


...................................

...THE SPRINGFIELD CO CLIMATE SUMMARY FOR OCTOBER 23 2014...

CLIMATE NORMAL PERIOD 1981 TO 2010
CLIMATE RECORD PERIOD 9999 TO 9999


WEATHER ITEM   OBSERVED TIME   NORMAL DEPARTURE LAST
                VALUE   (LST)  VALUE  FROM      YEAR
                                      NORMAL
......................................................
TEMPERATURE (F)
 YESTERDAY
  MAXIMUM         75    302 PM  67      8       74
  MINIMUM         44    539 AM  36      8       35
  AVERAGE         60                            55

PRECIPITATION (IN)
  YESTERDAY        0.00          0.04  -0.04     0.00
  MONTH TO DATE    1.06          1.06   0.00     0.21
  SINCE SEP 1      2.31          2.39  -0.08     3.71
  SINCE JAN 1     12.95         16.13  -3.18    13.45

DEGREE DAYS
 HEATING
  YESTERDAY        5            14     -9       10
  MONTH TO DATE  198           230    -32      271
  SINCE SEP 1    261           313    -52      298
  SINCE JUL 1    267           320    -53      299

 COOLING
  YESTERDAY        0             0      0        0
  MONTH TO DATE    0             9     -9        2
  SINCE SEP 1    125           125      0      194
  SINCE JAN 1   1040          1026     14     1358
......................................................


WIND (MPH)
  HIGHEST WIND SPEED    15   HIGHEST WIND DIRECTION    NW (330)
  HIGHEST GUST SPEED    18   HIGHEST GUST DIRECTION    NW (320)
  AVERAGE WIND SPEED     6.0


SKY COVER
  POSSIBLE SUNSHINE  MM



RELATIVE HUMIDITY (PERCENT)
 HIGHEST    93           100 AM
 LOWEST     38           300 PM
 AVERAGE    66

..........................................................


THE SPRINGFIELD CO CLIMATE NORMALS FOR TODAY
                         NORMAL    RECORD    YEAR
 MAXIMUM TEMPERATURE (F)   66        MM        MM
 MINIMUM TEMPERATURE (F)   35        MM        MM


SUNRISE AND SUNSET
OCTOBER 24 2014.......SUNRISE   707 AM MDT   SUNSET   602 PM MDT
OCTOBER 25 2014.......SUNRISE   708 AM MDT   SUNSET   601 PM MDT


-  INDICATES NEGATIVE NUMBERS.
R  INDICATES RECORD WAS SET OR TIED.
MM INDICATES DATA IS MISSING.
T  INDICATES TRACE AMOUNT.




$$
