000
CDUS45 KPUB 201047
CLISPD


CLIMATE REPORT
NATIONAL WEATHER SERVICE PUEBLO
447 AM MDT WED AUG 20 2014


...................................

...THE SPRINGFIELD CO CLIMATE SUMMARY FOR AUGUST 19 2014...

CLIMATE NORMAL PERIOD 1981 TO 2010
CLIMATE RECORD PERIOD 9999 TO 9999


WEATHER ITEM   OBSERVED TIME   NORMAL DEPARTURE LAST
                VALUE   (LST)  VALUE  FROM      YEAR
                                      NORMAL
......................................................
TEMPERATURE (F)
 YESTERDAY
  MAXIMUM         96    150 PM  88      8       92
  MINIMUM         63    505 AM  61      2       62
  AVERAGE         80                            77

PRECIPITATION (IN)
  YESTERDAY        0.00          0.11  -0.11     0.00
  MONTH TO DATE    0.44          1.85  -1.41     2.29
  SINCE JUN 1      5.96          7.18  -1.22     7.76
  SINCE JAN 1      9.85         12.75  -2.90     9.74

DEGREE DAYS
 HEATING
  YESTERDAY        0             0      0        0
  MONTH TO DATE    0             0      0        1
  SINCE JUN 1     28            23      5       20
  SINCE JUL 1      6             2      4        1

 COOLING
  YESTERDAY       15             9      6       12
  MONTH TO DATE  200           194      6      161
  SINCE JUN 1    737           751    -14      871
  SINCE JAN 1    795           805    -10      988
......................................................


WIND (MPH)
  HIGHEST WIND SPEED    24   HIGHEST WIND DIRECTION     S (170)
  HIGHEST GUST SPEED    34   HIGHEST GUST DIRECTION     S (170)
  AVERAGE WIND SPEED    14.9


SKY COVER
  POSSIBLE SUNSHINE  MM



RELATIVE HUMIDITY (PERCENT)
 HIGHEST    57          1100 PM
 LOWEST     16           300 PM
 AVERAGE    37

..........................................................


THE SPRINGFIELD CO CLIMATE NORMALS FOR TODAY
                         NORMAL    RECORD    YEAR
 MAXIMUM TEMPERATURE (F)   87        MM        MM
 MINIMUM TEMPERATURE (F)   60        MM        MM


SUNRISE AND SUNSET
AUGUST 20 2014........SUNRISE   611 AM MDT   SUNSET   736 PM MDT
AUGUST 21 2014........SUNRISE   612 AM MDT   SUNSET   735 PM MDT


-  INDICATES NEGATIVE NUMBERS.
R  INDICATES RECORD WAS SET OR TIED.
MM INDICATES DATA IS MISSING.
T  INDICATES TRACE AMOUNT.




$$
