000
CDUS45 KPUB 201127
CLISPD


CLIMATE REPORT
NATIONAL WEATHER SERVICE PUEBLO
426 AM MST SAT DEC 20 2014


...................................

...THE SPRINGFIELD CO CLIMATE SUMMARY FOR DECEMBER 19 2014...

CLIMATE NORMAL PERIOD 1981 TO 2010
CLIMATE RECORD PERIOD 9999 TO 9999


WEATHER ITEM   OBSERVED TIME   NORMAL DEPARTURE LAST
                VALUE   (LST)  VALUE  FROM      YEAR
                                      NORMAL
......................................................
TEMPERATURE (F)
 YESTERDAY
  MAXIMUM         49    240 PM  45      4       66
  MINIMUM         22    617 AM  18      4       25
  AVERAGE         36                            46

PRECIPITATION (IN)
  YESTERDAY        0.00          0.01  -0.01     0.00
  MONTH TO DATE    0.55          0.35   0.20     0.00
  SINCE DEC 1      0.55          0.35   0.20     0.00
  SINCE JAN 1     13.91         17.39  -3.48    14.25

DEGREE DAYS
 HEATING
  YESTERDAY       29            33     -4       19
  MONTH TO DATE  514           606    -92      628
  SINCE DEC 1    514           606    -92      628
  SINCE JUL 1   1646          1752   -106     1740

 COOLING
  YESTERDAY        0             0      0        0
  MONTH TO DATE    0             0      0        0
  SINCE DEC 1      0             0      0        0
  SINCE JAN 1   1042          1028     14     1358
......................................................


WIND (MPH)
  HIGHEST WIND SPEED    14   HIGHEST WIND DIRECTION    NW (310)
  HIGHEST GUST SPEED    16   HIGHEST GUST DIRECTION    NW (310)
  AVERAGE WIND SPEED     5.5


SKY COVER
  POSSIBLE SUNSHINE  MM



RELATIVE HUMIDITY (PERCENT)
 HIGHEST    92          1200 AM
 LOWEST     42          1200 PM
 AVERAGE    67

..........................................................


THE SPRINGFIELD CO CLIMATE NORMALS FOR TODAY
                         NORMAL    RECORD    YEAR
 MAXIMUM TEMPERATURE (F)   45        MM        MM
 MINIMUM TEMPERATURE (F)   18        MM        MM


SUNRISE AND SUNSET
DECEMBER 20 2014......SUNRISE   700 AM MST   SUNSET   436 PM MST
DECEMBER 21 2014......SUNRISE   701 AM MST   SUNSET   436 PM MST


-  INDICATES NEGATIVE NUMBERS.
R  INDICATES RECORD WAS SET OR TIED.
MM INDICATES DATA IS MISSING.
T  INDICATES TRACE AMOUNT.




$$
