000
CDUS43 KILX 282149
CLISPI


CLIMATE REPORT
NATIONAL WEATHER SERVICE LINCOLN IL
448 PM CDT FRI APR 28 2017


...................................

...THE SPRINGFIELD IL CLIMATE SUMMARY FOR APRIL 28 2017...
VALID TODAY AS OF 0400 PM LOCAL TIME.

CLIMATE NORMAL PERIOD 1981 TO 2010
CLIMATE RECORD PERIOD 1879 TO 2017


WEATHER ITEM   OBSERVED TIME   RECORD YEAR NORMAL DEPARTURE LAST
                VALUE   (LST)  VALUE       VALUE  FROM      YEAR
                                                  NORMAL
..................................................................
TEMPERATURE (F)
 TODAY
  MAXIMUM         59    156 PM  87    1951  69    -10       68
  MINIMUM         50    450 AM  31    1992  47      3       51
  AVERAGE         55                        58     -3       60

PRECIPITATION (IN)
  TODAY            0.06          1.51 1956   0.13  -0.07     0.01
  MONTH TO DATE    3.80                      3.25   0.55     2.16
  SINCE MAR 1      8.06                      5.88   2.18     7.75
  SINCE JAN 1      9.53                      9.51   0.02    10.08

SNOWFALL (IN)
  TODAY            0.0           T    2008   0.0    0.0      0.0
                                      1950
  MONTH TO DATE    0.0                       0.3   -0.3      0.0
  SINCE MAR 1      4.6                       2.8    1.8      0.1
  SINCE JUL 1     10.3                      20.9  -10.6     15.7
  SNOW DEPTH       0

DEGREE DAYS
 HEATING
  TODAY           10                         8      2        5
  MONTH TO DATE  183                       350   -167      293
  SINCE MAR 1    780                      1061   -281      757
  SINCE JUL 1   4035                      5332  -1297     4183

 COOLING
  TODAY            0                         1     -1        0
  MONTH TO DATE   37                        17     20       20
  SINCE MAR 1     37                        19     18       20
  SINCE JAN 1     37                        19     18       20
..................................................................


WIND (MPH)
  HIGHEST WIND SPEED    16   HIGHEST WIND DIRECTION    SE (150)
  HIGHEST GUST SPEED    21   HIGHEST GUST DIRECTION    SE (150)
  AVERAGE WIND SPEED     9.6


SKY COVER
  POSSIBLE SUNSHINE  MM
  AVERAGE SKY COVER 0.7


WEATHER CONDITIONS
 THE FOLLOWING WEATHER WAS RECORDED TODAY.
  LIGHT RAIN
  FOG


RELATIVE HUMIDITY (PERCENT)
 HIGHEST    93           200 PM
 LOWEST     83          1200 AM
 AVERAGE    88

..........................................................


THE SPRINGFIELD IL CLIMATE NORMALS FOR TOMORROW
                         NORMAL    RECORD    YEAR
 MAXIMUM TEMPERATURE (F)   70        89      1910
 MINIMUM TEMPERATURE (F)   47        32      1958
                                             1883


SUNRISE AND SUNSET
APRIL 28 2017.........SUNRISE   603 AM CDT   SUNSET   750 PM CDT
APRIL 29 2017.........SUNRISE   601 AM CDT   SUNSET   751 PM CDT


-  INDICATES NEGATIVE NUMBERS.
R  INDICATES RECORD WAS SET OR TIED.
MM INDICATES DATA IS MISSING.
T  INDICATES TRACE AMOUNT.




$$
