000
CDUS43 KILX 240702
CLISPI


CLIMATE REPORT
NATIONAL WEATHER SERVICE LINCOLN IL
102 AM CST WED JAN 24 2018


...................................

...THE SPRINGFIELD IL CLIMATE SUMMARY FOR JANUARY 23 2018...

CLIMATE NORMAL PERIOD 1981 TO 2010
CLIMATE RECORD PERIOD 1879 TO 2018


WEATHER ITEM   OBSERVED TIME   RECORD YEAR NORMAL DEPARTURE LAST
                VALUE   (LST)  VALUE       VALUE  FROM      YEAR
                                                  NORMAL
..................................................................
TEMPERATURE (F)
 YESTERDAY
  MAXIMUM         37    738 AM  73    1909  35      2       44
  MINIMUM         30   1159 PM -16    1936  19     11       39
  AVERAGE         34                        27      7       42

PRECIPITATION (IN)
  YESTERDAY        0.02          1.16 1950   0.05  -0.03      T
  MONTH TO DATE    0.53                      1.39  -0.86     1.02
  SINCE DEC 1      0.90                      3.91  -3.01     1.93
  SINCE JAN 1      0.53                      1.39  -0.86     1.02

SNOWFALL (IN)
  YESTERDAY        T             3.0  1894   0.2   -0.2      0.0
  MONTH TO DATE    1.6                       4.7   -3.1      0.9
  SINCE DEC 1      5.7                      10.3   -4.6      3.6
  SINCE JUL 1      5.7                      10.9   -5.2      3.6
  SNOW DEPTH       0

DEGREE DAYS
 HEATING
  YESTERDAY       31                        38     -7       23
  MONTH TO DATE  969                       881     88      714
  SINCE DEC 1   2028                      1953     75     1762
  SINCE JUL 1   2893                      3021   -128     2413

 COOLING
  YESTERDAY        0                         0      0        0
  MONTH TO DATE    0                         0      0        0
  SINCE DEC 1      0                         0      0        0
  SINCE JAN 1      0                         0      0        0
..................................................................


WIND (MPH)
  HIGHEST WIND SPEED    24   HIGHEST WIND DIRECTION    NW (310)
  HIGHEST GUST SPEED    33   HIGHEST GUST DIRECTION    NW (310)
  AVERAGE WIND SPEED    13.6


SKY COVER
  POSSIBLE SUNSHINE  MM
  AVERAGE SKY COVER 1.0


WEATHER CONDITIONS
 THE FOLLOWING WEATHER WAS RECORDED YESTERDAY.
  SNOW
  LIGHT SNOW
  FOG
  HAZE


RELATIVE HUMIDITY (PERCENT)
 HIGHEST   100           100 AM
 LOWEST     72           600 PM
 AVERAGE    86

..........................................................


THE SPRINGFIELD IL CLIMATE NORMALS FOR TODAY
                         NORMAL    RECORD    YEAR
 MAXIMUM TEMPERATURE (F)   35        71      1950
 MINIMUM TEMPERATURE (F)   19       -13      1894


SUNRISE AND SUNSET
JANUARY 24 2018.......SUNRISE   713 AM CST   SUNSET   509 PM CST
JANUARY 25 2018.......SUNRISE   713 AM CST   SUNSET   510 PM CST


-  INDICATES NEGATIVE NUMBERS.
R  INDICATES RECORD WAS SET OR TIED.
MM INDICATES DATA IS MISSING.
T  INDICATES TRACE AMOUNT.




$$
