000
CDUS43 KILX 190644
CLISPI


CLIMATE REPORT
NATIONAL WEATHER SERVICE LINCOLN IL
1233 AM CST FRI DEC 19 2014


...................................

...THE SPRINGFIELD IL CLIMATE SUMMARY FOR DECEMBER 18 2014...

CLIMATE NORMAL PERIOD 1981 TO 2010
CLIMATE RECORD PERIOD 1879 TO 2014


WEATHER ITEM   OBSERVED TIME   RECORD YEAR NORMAL DEPARTURE LAST
                VALUE   (LST)  VALUE       VALUE  FROM      YEAR
                                                  NORMAL
..................................................................
TEMPERATURE (F)
 YESTERDAY
  MAXIMUM         32    259 PM  64    1962  37     -5       40
  MINIMUM         20    344 AM -11    1983  22     -2        6
  AVERAGE         26                        29     -3       23

PRECIPITATION (IN)
  YESTERDAY        0.06          2.55 1895   0.07  -0.01     0.00
  MONTH TO DATE    1.11                      1.58  -0.47     0.91
  SINCE DEC 1      1.11                      1.58  -0.47     0.91
  SINCE JAN 1     44.60                     36.49   8.11    37.66

SNOWFALL (IN)
  YESTERDAY        0.5           3.7  1973   0.2    0.3      0.0
  MONTH TO DATE    0.5                       2.8   -2.3      8.2
  SINCE DEC 1      0.5                       2.8   -2.3      8.2
  SINCE JUL 1      4.2                       3.4    0.8      8.9
  SNOW DEPTH       0

DEGREE DAYS
 HEATING
  YESTERDAY       39                        36      3       42
  MONTH TO DATE  550                       593    -43      695
  SINCE DEC 1    550                       593    -43      695
  SINCE JUL 1   1786                      1661    125     1877

 COOLING
  YESTERDAY        0                         0      0        0
  MONTH TO DATE    0                         0      0        0
  SINCE DEC 1      0                         0      0        0
  SINCE JAN 1   1162                      1122     40     1145
..................................................................


WIND (MPH)
  HIGHEST WIND SPEED     7   HIGHEST WIND DIRECTION     N (20)
  HIGHEST GUST SPEED    10   HIGHEST GUST DIRECTION    NW (310)
  AVERAGE WIND SPEED     2.1


SKY COVER
  POSSIBLE SUNSHINE  MM
  AVERAGE SKY COVER 0.8


WEATHER CONDITIONS
 THE FOLLOWING WEATHER WAS RECORDED YESTERDAY.
  LIGHT SNOW
  FOG
  HAZE


RELATIVE HUMIDITY (PERCENT)
 HIGHEST    88          1200 AM
 LOWEST     72           300 PM
 AVERAGE    80

..........................................................


THE SPRINGFIELD IL CLIMATE NORMALS FOR TODAY
                         NORMAL    RECORD    YEAR
 MAXIMUM TEMPERATURE (F)   37        60      1997
                                             1957
 MINIMUM TEMPERATURE (F)   21       -15      1981


SUNRISE AND SUNSET
DECEMBER 19 2014......SUNRISE   715 AM CST   SUNSET   436 PM CST
DECEMBER 20 2014......SUNRISE   716 AM CST   SUNSET   437 PM CST


-  INDICATES NEGATIVE NUMBERS.
R  INDICATES RECORD WAS SET OR TIED.
MM INDICATES DATA IS MISSING.
T  INDICATES TRACE AMOUNT.




$$
