000
CDUS43 KILX 182246
CLISPI


CLIMATE REPORT
NATIONAL WEATHER SERVICE LINCOLN IL
435 PM CST SAT NOV 18 2017


...................................

...THE SPRINGFIELD IL CLIMATE SUMMARY FOR NOVEMBER 18 2017...
VALID TODAY AS OF 0400 PM LOCAL TIME.

CLIMATE NORMAL PERIOD 1981 TO 2010
CLIMATE RECORD PERIOD 1879 TO 2017


WEATHER ITEM   OBSERVED TIME   RECORD YEAR NORMAL DEPARTURE LAST
                VALUE   (LST)  VALUE       VALUE  FROM      YEAR
                                                  NORMAL
..................................................................
TEMPERATURE (F)
 TODAY
  MAXIMUM         61    730 AM  73    1999  51     10       67
                                      1934
  MINIMUM         36    131 PM   9    1880  33      3       42
  AVERAGE         49                        42      7       55

PRECIPITATION (IN)
  TODAY            0.16          2.70 1881   0.11   0.05     0.01
  MONTH TO DATE    0.71                      1.90  -1.19     0.69
  SINCE SEP 1      5.96                      7.95  -1.99     4.56
  SINCE JAN 1     31.00                     33.60  -2.60    40.41

SNOWFALL (IN)
  TODAY           MM             1.4  1955   0.0   MM        0.0
  MONTH TO DATE    0.0                       0.2   -0.2      0.0
  SINCE SEP 1      T                         0.2   -0.2      0.0
  SINCE JUL 1      T                         0.2   -0.2      0.0
  SNOW DEPTH       0

DEGREE DAYS
 HEATING
  TODAY           16                        23     -7       10
  MONTH TO DATE  356                       342     14      201
  SINCE SEP 1    617                       747   -130      374
  SINCE JUL 1    617                       752   -135      375

 COOLING
  TODAY            0                         0      0        0
  MONTH TO DATE    0                         0      0       18
  SINCE SEP 1    289                       151    138      350
  SINCE JAN 1   1401                      1121    280     1626
..................................................................


WIND (MPH)
  HIGHEST WIND SPEED    30   HIGHEST WIND DIRECTION     N (340)
  HIGHEST GUST SPEED    38   HIGHEST GUST DIRECTION    NW (330)
  AVERAGE WIND SPEED    14.3


SKY COVER
  POSSIBLE SUNSHINE  MM
  AVERAGE SKY COVER 0.9


WEATHER CONDITIONS
 THE FOLLOWING WEATHER WAS RECORDED TODAY.
  THUNDERSTORM
  LIGHT RAIN
  LIGHT SNOW
  FOG


RELATIVE HUMIDITY (PERCENT)
 HIGHEST    93           800 AM
 LOWEST     80           100 AM
 AVERAGE    87

..........................................................


THE SPRINGFIELD IL CLIMATE NORMALS FOR TOMORROW
                         NORMAL    RECORD    YEAR
 MAXIMUM TEMPERATURE (F)   51        77      1930
 MINIMUM TEMPERATURE (F)   33         7      1880


SUNRISE AND SUNSET
NOVEMBER 18 2017......SUNRISE   647 AM CST   SUNSET   440 PM CST
NOVEMBER 19 2017......SUNRISE   648 AM CST   SUNSET   440 PM CST


-  INDICATES NEGATIVE NUMBERS.
R  INDICATES RECORD WAS SET OR TIED.
MM INDICATES DATA IS MISSING.
T  INDICATES TRACE AMOUNT.




$$
