000
CDUS43 KILX 282229
CLISPI


CLIMATE REPORT
NATIONAL WEATHER SERVICE LINCOLN IL
429 PM CST WED JAN 28 2015


...................................

...THE SPRINGFIELD IL CLIMATE SUMMARY FOR JANUARY 28 2015...
VALID TODAY AS OF 0400 PM LOCAL TIME.

CLIMATE NORMAL PERIOD 1981 TO 2010
CLIMATE RECORD PERIOD 1879 TO 2015


WEATHER ITEM   OBSERVED TIME   RECORD YEAR NORMAL DEPARTURE LAST
                VALUE   (LST)  VALUE       VALUE  FROM      YEAR
                                                  NORMAL
..................................................................
TEMPERATURE (F)
 TODAY
  MAXIMUM         43    251 PM  67    1970  35      8       17
  MINIMUM         24    307 AM -17    1963  19      5       -6
  AVERAGE         34                        27      7        6

PRECIPITATION (IN)
  TODAY            0.00          1.15 1909   0.06  -0.06     0.00
  MONTH TO DATE    1.18                      1.66  -0.48     2.11
  SINCE DEC 1      3.13                      4.18  -1.05     3.71
  SINCE JAN 1      1.18                      1.66  -0.48     2.11

SNOWFALL (IN)
  TODAY            0.0           3.0  1974   0.2   -0.2      0.0
  MONTH TO DATE    3.4                       5.8   -2.4     15.9
  SINCE DEC 1      3.9                      11.4   -7.5     24.1
  SINCE JUL 1      7.6                      12.0   -4.4     24.8
  SNOW DEPTH       0

DEGREE DAYS
 HEATING
  TODAY           31                        38     -7       59
  MONTH TO DATE 1065                      1071     -6     1231
  SINCE DEC 1   2001                      2143   -142     2395
  SINCE JUL 1   3237                      3211     26     3577

 COOLING
  TODAY            0                         0      0        0
  MONTH TO DATE    0                         0      0        0
  SINCE DEC 1      0                         0      0        0
  SINCE JAN 1      0                         0      0        0
..................................................................


WIND (MPH)
  HIGHEST WIND SPEED    26   HIGHEST WIND DIRECTION    SE (150)
  HIGHEST GUST SPEED    33   HIGHEST GUST DIRECTION     S (160)
  AVERAGE WIND SPEED    13.0


SKY COVER
  POSSIBLE SUNSHINE  MM
  AVERAGE SKY COVER 0.0


WEATHER CONDITIONS
 THE FOLLOWING WEATHER WAS RECORDED TODAY.
  NO SIGNIFICANT WEATHER WAS OBSERVED.


RELATIVE HUMIDITY (PERCENT)
 HIGHEST    88           300 AM
 LOWEST     62           200 PM
 AVERAGE    75

..........................................................


THE SPRINGFIELD IL CLIMATE NORMALS FOR TOMORROW
                         NORMAL    RECORD    YEAR
 MAXIMUM TEMPERATURE (F)   36        64      2013
                                             2008
 MINIMUM TEMPERATURE (F)   19       -11      1966


SUNRISE AND SUNSET
JANUARY 28 2015.......SUNRISE   711 AM CST   SUNSET   513 PM CST
JANUARY 29 2015.......SUNRISE   710 AM CST   SUNSET   514 PM CST


-  INDICATES NEGATIVE NUMBERS.
R  INDICATES RECORD WAS SET OR TIED.
MM INDICATES DATA IS MISSING.
T  INDICATES TRACE AMOUNT.




$$
