000
CDUS44 KOUN 252210 RRA
CLISPS

CLIMATE REPORT
NATIONAL WEATHER SERVICE NORMAN OK
510 PM CDT TUE JUL 25 2017


...................................

...THE WICHITA FALLS CLIMATE SUMMARY FOR JULY 25 2017...
VALID TODAY AS OF 0500 PM LOCAL TIME.

CLIMATE NORMAL PERIOD 1981 TO 2010
CLIMATE RECORD PERIOD 1897 TO 2017


WEATHER ITEM   OBSERVED TIME   RECORD YEAR NORMAL DEPARTURE LAST
                VALUE   (LST)  VALUE       VALUE  FROM      YEAR
                                                  NORMAL
..................................................................
TEMPERATURE (F)
 TODAY
  MAXIMUM         99    239 PM 111    1964  98      1      101
  MINIMUM         72    526 AM  64    2004  73     -1       75
  AVERAGE         86                        85      1       88

PRECIPITATION (IN)
  TODAY            0.00          1.32 1926   0.05  -0.05     0.00
  MONTH TO DATE    3.14                      1.29   1.85     1.72
  SINCE JUN 1      5.60                      5.44   0.16     5.01
  SINCE JAN 1     15.92                     16.93  -1.01    21.50

SNOWFALL (IN)
  TODAY            0.0

DEGREE DAYS
 HEATING
  TODAY            0                         0      0        0
  MONTH TO DATE    0                         0      0        0
  SINCE JUN 1      0                         1     -1        0
  SINCE JUL 1      0                         0      0        0

 COOLING
  TODAY           21                        20      1       23
  MONTH TO DATE  473                       480     -7      517
  SINCE JUN 1    888                       916    -28      981
  SINCE JAN 1   1237                      1235      2     1234
..................................................................


WIND (MPH)
  HIGHEST WIND SPEED    21   HIGHEST WIND DIRECTION     E (100)
  HIGHEST GUST SPEED    24   HIGHEST GUST DIRECTION     E (110)
  AVERAGE WIND SPEED     7.1


SKY COVER
  AVERAGE SKY COVER 0.0


WEATHER CONDITIONS
 THE FOLLOWING WEATHER WAS RECORDED TODAY.
  NO SIGNIFICANT WEATHER WAS OBSERVED.


RELATIVE HUMIDITY (PERCENT)
 HIGHEST    93           300 AM
 LOWEST     38           200 PM
 AVERAGE    66

..........................................................


THE WICHITA FALLS CLIMATE NORMALS FOR TOMORROW
                         NORMAL    RECORD    YEAR
 MAXIMUM TEMPERATURE (F)   98       109      2011
                                             1964
 MINIMUM TEMPERATURE (F)   73        63      2004


SUNRISE AND SUNSET
JULY 25 2017..........SUNRISE   641 AM CDT   SUNSET   840 PM CDT
JULY 26 2017..........SUNRISE   641 AM CDT   SUNSET   839 PM CDT


-  INDICATES NEGATIVE NUMBERS.
R  INDICATES RECORD WAS SET OR TIED.
MM INDICATES DATA IS MISSING.
T  INDICATES TRACE AMOUNT.

$$
