049
CDUS44 KOUN 270700 RRA
CLISPS

CLIMATE REPORT
NATIONAL WEATHER SERVICE NORMAN OK
157 AM CDT FRI MAY 27 2016


...................................

...THE WICHITA FALLS CLIMATE SUMMARY FOR MAY 26 2016...

CLIMATE NORMAL PERIOD 1981 TO 2010
CLIMATE RECORD PERIOD 1897 TO 2016


WEATHER ITEM   OBSERVED TIME   RECORD YEAR NORMAL DEPARTURE LAST
                VALUE   (LST)  VALUE       VALUE  FROM      YEAR
                                                  NORMAL
..................................................................
TEMPERATURE (F)
 YESTERDAY
  MAXIMUM         86    401 PM 102    1990  86      0       82
                                      1963
  MINIMUM         67   1159 PM  51    1946  63      4       55
  AVERAGE         77                        74      3       69

PRECIPITATION (IN)
  YESTERDAY        0.01          3.98 1915   0.13  -0.12     0.38
  MONTH TO DATE    5.40                      3.08   2.32    14.53
  SINCE JAN 1     15.76                     10.78   4.98    22.64

DEGREE DAYS
 COOLING
  YESTERDAY       12                        10      2        4
  MONTH TO DATE  134                       174    -40      124
  SINCE JAN 1    202                       266    -64      204
..................................................................


WIND (MPH)
  HIGHEST WIND SPEED    36   HIGHEST WIND DIRECTION     S (160)
  HIGHEST GUST SPEED    43   HIGHEST GUST DIRECTION     S (160)
  AVERAGE WIND SPEED    15.7


SKY COVER
  AVERAGE SKY COVER 0.5


WEATHER CONDITIONS
 THE FOLLOWING WEATHER WAS RECORDED YESTERDAY.
  THUNDERSTORM
  LIGHT RAIN
  FOG


RELATIVE HUMIDITY (PERCENT)
 HIGHEST    94           100 AM
 LOWEST     55           200 PM
 AVERAGE    75

..........................................................


THE WICHITA FALLS CLIMATE NORMALS FOR TODAY
                         NORMAL    RECORD    YEAR
 MAXIMUM TEMPERATURE (F)   87       106      2011
                                             1927
 MINIMUM TEMPERATURE (F)   63        45      1961


SUNRISE AND SUNSET
MAY 27 2016...........SUNRISE   625 AM CDT   SUNSET   837 PM CDT
MAY 28 2016...........SUNRISE   625 AM CDT   SUNSET   838 PM CDT


-  INDICATES NEGATIVE NUMBERS.
R  INDICATES RECORD WAS SET OR TIED.
MM INDICATES DATA IS MISSING.
T  INDICATES TRACE AMOUNT.




$$
