000
CDUS44 KOUN 260634
CLISPS

CLIMATE REPORT
NATIONAL WEATHER SERVICE NORMAN OK
132 AM CDT SUN MAR 26 2017


...................................

...THE WICHITA FALLS CLIMATE SUMMARY FOR MARCH 25 2017...

CLIMATE NORMAL PERIOD 1981 TO 2010
CLIMATE RECORD PERIOD 1897 TO 2017


WEATHER ITEM   OBSERVED TIME   RECORD YEAR NORMAL DEPARTURE LAST
                VALUE   (LST)  VALUE       VALUE  FROM      YEAR
                                                  NORMAL
..................................................................
TEMPERATURE (F)
 YESTERDAY
  MAXIMUM         69    531 PM  91    1976  70     -1       70
  MINIMUM         48    532 AM  23    2013  43      5       33
  AVERAGE         59                        57      2       52

PRECIPITATION (IN)
  YESTERDAY        0.00          1.90 1939   0.07  -0.07     0.00
  MONTH TO DATE    0.11                      1.82  -1.71     0.82
  SINCE JAN 1      4.08                      4.71  -0.63     2.52

SNOWFALL (IN)
  YESTERDAY        0.0                       0.0    0.0      0.0
  MONTH TO DATE    0.0                       0.5   -0.5      0.0
  SINCE JUL 1      T                         3.9   -3.9      2.6
  SNOW DEPTH       0

DEGREE DAYS
 HEATING
  YESTERDAY        6                         9     -3       13
  MONTH TO DATE  181                       307   -126      189
  SINCE JUL 1   2025                      2753   -728     2151

 COOLING
  YESTERDAY        0                         1     -1        0
  MONTH TO DATE   57                        11     46        3
  SINCE JAN 1     75                        14     61       12
..................................................................


WIND (MPH)
  HIGHEST WIND SPEED    25   HIGHEST WIND DIRECTION     W (290)
  HIGHEST GUST SPEED    32   HIGHEST GUST DIRECTION     W (290)
  AVERAGE WIND SPEED    11.5


SKY COVER
  AVERAGE SKY COVER 0.3


WEATHER CONDITIONS
 THE FOLLOWING WEATHER WAS RECORDED YESTERDAY.
  NO SIGNIFICANT WEATHER WAS OBSERVED.


RELATIVE HUMIDITY (PERCENT)
 HIGHEST    71           300 AM
 LOWEST     37           500 PM
 AVERAGE    54

..........................................................


THE WICHITA FALLS CLIMATE NORMALS FOR TODAY
                         NORMAL    RECORD    YEAR
 MAXIMUM TEMPERATURE (F)   70        92      1956
 MINIMUM TEMPERATURE (F)   44        19      1955


SUNRISE AND SUNSET
MARCH 26 2017.........SUNRISE   729 AM CDT   SUNSET   750 PM CDT
MARCH 27 2017.........SUNRISE   728 AM CDT   SUNSET   751 PM CDT


-  INDICATES NEGATIVE NUMBERS.
R  INDICATES RECORD WAS SET OR TIED.
MM INDICATES DATA IS MISSING.
T  INDICATES TRACE AMOUNT.




$$
