000
CDUS44 KOUN 010632
CLISPS

CLIMATE REPORT
NATIONAL WEATHER SERVICE NORMAN OK
129 AM CDT TUE SEP 1 2015


...................................

...THE WICHITA FALLS CLIMATE SUMMARY FOR AUGUST 31 2015...

CLIMATE NORMAL PERIOD 1981 TO 2010
CLIMATE RECORD PERIOD 1897 TO 2015


WEATHER ITEM   OBSERVED TIME   RECORD YEAR NORMAL DEPARTURE LAST
                VALUE   (LST)  VALUE       VALUE  FROM      YEAR
                                                  NORMAL
..................................................................
TEMPERATURE (F)
 YESTERDAY
  MAXIMUM         97    326 PM 108    1939  94      3       99
  MINIMUM         67    621 AM  57    1988  69     -2       73
  AVERAGE         82                        81      1       86

PRECIPITATION (IN)
  YESTERDAY        0.00          1.45 1916   0.10  -0.10     0.00
  MONTH TO DATE    1.49                      2.50  -1.01     2.04
  SINCE JAN 1     33.58                     19.73  13.85    15.81

DEGREE DAYS
 COOLING
  YESTERDAY       17                        16      1       21
  MONTH TO DATE  588                       589     -1      604
  SINCE JAN 1   1885                      1945    -60     1994
..................................................................


WIND (MPH)
  HIGHEST WIND SPEED    22   HIGHEST WIND DIRECTION    SE (150)
  HIGHEST GUST SPEED    27   HIGHEST GUST DIRECTION    SE (120)
  AVERAGE WIND SPEED    11.7


SKY COVER
  AVERAGE SKY COVER 0.0


WEATHER CONDITIONS
 THE FOLLOWING WEATHER WAS RECORDED YESTERDAY.
  NO SIGNIFICANT WEATHER WAS OBSERVED.


RELATIVE HUMIDITY (PERCENT)
 HIGHEST    78           600 AM
 LOWEST     30           200 PM
 AVERAGE    54

..........................................................


THE WICHITA FALLS CLIMATE NORMALS FOR TODAY
                         NORMAL    RECORD    YEAR
 MAXIMUM TEMPERATURE (F)   93       108      2000
                                             1939
 MINIMUM TEMPERATURE (F)   69        56      1967


SUNRISE AND SUNSET
SEPTEMBER  1 2015.....SUNRISE   707 AM CDT   SUNSET   800 PM CDT
SEPTEMBER  2 2015.....SUNRISE   708 AM CDT   SUNSET   759 PM CDT


-  INDICATES NEGATIVE NUMBERS.
R  INDICATES RECORD WAS SET OR TIED.
MM INDICATES DATA IS MISSING.
T  INDICATES TRACE AMOUNT.




$$
