000
CDUS44 KOUN 250641
CLISPS

CLIMATE REPORT
NATIONAL WEATHER SERVICE NORMAN OK
137 AM CDT MON MAY 25 2015


...................................

...THE WICHITA FALLS CLIMATE SUMMARY FOR MAY 24 2015...

CLIMATE NORMAL PERIOD 1981 TO 2010
CLIMATE RECORD PERIOD 1897 TO 2015


WEATHER ITEM   OBSERVED TIME   RECORD YEAR NORMAL DEPARTURE LAST
                VALUE   (LST)  VALUE       VALUE  FROM      YEAR
                                                  NORMAL
..................................................................
TEMPERATURE (F)
 YESTERDAY
  MAXIMUM         81    405 PM 110    2000  86     -5       82
  MINIMUM         63    738 AM  49    1924  62      1       65
  AVERAGE         72                        74     -2       74

PRECIPITATION (IN)
  YESTERDAY        0.03          3.09 1907   0.13  -0.10     0.06
  MONTH TO DATE   13.96                      2.81  11.15     0.83
  SINCE JAN 1     22.07                     10.51  11.56     4.85

DEGREE DAYS
 COOLING
  YESTERDAY        7                         9     -2        9
  MONTH TO DATE  118                       155    -37      213
  SINCE JAN 1    198                       247    -49      319
..................................................................


WIND (MPH)
  HIGHEST WIND SPEED    17   HIGHEST WIND DIRECTION    SE (150)
  HIGHEST GUST SPEED    24   HIGHEST GUST DIRECTION    SE (150)
  AVERAGE WIND SPEED    10.6


SKY COVER
  AVERAGE SKY COVER 0.5


WEATHER CONDITIONS
 THE FOLLOWING WEATHER WAS RECORDED YESTERDAY.
  HEAVY RAIN
  LIGHT RAIN
  FOG


RELATIVE HUMIDITY (PERCENT)
 HIGHEST   100          1200 AM
 LOWEST     58           400 PM
 AVERAGE    79

..........................................................


THE WICHITA FALLS CLIMATE NORMALS FOR TODAY
                         NORMAL    RECORD    YEAR
 MAXIMUM TEMPERATURE (F)   86       100      1984
 MINIMUM TEMPERATURE (F)   62        48      1947


SUNRISE AND SUNSET
MAY 25 2015...........SUNRISE   627 AM CDT   SUNSET   835 PM CDT
MAY 26 2015...........SUNRISE   626 AM CDT   SUNSET   836 PM CDT


-  INDICATES NEGATIVE NUMBERS.
R  INDICATES RECORD WAS SET OR TIED.
MM INDICATES DATA IS MISSING.
T  INDICATES TRACE AMOUNT.




$$
