457
CDUS44 KOUN 040630
CLISPS

CLIMATE REPORT
NATIONAL WEATHER SERVICE NORMAN OK
127 AM CDT WED MAY 4 2016


...................................

...THE WICHITA FALLS CLIMATE SUMMARY FOR MAY 3 2016...

CLIMATE NORMAL PERIOD 1981 TO 2010
CLIMATE RECORD PERIOD 1897 TO 2016


WEATHER ITEM   OBSERVED TIME   RECORD YEAR NORMAL DEPARTURE LAST
                VALUE   (LST)  VALUE       VALUE  FROM      YEAR
                                                  NORMAL
..................................................................
TEMPERATURE (F)
 YESTERDAY
  MAXIMUM         74    302 PM  97    2012  80     -6       82
                                      1996
  MINIMUM         45    511 AM  36    2013  55    -10       56
                                      1954
  AVERAGE         60                        68     -8       69

PRECIPITATION (IN)
  YESTERDAY        0.08          3.00 1913   0.11  -0.03     0.00
  MONTH TO DATE    0.30                      0.34  -0.04     0.00
  SINCE JAN 1     10.66                      8.04   2.62     8.11

DEGREE DAYS
 COOLING
  YESTERDAY        0                         4     -4        4
  MONTH TO DATE    0                        12    -12        8
  SINCE JAN 1     68                       104    -36       88
..................................................................


WIND (MPH)
  HIGHEST WIND SPEED    36   HIGHEST WIND DIRECTION    NW (330)
  HIGHEST GUST SPEED    42   HIGHEST GUST DIRECTION    NW (320)
  AVERAGE WIND SPEED     6.7


SKY COVER
  AVERAGE SKY COVER 0.1


WEATHER CONDITIONS
 THE FOLLOWING WEATHER WAS RECORDED YESTERDAY.
  HEAVY RAIN
  RAIN
  FOG


RELATIVE HUMIDITY (PERCENT)
 HIGHEST    93           800 PM
 LOWEST     35           300 PM
 AVERAGE    64

..........................................................


THE WICHITA FALLS CLIMATE NORMALS FOR TODAY
                         NORMAL    RECORD    YEAR
 MAXIMUM TEMPERATURE (F)   81        99      2014
 MINIMUM TEMPERATURE (F)   56        37      2013


SUNRISE AND SUNSET
MAY  4 2016...........SUNRISE   641 AM CDT   SUNSET   820 PM CDT
MAY  5 2016...........SUNRISE   640 AM CDT   SUNSET   821 PM CDT


-  INDICATES NEGATIVE NUMBERS.
R  INDICATES RECORD WAS SET OR TIED.
MM INDICATES DATA IS MISSING.
T  INDICATES TRACE AMOUNT.




$$
