000
CDUS44 KOUN 240627 RRA
CLISPS

CLIMATE REPORT
NATIONAL WEATHER SERVICE NORMAN OK
126 AM CDT SUN SEP 24 2017


...................................

...THE WICHITA FALLS CLIMATE SUMMARY FOR SEPTEMBER 23 2017...

CLIMATE NORMAL PERIOD 1981 TO 2010
CLIMATE RECORD PERIOD 1897 TO 2017


WEATHER ITEM   OBSERVED TIME   RECORD YEAR NORMAL DEPARTURE LAST
                VALUE   (LST)  VALUE       VALUE  FROM      YEAR
                                                  NORMAL
..................................................................
TEMPERATURE (F)
 YESTERDAY
  MAXIMUM         92    231 PM 102    1926  85      7       90
  MINIMUM         68    652 AM  42    1989  60      8       68
  AVERAGE         80                        73      7       79

PRECIPITATION (IN)
  YESTERDAY        0.00          1.88 1904   0.09  -0.09     0.00
  MONTH TO DATE    0.61                      2.22  -1.61     4.21
  SINCE SEP 1      0.61                      2.22  -1.61     4.21
  SINCE JAN 1     20.69                     21.95  -1.26    26.59

SNOWFALL (IN)
  YESTERDAY        0.0

DEGREE DAYS
 HEATING
  YESTERDAY        0                         1     -1        0
  MONTH TO DATE    0                         5     -5        0
  SINCE SEP 1      0                         5     -5        0
  SINCE JUL 1      0                         5     -5        0

 COOLING
  YESTERDAY       15                         9      6       14
  MONTH TO DATE  295                       284     11      368
  SINCE SEP 1    295                       284     11      368
  SINCE JAN 1   2137                      2229    -92     2304
..................................................................


WIND (MPH)
  HIGHEST WIND SPEED    24   HIGHEST WIND DIRECTION    SE (150)
  HIGHEST GUST SPEED    33   HIGHEST GUST DIRECTION    SE (150)
  AVERAGE WIND SPEED    13.3


SKY COVER
  AVERAGE SKY COVER 0.0


WEATHER CONDITIONS
 THE FOLLOWING WEATHER WAS RECORDED YESTERDAY.
  NO SIGNIFICANT WEATHER WAS OBSERVED.


RELATIVE HUMIDITY (PERCENT)
 HIGHEST    93           700 AM
 LOWEST     38           300 PM
 AVERAGE    66

..........................................................


THE WICHITA FALLS CLIMATE NORMALS FOR TODAY
                         NORMAL    RECORD    YEAR
 MAXIMUM TEMPERATURE (F)   85       101      1926
 MINIMUM TEMPERATURE (F)   60        38      1989


SUNRISE AND SUNSET
SEPTEMBER 24 2017.....SUNRISE   724 AM CDT   SUNSET   727 PM CDT
SEPTEMBER 25 2017.....SUNRISE   724 AM CDT   SUNSET   726 PM CDT


-  INDICATES NEGATIVE NUMBERS.
R  INDICATES RECORD WAS SET OR TIED.
MM INDICATES DATA IS MISSING.
T  INDICATES TRACE AMOUNT.




$$
