000
CDUS44 KOUN 182313 RRA
CLISPS

CLIMATE REPORT
NATIONAL WEATHER SERVICE NORMAN OK
511 PM CST SAT NOV 18 2017

...................................

...THE WICHITA FALLS CLIMATE SUMMARY FOR NOVEMBER 18 2017...
VALID TODAY AS OF 0500 PM LOCAL TIME.

CLIMATE NORMAL PERIOD 1981 TO 2010
CLIMATE RECORD PERIOD 1897 TO 2017


WEATHER ITEM   OBSERVED TIME   RECORD YEAR NORMAL DEPARTURE LAST
                VALUE   (LST)  VALUE       VALUE  FROM      YEAR
                                                  NORMAL
..................................................................
TEMPERATURE (F)
 TODAY
  MAXIMUM         71   1215 AM  87    1981  64      7       70
  MINIMUM         53    743 AM  21    1959  39     14       36
  AVERAGE         62                        52     10       53

PRECIPITATION (IN)
  TODAY            0.00          0.77 1964   0.04  -0.04     0.00
  MONTH TO DATE    0.10                      1.08  -0.98     1.82
  SINCE SEP 1      4.54                      7.00  -2.46    13.96
  SINCE JAN 1     24.62                     26.73  -2.11    36.34

SNOWFALL (IN)
  TODAY            0.0

DEGREE DAYS
 HEATING
  TODAY            3                        14    -11       12
  MONTH TO DATE  133                       185    -52       71
  SINCE SEP 1    270                       311    -41      104
  SINCE JUL 1    270                       311    -41      104

 COOLING
  TODAY            0                         0      0        0
  MONTH TO DATE   24                        10     14       21
  SINCE SEP 1    483                       441     42      596
  SINCE JAN 1   2325                      2386    -61     2532
..................................................................


WIND (MPH)
  HIGHEST WIND SPEED    38   HIGHEST WIND DIRECTION     N (340)
  HIGHEST GUST SPEED    46   HIGHEST GUST DIRECTION    NW (330)
  AVERAGE WIND SPEED    23.2


SKY COVER
  AVERAGE SKY COVER 0.1


WEATHER CONDITIONS
 THE FOLLOWING WEATHER WAS RECORDED TODAY.
  HAZE


RELATIVE HUMIDITY (PERCENT)
 HIGHEST    66           100 AM
 LOWEST     33           400 PM
 AVERAGE    50

..........................................................


THE WICHITA FALLS CLIMATE NORMALS FOR TOMORROW
                         NORMAL    RECORD    YEAR
 MAXIMUM TEMPERATURE (F)   64        87      1949
 MINIMUM TEMPERATURE (F)   39        22      1937


SUNRISE AND SUNSET
NOVEMBER 18 2017......SUNRISE   709 AM CST   SUNSET   529 PM CST
NOVEMBER 19 2017......SUNRISE   710 AM CST   SUNSET   528 PM CST


-  INDICATES NEGATIVE NUMBERS.
R  INDICATES RECORD WAS SET OR TIED.
MM INDICATES DATA IS MISSING.
T  INDICATES TRACE AMOUNT.




$$
