000
CDUS42 KTBW 062219
CLISRQ


CLIMATE REPORT
NATIONAL WEATHER SERVICE TAMPA BAY FL
516 PM EST FRI MAR 6 2015


...................................

...THE SARASOTA BRADENTON CLIMATE SUMMARY FOR MARCH 6 2015...
VALID TODAY AS OF 0500 PM LOCAL TIME.

CLIMATE NORMAL PERIOD 1981 TO 2010
CLIMATE RECORD PERIOD 1911 TO 2015


WEATHER ITEM   OBSERVED TIME   RECORD YEAR NORMAL DEPARTURE LAST
                VALUE   (LST)  VALUE       VALUE  FROM      YEAR
                                                  NORMAL
..................................................................
TEMPERATURE (F)
 TODAY
  MAXIMUM         76   1245 PM  88    1944  75      1       70
  MINIMUM         68    723 AM  37    1960  56     12       65
  AVERAGE         72                        65      7       68

PRECIPITATION (IN)
  TODAY            0.00          2.10 1988   0.14  -0.14     1.02
  MONTH TO DATE    0.00                      0.78  -0.78     1.03
  SINCE MAR 1      0.00                      0.78  -0.78     1.03
  SINCE JAN 1      4.88                      5.97  -1.09     4.65

DEGREE DAYS
 HEATING
  TODAY            0                         2     -2        0
  MONTH TO DATE    0                        17    -17        3
  SINCE MAR 1      0                        17    -17        3
  SINCE JUL 1    457                       435     22      311

 COOLING
  TODAY            7                         3      4        3
  MONTH TO DATE   47                        18     29       18
  SINCE MAR 1     47                        18     29       18
  SINCE JAN 1    116                       122     -6      134
..................................................................


WIND (MPH)
  RESULTANT WIND SPEED   5   RESULTANT WIND DIRECTION   W (290)
  HIGHEST WIND SPEED    13   HIGHEST WIND DIRECTION     W (290)
  HIGHEST GUST SPEED    18   HIGHEST GUST DIRECTION     W (280)
  AVERAGE WIND SPEED     5.6


SKY COVER
  POSSIBLE SUNSHINE  MM
  AVERAGE SKY COVER 0.8


WEATHER CONDITIONS
 THE FOLLOWING WEATHER WAS RECORDED TODAY.
  FOG
  FOG W/VISIBILITY <= 1/4 MILE


RELATIVE HUMIDITY (PERCENT)
 HIGHEST   100           100 AM
 LOWEST     74           100 PM

..........................................................


THE SARASOTA BRADENTON CLIMATE NORMALS FOR TOMORROW
                         NORMAL    RECORD    YEAR
 MAXIMUM TEMPERATURE (F)   75        89      1964
 MINIMUM TEMPERATURE (F)   56        32      1920


SUNRISE AND SUNSET
MARCH  6 2015.........SUNRISE   650 AM EST   SUNSET   634 PM EST
MARCH  7 2015.........SUNRISE   649 AM EST   SUNSET   634 PM EST


-  INDICATES NEGATIVE NUMBERS.
R  INDICATES RECORD WAS SET OR TIED.
MM INDICATES DATA IS MISSING.
T  INDICATES TRACE AMOUNT.




$$


&&
------------------------------------------------------------------
******************** SUPPLEMENTAL DATA ***************************

...GULF WATER TEMPERATURE AT NEW PASS 73
