000
CDUS42 KTBW 242219
CLISRQ


CLIMATE REPORT
NATIONAL WEATHER SERVICE TAMPA BAY FL
515 PM EST WED DEC 24 2014


...................................

...THE SARASOTA BRADENTON CLIMATE SUMMARY FOR DECEMBER 24 2014...
VALID TODAY AS OF 0500 PM LOCAL TIME.

CLIMATE NORMAL PERIOD 1981 TO 2010
CLIMATE RECORD PERIOD 1911 TO 2014


WEATHER ITEM   OBSERVED TIME   RECORD YEAR NORMAL DEPARTURE LAST
                VALUE   (LST)  VALUE       VALUE  FROM      YEAR
                                                  NORMAL
..................................................................
TEMPERATURE (F)
 TODAY
  MAXIMUM         80    224 PM  84    2008  72      8       74
                                      2006
                                      1998
  MINIMUM         72    356 AM  27    1989  52     20       52
  AVERAGE         76                        62     14       63

PRECIPITATION (IN)
  TODAY            0.00          2.04 1941   0.10  -0.10      T
  MONTH TO DATE    0.10                      2.00  -1.90     0.03
  SINCE DEC 1      0.10                      2.00  -1.90     0.03
  SINCE JAN 1     50.68                     52.48  -1.80    52.49

DEGREE DAYS
 HEATING
  TODAY            0                         5     -5        2
  MONTH TO DATE   96                        85     11       22
  SINCE DEC 1     96                        85     11       22
  SINCE JUL 1    181                       118     63       40

 COOLING
  TODAY           11                         2      9        0
  MONTH TO DATE   72                        62     10      128
  SINCE DEC 1     72                        62     10      128
  SINCE JAN 1   3484                      3362    122     3756
..................................................................


WIND (MPH)
  RESULTANT WIND SPEED  19   RESULTANT WIND DIRECTION   S (170)
  HIGHEST WIND SPEED    29   HIGHEST WIND DIRECTION     S (180)
  HIGHEST GUST SPEED    39   HIGHEST GUST DIRECTION     S (180)
  AVERAGE WIND SPEED    19.1


SKY COVER
  POSSIBLE SUNSHINE  MM
  AVERAGE SKY COVER 0.7


WEATHER CONDITIONS
 THE FOLLOWING WEATHER WAS RECORDED TODAY.
  NO SIGNIFICANT WEATHER WAS OBSERVED.


RELATIVE HUMIDITY (PERCENT)
 HIGHEST    93           400 AM
 LOWEST     79           300 AM

..........................................................


THE SARASOTA BRADENTON CLIMATE NORMALS FOR TOMORROW
                         NORMAL    RECORD    YEAR
 MAXIMUM TEMPERATURE (F)   72        84      1998
                                             1942
 MINIMUM TEMPERATURE (F)   52        22      1983


SUNRISE AND SUNSET
DECEMBER 24 2014......SUNRISE   717 AM EST   SUNSET   542 PM EST
DECEMBER 25 2014......SUNRISE   718 AM EST   SUNSET   543 PM EST


-  INDICATES NEGATIVE NUMBERS.
R  INDICATES RECORD WAS SET OR TIED.
MM INDICATES DATA IS MISSING.
T  INDICATES TRACE AMOUNT.




$$


&&
------------------------------------------------------------------
******************** SUPPLEMENTAL DATA ***************************

...GULF WATER TEMPERATURE AT NEW PASS 70
