000
CDUS42 KTBW 282220
CLISRQ


CLIMATE REPORT
NATIONAL WEATHER SERVICE TAMPA BAY FL
516 PM EST FRI NOV 28 2014


...................................

...THE SARASOTA BRADENTON CLIMATE SUMMARY FOR NOVEMBER 28 2014...
VALID TODAY AS OF 0500 PM LOCAL TIME.

CLIMATE NORMAL PERIOD 1981 TO 2010
CLIMATE RECORD PERIOD 1911 TO 2014


WEATHER ITEM   OBSERVED TIME   RECORD YEAR NORMAL DEPARTURE LAST
                VALUE   (LST)  VALUE       VALUE  FROM      YEAR
                                                  NORMAL
..................................................................
TEMPERATURE (F)
 TODAY
  MAXIMUM         62    404 PM  87    1958  76    -14       66
  MINIMUM         44    739 AM  30    1930  57    -13       40
  AVERAGE         53                        67    -14       53

PRECIPITATION (IN)
  TODAY            0.00          1.60 1980   0.06  -0.06     0.00
  MONTH TO DATE    4.15                      1.76   2.39     1.35
  SINCE SEP 1     19.10                     11.98   7.12    13.85
  SINCE JAN 1     50.58                     50.31   0.27    52.46

DEGREE DAYS
 HEATING
  TODAY           12                         2     10       12
  MONTH TO DATE   80                        24     56       16
  SINCE SEP 1     80                        27     53       16
  SINCE JUL 1     80                        27     53       16

 COOLING
  TODAY            0                         4     -4        0
  MONTH TO DATE   76                       149    -73      239
  SINCE SEP 1    865                       996   -131     1127
  SINCE JAN 1   3411                      3293    118     3627
..................................................................


WIND (MPH)
  RESULTANT WIND SPEED   9   RESULTANT WIND DIRECTION  NE (40)
  HIGHEST WIND SPEED    15   HIGHEST WIND DIRECTION    NE (50)
  HIGHEST GUST SPEED    22   HIGHEST GUST DIRECTION    NE (40)
  AVERAGE WIND SPEED     9.1


SKY COVER
  POSSIBLE SUNSHINE  MM
  AVERAGE SKY COVER 0.0


WEATHER CONDITIONS
 THE FOLLOWING WEATHER WAS RECORDED TODAY.
  NO SIGNIFICANT WEATHER WAS OBSERVED.


RELATIVE HUMIDITY (PERCENT)
 HIGHEST    66           300 AM
 LOWEST     34           300 PM

..........................................................


THE SARASOTA BRADENTON CLIMATE NORMALS FOR TOMORROW
                         NORMAL    RECORD    YEAR
 MAXIMUM TEMPERATURE (F)   76        86      1990
 MINIMUM TEMPERATURE (F)   57        40      1959


SUNRISE AND SUNSET
NOVEMBER 28 2014......SUNRISE   701 AM EST   SUNSET   535 PM EST
NOVEMBER 29 2014......SUNRISE   701 AM EST   SUNSET   535 PM EST


-  INDICATES NEGATIVE NUMBERS.
R  INDICATES RECORD WAS SET OR TIED.
MM INDICATES DATA IS MISSING.
T  INDICATES TRACE AMOUNT.




$$


&&
------------------------------------------------------------------
******************** SUPPLEMENTAL DATA ***************************

...GULF WATER TEMPERATURE AT NEW PASS 65
