000
CDUS42 KTBW 272120
CLISRQ


CLIMATE REPORT
NATIONAL WEATHER SERVICE TAMPA BAY FL
516 PM EDT FRI MAR 27 2015


...................................

...THE SARASOTA BRADENTON CLIMATE SUMMARY FOR MARCH 27 2015...
VALID TODAY AS OF 0500 PM LOCAL TIME.

CLIMATE NORMAL PERIOD 1981 TO 2010
CLIMATE RECORD PERIOD 1911 TO 2015


WEATHER ITEM   OBSERVED TIME   RECORD YEAR NORMAL DEPARTURE LAST
                VALUE   (LST)  VALUE       VALUE  FROM      YEAR
                                                  NORMAL
..................................................................
TEMPERATURE (F)
 TODAY
  MAXIMUM         79   1028 AM  90    1994  78      1       67
  MINIMUM         64    622 AM  40    1979  59      5       51
  AVERAGE         72                        68      4       59

PRECIPITATION (IN)
  TODAY            0.57          3.41 1987   0.11   0.46     0.05
  MONTH TO DATE    0.82                      3.36  -2.54     6.01
  SINCE MAR 1      0.82                      3.36  -2.54     6.01
  SINCE JAN 1      5.70                      8.55  -2.85     9.63

DEGREE DAYS
 HEATING
  TODAY            0                         1     -1        6
  MONTH TO DATE    0                        46    -46       35
  SINCE MAR 1      0                        46    -46       35
  SINCE JUL 1    457                       464     -7      343

 COOLING
  TODAY            7                         4      3        0
  MONTH TO DATE  221                        86    135       71
  SINCE MAR 1    221                        86    135       71
  SINCE JAN 1    290                       190    100      187
..................................................................


WIND (MPH)
  RESULTANT WIND SPEED   6   RESULTANT WIND DIRECTION  SW (230)
  HIGHEST WIND SPEED    23   HIGHEST WIND DIRECTION     W (260)
  HIGHEST GUST SPEED    33   HIGHEST GUST DIRECTION     W (260)
  AVERAGE WIND SPEED     8.7


SKY COVER
  POSSIBLE SUNSHINE  MM
  AVERAGE SKY COVER 0.5


WEATHER CONDITIONS
 THE FOLLOWING WEATHER WAS RECORDED TODAY.
  THUNDERSTORM
  HEAVY RAIN
  RAIN
  LIGHT RAIN
  FOG


RELATIVE HUMIDITY (PERCENT)
 HIGHEST   100           600 AM
 LOWEST     76          1000 AM

..........................................................


THE SARASOTA BRADENTON CLIMATE NORMALS FOR TOMORROW
                         NORMAL    RECORD    YEAR
 MAXIMUM TEMPERATURE (F)   78        89      1989
 MINIMUM TEMPERATURE (F)   59        40      1969


SUNRISE AND SUNSET
MARCH 27 2015.........SUNRISE   727 AM EDT   SUNSET   745 PM EDT
MARCH 28 2015.........SUNRISE   725 AM EDT   SUNSET   746 PM EDT


-  INDICATES NEGATIVE NUMBERS.
R  INDICATES RECORD WAS SET OR TIED.
MM INDICATES DATA IS MISSING.
T  INDICATES TRACE AMOUNT.




$$


&&
------------------------------------------------------------------
******************** SUPPLEMENTAL DATA ***************************

...GULF WATER TEMPERATURE AT NEW PASS 75 DEGREES.
