000
CDUS42 KJAX 230527
CLISSI


CLIMATE REPORT
NATIONAL WEATHER SERVICE JACKSONVILLE FL
1226 AM EST FRI FEB 23 2018


...................................

...THE ST SIMONS ISLAND CLIMATE SUMMARY FOR FEBRUARY 22 2018...

CLIMATE NORMAL PERIOD 1981 TO 2010
CLIMATE RECORD PERIOD 1948 TO 2018


WEATHER ITEM   OBSERVED TIME   RECORD YEAR NORMAL DEPARTURE LAST
                VALUE   (LST)  VALUE       VALUE  FROM      YEAR
                                                  NORMAL
..................................................................
TEMPERATURE (F)
 YESTERDAY
  MAXIMUM         78    133 PM  81    2011  64     14       70
                                      2001
  MINIMUM         62    722 AM  29    1970  47     15       64
  AVERAGE         70                        56     14       67

PRECIPITATION (IN)
  YESTERDAY        0.00          2.45 1987   0.13  -0.13     0.46
  MONTH TO DATE    0.90                      2.69  -1.79     0.86
  SINCE DEC 1      7.20                      8.55  -1.35     8.88
  SINCE JAN 1      4.37                      5.91  -1.54     5.86

SNOWFALL (IN)
  YESTERDAY        0.0           0.0    MM                   0.0
  MONTH TO DATE    0.0                                       0.0
  SINCE DEC 1      0.0                                       0.0
  SINCE JUL 1      0.0                                       0.0
  SNOW DEPTH       0

DEGREE DAYS
 HEATING
  YESTERDAY        0                        10    -10        0
  MONTH TO DATE   93                       248   -155       98
  SINCE DEC 1    919                      1019   -100      501
  SINCE JUL 1   1049                      1199   -150      606

 COOLING
  YESTERDAY        5                         0      5        2
  MONTH TO DATE   38                         0     38       16
  SINCE DEC 1     55                        16     39       60
  SINCE JAN 1     39                         3     36       35
..................................................................


WIND (MPH)
  HIGHEST WIND SPEED    10   HIGHEST WIND DIRECTION     E (80)
  HIGHEST GUST SPEED    19   HIGHEST GUST DIRECTION     S (190)
  AVERAGE WIND SPEED     5.9


SKY COVER
  POSSIBLE SUNSHINE  MM
  AVERAGE SKY COVER 0.2


WEATHER CONDITIONS
 THE FOLLOWING WEATHER WAS RECORDED YESTERDAY.
  NO SIGNIFICANT WEATHER WAS OBSERVED.


RELATIVE HUMIDITY (PERCENT)
 HIGHEST   100           400 AM
 LOWEST     60          1200 PM
 AVERAGE    80

..........................................................


THE ST SIMONS ISLAND CLIMATE NORMALS FOR TODAY
                         NORMAL    RECORD    YEAR
 MAXIMUM TEMPERATURE (F)   65        82      2012
 MINIMUM TEMPERATURE (F)   47        26      1963


SUNRISE AND SUNSET
FEBRUARY 23 2018......SUNRISE   659 AM EST   SUNSET   619 PM EST
FEBRUARY 24 2018......SUNRISE   658 AM EST   SUNSET   620 PM EST


-  INDICATES NEGATIVE NUMBERS.
R  INDICATES RECORD WAS SET OR TIED.
MM INDICATES DATA IS MISSING.
T  INDICATES TRACE AMOUNT.




$$
