000
CDUS42 KJAX 190553
CLISSI


CLIMATE REPORT
NATIONAL WEATHER SERVICE JACKSONVILLE
151 AM EDT SAT APR 19 2014


...................................

...THE ST SIMONS ISLAND CLIMATE SUMMARY FOR APRIL 18 2014...

CLIMATE NORMAL PERIOD 1981 TO 2010
CLIMATE RECORD PERIOD 1948 TO 2014


WEATHER ITEM   OBSERVED TIME   RECORD YEAR NORMAL DEPARTURE LAST
                VALUE   (LST)  VALUE       VALUE  FROM      YEAR
                                                  NORMAL
..................................................................
TEMPERATURE (F)
 YESTERDAY
  MAXIMUM         65    939 AM  92    1967  75    -10       78
  MINIMUM         60    602 PM  41    2001  59      1       67
  AVERAGE         63                        67     -4       73

PRECIPITATION (IN)
  YESTERDAY        3.11R         0.72 1953   0.08   3.03     0.04
  MONTH TO DATE    7.87                      1.65   6.22     1.19
  SINCE MAR 1     10.41                      5.53   4.88     3.30
  SINCE JAN 1     16.89                     12.22   4.67     7.41

SNOWFALL (IN)
  YESTERDAY        0.0           0.0    MM                   0.0
  MONTH TO DATE    0.0                                       0.0
  SINCE MAR 1      0.0                                       0.0
  SINCE JUL 1      T                                         0.0
  SNOW DEPTH       0

DEGREE DAYS
 HEATING
  YESTERDAY        2                         2      0        0
  MONTH TO DATE   25                        45    -20       21
  SINCE MAR 1    253                       222     31      334
  SINCE JUL 1   1481                      1473      8     1249

 COOLING
  YESTERDAY        0                         4     -4        8
  MONTH TO DATE   44                        47     -3       67
  SINCE MAR 1     58                        78    -20       78
  SINCE JAN 1     66                        87    -21      106
..................................................................


WIND (MPH)
  HIGHEST WIND SPEED    26   HIGHEST WIND DIRECTION    NE (50)
  HIGHEST GUST SPEED    33   HIGHEST GUST DIRECTION    NE (40)
  AVERAGE WIND SPEED    13.5


SKY COVER
  POSSIBLE SUNSHINE  MM
  AVERAGE SKY COVER 1.0


WEATHER CONDITIONS
 THE FOLLOWING WEATHER WAS RECORDED YESTERDAY.
  THUNDERSTORM
  HEAVY RAIN
  RAIN
  LIGHT RAIN
  FOG
  FOG W/VISIBILITY <= 1/4 MILE


RELATIVE HUMIDITY (PERCENT)
 HIGHEST   100           500 AM
 LOWEST     84          1200 AM
 AVERAGE    92

..........................................................


THE ST SIMONS ISLAND CLIMATE NORMALS FOR TODAY
                         NORMAL    RECORD    YEAR
 MAXIMUM TEMPERATURE (F)   76        89      1981
 MINIMUM TEMPERATURE (F)   59        41      1983


SUNRISE AND SUNSET
APRIL 19 2014.........SUNRISE   653 AM EDT   SUNSET   757 PM EDT
APRIL 20 2014.........SUNRISE   652 AM EDT   SUNSET   757 PM EDT


-  INDICATES NEGATIVE NUMBERS.
R  INDICATES RECORD WAS SET OR TIED.
MM INDICATES DATA IS MISSING.
T  INDICATES TRACE AMOUNT.




$$
