000
CDUS42 KJAX 160547
CLISSI


CLIMATE REPORT
NATIONAL WEATHER SERVICE JACKSONVILLE FL
1247 AM EST MON JAN 16 2017


...................................

...THE ST SIMONS ISLAND CLIMATE SUMMARY FOR JANUARY 15 2017...

CLIMATE NORMAL PERIOD 1981 TO 2010
CLIMATE RECORD PERIOD 1948 TO 2017


WEATHER ITEM   OBSERVED TIME   RECORD YEAR NORMAL DEPARTURE LAST
                VALUE   (LST)  VALUE       VALUE  FROM      YEAR
                                                  NORMAL
..................................................................
TEMPERATURE (F)
 YESTERDAY
  MAXIMUM         73   1250 PM  80    1989  60     13       72
  MINIMUM         51    745 AM  20    1964  42      9       53
  AVERAGE         62                        51     11       63

PRECIPITATION (IN)
  YESTERDAY        0.00          1.92 1966   0.10  -0.10     0.54
  MONTH TO DATE    1.17                      1.42  -0.25     1.58
  SINCE DEC 1      4.19                      4.06   0.13     2.93
  SINCE JAN 1      1.17                      1.42  -0.25     1.58

SNOWFALL (IN)
  YESTERDAY        0.0           0.0    MM                   0.0
  MONTH TO DATE    0.0                                       0.0
  SINCE DEC 1      0.0                                       0.0
  SINCE JUL 1      0.0                                       0.0
  SNOW DEPTH       0

DEGREE DAYS
 HEATING
  YESTERDAY        3                        14    -11        2
  MONTH TO DATE  120                       210    -90      196
  SINCE DEC 1    322                       561   -239      291
  SINCE JUL 1    427                       741   -314      356

 COOLING
  YESTERDAY        0                         0      0        0
  MONTH TO DATE    7                         0      7        0
  SINCE DEC 1     32                        13     19       90
  SINCE JAN 1      7                         0      7        0
..................................................................


WIND (MPH)
  HIGHEST WIND SPEED    12   HIGHEST WIND DIRECTION    SE (120)
  HIGHEST GUST SPEED    25   HIGHEST GUST DIRECTION    SE (150)
  AVERAGE WIND SPEED     3.3


SKY COVER
  POSSIBLE SUNSHINE  MM
  AVERAGE SKY COVER 0.5


WEATHER CONDITIONS
 THE FOLLOWING WEATHER WAS RECORDED YESTERDAY.
  FOG
  FOG W/VISIBILITY <= 1/4 MILE


RELATIVE HUMIDITY (PERCENT)
 HIGHEST   100           400 AM
 LOWEST     66           100 PM
 AVERAGE    83

..........................................................


THE ST SIMONS ISLAND CLIMATE NORMALS FOR TODAY
                         NORMAL    RECORD    YEAR
 MAXIMUM TEMPERATURE (F)   60        80      1974
 MINIMUM TEMPERATURE (F)   42        26      1994


SUNRISE AND SUNSET
JANUARY 16 2017.......SUNRISE   724 AM EST   SUNSET   547 PM EST
JANUARY 17 2017.......SUNRISE   724 AM EST   SUNSET   548 PM EST


-  INDICATES NEGATIVE NUMBERS.
R  INDICATES RECORD WAS SET OR TIED.
MM INDICATES DATA IS MISSING.
T  INDICATES TRACE AMOUNT.




$$
