000
CDUS42 KJAX 040532
CLISSI


CLIMATE REPORT
NATIONAL WEATHER SERVICE JACKSONVILLE FL
132 AM EDT WED MAY 4 2016


...................................

...THE ST SIMONS ISLAND CLIMATE SUMMARY FOR MAY 3 2016...

CLIMATE NORMAL PERIOD 1981 TO 2010
CLIMATE RECORD PERIOD 1948 TO 2016


WEATHER ITEM   OBSERVED TIME   RECORD YEAR NORMAL DEPARTURE LAST
                VALUE   (LST)  VALUE       VALUE  FROM      YEAR
                                                  NORMAL
..................................................................
TEMPERATURE (F)
 YESTERDAY
  MAXIMUM         88    350 PM  95    2002  79      9       79
  MINIMUM         72   1116 AM  52    1995  63      9       56
  AVERAGE         80                        71      9       68

PRECIPITATION (IN)
  YESTERDAY        0.09          1.09 1975   0.05   0.04     0.00
  MONTH TO DATE    0.09                      0.15  -0.06     0.00
  SINCE MAR 1      4.30                      6.52  -2.22     5.80
  SINCE JAN 1     11.44                     13.21  -1.77    11.52

SNOWFALL (IN)
  YESTERDAY        0.0           0.0    MM                   0.0
  MONTH TO DATE    0.0                                       0.0
  SINCE MAR 1      0.0                                       0.0
  SINCE JUL 1      0.0                                       0.0
  SNOW DEPTH       0

DEGREE DAYS
 HEATING
  YESTERDAY        0                         0      0        0
  MONTH TO DATE    0                         2     -2        1
  SINCE MAR 1    111                       235   -124      115
  SINCE JUL 1   1017                      1486   -469     1495

 COOLING
  YESTERDAY       15                         7      8        3
  MONTH TO DATE   40                        19     21        4
  SINCE MAR 1    243                       153     90      209
  SINCE JAN 1    247                       162     85      215
..................................................................


WIND (MPH)
  HIGHEST WIND SPEED    20   HIGHEST WIND DIRECTION     W (290)
  HIGHEST GUST SPEED    29   HIGHEST GUST DIRECTION     W (290)
  AVERAGE WIND SPEED     8.6


SKY COVER
  POSSIBLE SUNSHINE  MM
  AVERAGE SKY COVER 0.3


WEATHER CONDITIONS
 THE FOLLOWING WEATHER WAS RECORDED YESTERDAY.
  THUNDERSTORM
  RAIN
  LIGHT RAIN
  FOG


RELATIVE HUMIDITY (PERCENT)
 HIGHEST   100           200 AM
 LOWEST     46           400 PM
 AVERAGE    73

..........................................................


THE ST SIMONS ISLAND CLIMATE NORMALS FOR TODAY
                         NORMAL    RECORD    YEAR
 MAXIMUM TEMPERATURE (F)   79        92      1959
 MINIMUM TEMPERATURE (F)   63        47      1971


SUNRISE AND SUNSET
MAY  4 2016...........SUNRISE   638 AM EDT   SUNSET   807 PM EDT
MAY  5 2016...........SUNRISE   637 AM EDT   SUNSET   808 PM EDT


-  INDICATES NEGATIVE NUMBERS.
R  INDICATES RECORD WAS SET OR TIED.
MM INDICATES DATA IS MISSING.
T  INDICATES TRACE AMOUNT.




$$
