000
CDUS42 KJAX 310531
CLISSI


CLIMATE REPORT
NATIONAL WEATHER SERVICE JACKSONVILLE FL
130 AM EDT THU JUL 31 2014


...................................

...THE ST SIMONS ISLAND CLIMATE SUMMARY FOR JULY 30 2014...

CLIMATE NORMAL PERIOD 1981 TO 2010
CLIMATE RECORD PERIOD 1948 TO 2014


WEATHER ITEM   OBSERVED TIME   RECORD YEAR NORMAL DEPARTURE LAST
                VALUE   (LST)  VALUE       VALUE  FROM      YEAR
                                                  NORMAL
..................................................................
TEMPERATURE (F)
 YESTERDAY
  MAXIMUM         89    141 PM  99    2010  90     -1       91
  MINIMUM         75    620 AM  69    1962  76     -1       76
  AVERAGE         82                        83     -1       84

PRECIPITATION (IN)
  YESTERDAY        0.07          1.90 1963   0.14  -0.07     0.07
  MONTH TO DATE    2.70                      3.94  -1.24     6.11
  SINCE JUN 1      7.46                      8.78  -1.32    14.42
  SINCE JAN 1     25.95                     23.70   2.25    26.84

SNOWFALL (IN)
  YESTERDAY        0.0           0.0    MM                  MM
  MONTH TO DATE    0.0                                       0.0
  SINCE JUN 1      0.0                                       0.0
  SINCE JUL 1      0.0                                       0.0
  SNOW DEPTH       0

DEGREE DAYS
 HEATING
  YESTERDAY        0                         0      0        0
  MONTH TO DATE    0                         0      0        0
  SINCE JUN 1      0                         0      0        0
  SINCE JUL 1      0                         0      0        0

 COOLING
  YESTERDAY       17                        18     -1       19
  MONTH TO DATE  521                       535    -14      498
  SINCE JUN 1    988                       994     -6      993
  SINCE JAN 1   1431                      1436     -5     1394
..................................................................


WIND (MPH)
  HIGHEST WIND SPEED    15   HIGHEST WIND DIRECTION     E (80)
  HIGHEST GUST SPEED    22   HIGHEST GUST DIRECTION     E (80)
  AVERAGE WIND SPEED     6.9


SKY COVER
  POSSIBLE SUNSHINE  MM
  AVERAGE SKY COVER 0.4


WEATHER CONDITIONS
 THE FOLLOWING WEATHER WAS RECORDED YESTERDAY.
  LIGHT RAIN
  FOG


RELATIVE HUMIDITY (PERCENT)
 HIGHEST    87           500 AM
 LOWEST     55          1200 PM
 AVERAGE    71

..........................................................


THE ST SIMONS ISLAND CLIMATE NORMALS FOR TODAY
                         NORMAL    RECORD    YEAR
 MAXIMUM TEMPERATURE (F)   90       101      1999
 MINIMUM TEMPERATURE (F)   76        68      1966


SUNRISE AND SUNSET
JULY 31 2014..........SUNRISE   642 AM EDT   SUNSET   822 PM EDT
AUGUST  1 2014........SUNRISE   642 AM EDT   SUNSET   821 PM EDT


-  INDICATES NEGATIVE NUMBERS.
R  INDICATES RECORD WAS SET OR TIED.
MM INDICATES DATA IS MISSING.
T  INDICATES TRACE AMOUNT.




$$
