000
CDUS43 KMPX 010027
CLISTC


CLIMATE REPORT
NATIONAL WEATHER SERVICE CHANHASSEN MN
727 PM CDT TUE MAY 31 2016


...................................

...THE ST CLOUD MN CLIMATE SUMMARY FOR MAY 31 2016...
VALID TODAY AS OF 0700 PM LOCAL TIME.

CLIMATE NORMAL PERIOD 1981 TO 2010
CLIMATE RECORD PERIOD 1893 TO 2016


WEATHER ITEM   OBSERVED TIME   RECORD YEAR NORMAL DEPARTURE LAST
                VALUE   (LST)  VALUE       VALUE  FROM      YEAR
                                                  NORMAL
..................................................................
TEMPERATURE (F)
 TODAY
  MAXIMUM         74    442 PM 105    1934  73      1       63
  MINIMUM         62    642 AM  32    1908  49     13       38
  AVERAGE         68                        61      7       51

PRECIPITATION (IN)
  TODAY            0.19          1.68 2014   0.10   0.09     0.00
  MONTH TO DATE    2.17                      2.95  -0.78     6.03
  SINCE MAR 1      5.41                      7.07  -1.66     8.08
  SINCE JAN 1      6.35                      8.31  -1.96     8.67

SNOWFALL (IN)
  TODAY            0.0           0.0    MM   0.0    0.0      0.0
  MONTH TO DATE    0.0                       T      0.0      0.0
  SINCE MAR 1      4.6                      11.5   -6.9      4.3
  SINCE JUL 1     30.3                      45.7  -15.4     31.1
  SNOW DEPTH       0

DEGREE DAYS
 HEATING
  TODAY            0                         6     -6       14
  MONTH TO DATE  264                       288    -24      305
  SINCE MAR 1   1686                      2008   -322     1857
  SINCE JUL 1   7137                      8454  -1317     8115

 COOLING
  TODAY            3                         1      2        0
  MONTH TO DATE   27                        23      4        5
  SINCE MAR 1     32                        25      7        5
  SINCE JAN 1     32                        25      7        5
..................................................................


WIND (MPH)
  HIGHEST WIND SPEED    18   HIGHEST WIND DIRECTION    SW (210)
  HIGHEST GUST SPEED    25   HIGHEST GUST DIRECTION     S (200)
  AVERAGE WIND SPEED    12.0


SKY COVER
  POSSIBLE SUNSHINE  MM
  AVERAGE SKY COVER 0.5


WEATHER CONDITIONS
 THE FOLLOWING WEATHER WAS RECORDED TODAY.
  RAIN
  LIGHT RAIN
  FOG


RELATIVE HUMIDITY (PERCENT)
 HIGHEST    93           600 AM
 LOWEST     44           600 PM
 AVERAGE    69

..........................................................


THE ST CLOUD MN CLIMATE NORMALS FOR TOMORROW
                         NORMAL    RECORD    YEAR
 MAXIMUM TEMPERATURE (F)   73        91      1934
 MINIMUM TEMPERATURE (F)   49        32      1993


SUNRISE AND SUNSET
MAY 31 2016...........SUNRISE   531 AM CDT   SUNSET   858 PM CDT
JUNE  1 2016..........SUNRISE   530 AM CDT   SUNSET   858 PM CDT


-  INDICATES NEGATIVE NUMBERS.
R  INDICATES RECORD WAS SET OR TIED.
MM INDICATES DATA IS MISSING.
T  INDICATES TRACE AMOUNT.




$$
