092
CDUS43 KMPX 300624
CLISTC


CLIMATE REPORT
NATIONAL WEATHER SERVICE CHANHASSEN MN
124 AM CDT FRI SEP 30 2016


...................................

...THE ST CLOUD MN CLIMATE SUMMARY FOR SEPTEMBER 29 2016...

CLIMATE NORMAL PERIOD 1981 TO 2010
CLIMATE RECORD PERIOD 1893 TO 2016


WEATHER ITEM   OBSERVED TIME   RECORD YEAR NORMAL DEPARTURE LAST
                VALUE   (LST)  VALUE       VALUE  FROM      YEAR
                                                  NORMAL
..................................................................
TEMPERATURE (F)
 YESTERDAY
  MAXIMUM         66    415 PM  84    2012  65      1       64
                                      1933
  MINIMUM         42    348 AM  22    1992  41      1       36
  AVERAGE         54                        53      1       50

PRECIPITATION (IN)
  YESTERDAY        0.00          1.55 1965   0.09  -0.09     0.00
  MONTH TO DATE    3.08                      3.37  -0.29     2.24
  SINCE SEP 1      3.08                      3.37  -0.29     2.24
  SINCE JAN 1     27.90                     22.95   4.95    25.85

SNOWFALL (IN)
  YESTERDAY        0.0           T    1908   0.0    0.0      0.0
  MONTH TO DATE    0.0                       0.0    0.0      0.0
  SINCE SEP 1      0.0                       0.0    0.0      0.0
  SINCE JUL 1      0.0                       0.0    0.0      0.0
  SNOW DEPTH       0

DEGREE DAYS
 HEATING
  YESTERDAY       11                        13     -2       15
  MONTH TO DATE  112                       217   -105       89
  SINCE SEP 1    112                       217   -105       89
  SINCE JUL 1    134                       275   -141      141

 COOLING
  YESTERDAY        0                         0      0        0
  MONTH TO DATE   28                        31     -3      106
  SINCE SEP 1     28                        31     -3      106
  SINCE JAN 1    506                       460     46      492
..................................................................


WIND (MPH)
  HIGHEST WIND SPEED    10   HIGHEST WIND DIRECTION     E (70)
  HIGHEST GUST SPEED    15   HIGHEST GUST DIRECTION    NE (50)
  AVERAGE WIND SPEED     4.2


SKY COVER
  POSSIBLE SUNSHINE  MM
  AVERAGE SKY COVER 0.2


WEATHER CONDITIONS
 THE FOLLOWING WEATHER WAS RECORDED YESTERDAY.
  FOG


RELATIVE HUMIDITY (PERCENT)
 HIGHEST   100           100 AM
 LOWEST     56           200 PM
 AVERAGE    78

..........................................................


THE ST CLOUD MN CLIMATE NORMALS FOR TODAY
                         NORMAL    RECORD    YEAR
 MAXIMUM TEMPERATURE (F)   64        86      1976
 MINIMUM TEMPERATURE (F)   41        24      1899


SUNRISE AND SUNSET
SEPTEMBER 30 2016.....SUNRISE   714 AM CDT   SUNSET   657 PM CDT
OCTOBER  1 2016.......SUNRISE   715 AM CDT   SUNSET   655 PM CDT


-  INDICATES NEGATIVE NUMBERS.
R  INDICATES RECORD WAS SET OR TIED.
MM INDICATES DATA IS MISSING.
T  INDICATES TRACE AMOUNT.




$$
