000
CDUS43 KMPX 200626
CLISTC


CLIMATE REPORT
NATIONAL WEATHER SERVICE CHANHASSEN MN
1224 AM CST MON FEB 20 2017


...................................

...THE ST CLOUD MN CLIMATE SUMMARY FOR FEBRUARY 19 2017...

CLIMATE NORMAL PERIOD 1981 TO 2010
CLIMATE RECORD PERIOD 1893 TO 2017


WEATHER ITEM   OBSERVED TIME   RECORD YEAR NORMAL DEPARTURE LAST
                VALUE   (LST)  VALUE       VALUE  FROM      YEAR
                                                  NORMAL
..................................................................
TEMPERATURE (F)
 YESTERDAY
  MAXIMUM         58R   235 PM  56    1981  28     30       45
  MINIMUM         28    524 AM -26    1910   9     19       34
  AVERAGE         43                        18     25       40

PRECIPITATION (IN)
  YESTERDAY        0.00          0.53 1971   0.03  -0.03     0.33
  MONTH TO DATE    0.10                      0.35  -0.25     0.62
  SINCE DEC 1      2.19                      1.82   0.37     1.95
  SINCE JAN 1      0.64                      1.00  -0.36     0.93

SNOWFALL (IN)
  YESTERDAY        0.0           4.9  1951   0.2   -0.2      0.0
  MONTH TO DATE    0.3                       4.4   -4.1      7.0
  SINCE DEC 1     19.1                      22.4   -3.3     19.8
  SINCE JUL 1     26.4                      31.6   -5.2     25.5
  SNOW DEPTH       0

DEGREE DAYS
 HEATING
  YESTERDAY       22                        47    -25       25
  MONTH TO DATE  754                       942   -188      897
  SINCE DEC 1   3696                      4119   -423     3660
  SINCE JUL 1   5070                      6044   -974     5119

 COOLING
  YESTERDAY        0                         0      0        0
  MONTH TO DATE    0                         0      0        0
  SINCE DEC 1      0                         0      0        0
  SINCE JAN 1      0                         0      0        0
..................................................................


WIND (MPH)
  HIGHEST WIND SPEED    17   HIGHEST WIND DIRECTION    SE (130)
  HIGHEST GUST SPEED    25   HIGHEST GUST DIRECTION    SE (130)
  AVERAGE WIND SPEED     7.8


SKY COVER
  POSSIBLE SUNSHINE  MM
  AVERAGE SKY COVER 0.0


WEATHER CONDITIONS
 THE FOLLOWING WEATHER WAS RECORDED YESTERDAY.
  FOG


RELATIVE HUMIDITY (PERCENT)
 HIGHEST   100          1200 AM
 LOWEST     51           200 PM
 AVERAGE    76

..........................................................


THE ST CLOUD MN CLIMATE NORMALS FOR TODAY
                         NORMAL    RECORD    YEAR
 MAXIMUM TEMPERATURE (F)   28        57      1981
 MINIMUM TEMPERATURE (F)    9       -20      1966
                                             1918


SUNRISE AND SUNSET
FEBRUARY 20 2017......SUNRISE   710 AM CST   SUNSET   551 PM CST
FEBRUARY 21 2017......SUNRISE   708 AM CST   SUNSET   552 PM CST


-  INDICATES NEGATIVE NUMBERS.
R  INDICATES RECORD WAS SET OR TIED.
MM INDICATES DATA IS MISSING.
T  INDICATES TRACE AMOUNT.




$$
