000
CDUS43 KMPX 300819
CLISTC


CLIMATE REPORT
NATIONAL WEATHER SERVICE CHANHASSEN MN
318 AM CDT SAT JUL 30 2016


...................................

...THE ST CLOUD MN CLIMATE SUMMARY FOR JULY 29 2016...

CLIMATE NORMAL PERIOD 1981 TO 2010
CLIMATE RECORD PERIOD 1893 TO 2016


WEATHER ITEM   OBSERVED TIME   RECORD YEAR NORMAL DEPARTURE LAST
                VALUE   (LST)  VALUE       VALUE  FROM      YEAR
                                                  NORMAL
..................................................................
TEMPERATURE (F)
 YESTERDAY
  MAXIMUM         78    445 PM  99    1935  82     -4       82
  MINIMUM         52    526 AM  43    1992  58     -6       65
  AVERAGE         65                        70     -5       74

PRECIPITATION (IN)
  YESTERDAY        0.00          1.81 1913   0.11  -0.11     0.00
  MONTH TO DATE    6.74                      3.10   3.64     7.18
  SINCE JUN 1     10.11                      7.27   2.84    11.84
  SINCE JAN 1     16.46                     15.58   0.88    20.51

SNOWFALL (IN)
  YESTERDAY        0.0           0.0    MM   0.0    0.0      0.0
  MONTH TO DATE    0.0                       0.0    0.0      0.0
  SINCE JUN 1      0.0                       0.0    0.0      0.0
  SINCE JUL 1      0.0                       0.0    0.0      0.0
  SNOW DEPTH       0

DEGREE DAYS
 HEATING
  YESTERDAY        0                         1     -1        0
  MONTH TO DATE    7                        15     -8       12
  SINCE JUN 1     40                        93    -53       40
  SINCE JUL 1      7                        15     -8       12

 COOLING
  YESTERDAY        0                         6     -6        9
  MONTH TO DATE  173                       173      0      183
  SINCE JUN 1    281                       268     13      255
  SINCE JAN 1    312                       293     19      260
..................................................................


WIND (MPH)
  HIGHEST WIND SPEED    12   HIGHEST WIND DIRECTION    NE (40)
  HIGHEST GUST SPEED    15   HIGHEST GUST DIRECTION    NE (60)
  AVERAGE WIND SPEED     3.6


SKY COVER
  POSSIBLE SUNSHINE  MM
  AVERAGE SKY COVER 0.0


WEATHER CONDITIONS
 THE FOLLOWING WEATHER WAS RECORDED YESTERDAY.
  NO SIGNIFICANT WEATHER WAS OBSERVED.


RELATIVE HUMIDITY (PERCENT)
 HIGHEST   100           300 AM
 LOWEST     45           300 PM
 AVERAGE    73

..........................................................


THE ST CLOUD MN CLIMATE NORMALS FOR TODAY
                         NORMAL    RECORD    YEAR
 MAXIMUM TEMPERATURE (F)   82       102      1900
 MINIMUM TEMPERATURE (F)   58        44      1971


SUNRISE AND SUNSET
JULY 30 2016..........SUNRISE   558 AM CDT   SUNSET   846 PM CDT
JULY 31 2016..........SUNRISE   600 AM CDT   SUNSET   845 PM CDT


-  INDICATES NEGATIVE NUMBERS.
R  INDICATES RECORD WAS SET OR TIED.
MM INDICATES DATA IS MISSING.
T  INDICATES TRACE AMOUNT.




$$
