000
CDUS43 KMPX 300635
CLISTC


CLIMATE REPORT
NATIONAL WEATHER SERVICE CHANHASSEN MN
135 AM CDT THU MAR 30 2017


...................................

...THE ST CLOUD MN CLIMATE SUMMARY FOR MARCH 29 2017...

CLIMATE NORMAL PERIOD 1981 TO 2010
CLIMATE RECORD PERIOD 1893 TO 2017


WEATHER ITEM   OBSERVED TIME   RECORD YEAR NORMAL DEPARTURE LAST
                VALUE   (LST)  VALUE       VALUE  FROM      YEAR
                                                  NORMAL
..................................................................
TEMPERATURE (F)
 YESTERDAY
  MAXIMUM         52        MM  76    1910  46      6       66
  MINIMUM         32        MM  -8    1969  25      7       36
  AVERAGE         42                        36      6       51

PRECIPITATION (IN)
  YESTERDAY        0.00          1.13 1940   0.07  -0.07     0.25
  MONTH TO DATE    0.67                      1.42  -0.75     1.21
  SINCE MAR 1      0.67                      1.42  -0.75     1.21
  SINCE JAN 1      1.99                      2.66  -0.67     2.15

SNOWFALL (IN)
  YESTERDAY        0.0           4.0  1924   0.2   -0.2      0.0
  MONTH TO DATE    2.0                       8.1   -6.1      3.0
  SINCE MAR 1      2.0                       8.1   -6.1      3.0
  SINCE JUL 1     30.9                      42.3  -11.4     28.7
  SNOW DEPTH       0

DEGREE DAYS
 HEATING
  YESTERDAY       23                        29     -6       14
  MONTH TO DATE 1015                      1045    -30      774
  SINCE MAR 1   1015                      1045    -30      774
  SINCE JUL 1   6371                      7491  -1120     6225

 COOLING
  YESTERDAY        0                         0      0        0
  MONTH TO DATE    0                         0      0        0
  SINCE MAR 1      0                         0      0        0
  SINCE JAN 1      0                         0      0        0
..................................................................


WIND (MPH)
  HIGHEST WIND SPEED    12   HIGHEST WIND DIRECTION    SE (150)
  HIGHEST GUST SPEED    MM   HIGHEST GUST DIRECTION    MM
  AVERAGE WIND SPEED     5.5


SKY COVER
  POSSIBLE SUNSHINE  MM
  AVERAGE SKY COVER 0.2


WEATHER CONDITIONS
 THE FOLLOWING WEATHER WAS RECORDED YESTERDAY.
  NO SIGNIFICANT WEATHER WAS OBSERVED.


RELATIVE HUMIDITY (PERCENT)
 HIGHEST    89          1200 AM
 LOWEST     50           100 PM
 AVERAGE    70

..........................................................


THE ST CLOUD MN CLIMATE NORMALS FOR TODAY
                         NORMAL    RECORD    YEAR
 MAXIMUM TEMPERATURE (F)   47        79      1968
 MINIMUM TEMPERATURE (F)   26        -7      1969


SUNRISE AND SUNSET
MARCH 30 2017.........SUNRISE   700 AM CDT   SUNSET   742 PM CDT
MARCH 31 2017.........SUNRISE   658 AM CDT   SUNSET   744 PM CDT


-  INDICATES NEGATIVE NUMBERS.
R  INDICATES RECORD WAS SET OR TIED.
MM INDICATES DATA IS MISSING.
T  INDICATES TRACE AMOUNT.




$$
