000
CDUS43 KEAX 240636
CLISTJ


CLIMATE REPORT
NATIONAL WEATHER SERVICE KANSAS CITY/PLEASANT HILL MO
1234 AM CST SAT FEB 24 2018


...................................

...THE ST. JOSEPH MO CLIMATE SUMMARY FOR FEBRUARY 23 2018...

CLIMATE NORMAL PERIOD 1981 TO 2010
CLIMATE RECORD PERIOD 1892 TO 2018


WEATHER ITEM   OBSERVED TIME   RECORD YEAR NORMAL DEPARTURE LAST
                VALUE   (LST)  VALUE       VALUE  FROM      YEAR
                                                  NORMAL
..................................................................
TEMPERATURE (F)
 YESTERDAY
  MAXIMUM         37    505 PM  71    1918  45     -8       57
  MINIMUM         31    940 AM  -5    1910  24      7       43
  AVERAGE         34                        34      0       50

PRECIPITATION (IN)
  YESTERDAY        0.00          1.20 1942   0.04  -0.04     0.01
  MONTH TO DATE    0.60                      0.74  -0.14     0.05
  SINCE DEC 1      1.51                      2.82  -1.31     2.12
  SINCE JAN 1      1.37                      1.30   0.07     1.02

DEGREE DAYS
 HEATING
  YESTERDAY       31                        31      0       15
  MONTH TO DATE  865                       776     89      538
  SINCE DEC 1   2786                      3048   -262     2495
  SINCE JUL 1   3761                      4159   -398     3170

 COOLING
  YESTERDAY        0                         0      0        0
  MONTH TO DATE    0                         0      0        0
  SINCE DEC 1      0                         0      0        0
  SINCE JAN 1      0                         0      0        0
..................................................................


WIND (MPH)
  HIGHEST WIND SPEED    13   HIGHEST WIND DIRECTION    NW (310)
  HIGHEST GUST SPEED    16   HIGHEST GUST DIRECTION    NW (310)
  AVERAGE WIND SPEED     5.6


SKY COVER
  POSSIBLE SUNSHINE  MM
  AVERAGE SKY COVER 1.0


WEATHER CONDITIONS
 THE FOLLOWING WEATHER WAS RECORDED YESTERDAY.
  FOG


RELATIVE HUMIDITY (PERCENT)
 HIGHEST   100          1200 AM
 LOWEST     75          1200 PM
 AVERAGE    88

..........................................................


THE ST. JOSEPH MO CLIMATE NORMALS FOR TODAY
                         NORMAL    RECORD    YEAR
 MAXIMUM TEMPERATURE (F)   45        83      1930
 MINIMUM TEMPERATURE (F)   24        -5      2010


SUNRISE AND SUNSET
FEBRUARY 24 2018......SUNRISE   700 AM CST   SUNSET   606 PM CST
FEBRUARY 25 2018......SUNRISE   659 AM CST   SUNSET   607 PM CST


-  INDICATES NEGATIVE NUMBERS.
R  INDICATES RECORD WAS SET OR TIED.
MM INDICATES DATA IS MISSING.
T  INDICATES TRACE AMOUNT.




$$
