000
CDUS43 KEAX 020638
CLISTJ


CLIMATE REPORT
NATIONAL WEATHER SERVICE KANSAS CITY/PLEASANT HILL MO
137 AM CDT WED SEP 2 2015


...................................

...THE ST. JOSEPH MO CLIMATE SUMMARY FOR SEPTEMBER 1 2015...

CLIMATE NORMAL PERIOD 1981 TO 2010
CLIMATE RECORD PERIOD 1892 TO 2015


WEATHER ITEM   OBSERVED TIME   RECORD YEAR NORMAL DEPARTURE LAST
                VALUE   (LST)  VALUE       VALUE  FROM      YEAR
                                                  NORMAL
..................................................................
TEMPERATURE (F)
 YESTERDAY
  MAXIMUM         90    309 PM 104    1922  84      6       82
  MINIMUM         71    629 AM  41    1967  60     11       64
  AVERAGE         81                        72      9       73

PRECIPITATION (IN)
  YESTERDAY        0.00          2.35 1926   0.16  -0.16     0.15
  MONTH TO DATE    0.00                      0.16  -0.16     0.15
  SINCE SEP 1      0.00                      0.16  -0.16     0.15
  SINCE JAN 1     28.60                     26.46   2.14    22.70

DEGREE DAYS
 HEATING
  YESTERDAY        0                         0      0        0
  MONTH TO DATE    0                         0      0        0
  SINCE SEP 1      0                         0      0        0
  SINCE JUL 1      4                         5     -1        6

 COOLING
  YESTERDAY       16                         7      9        8
  MONTH TO DATE   16                         7      9        8
  SINCE SEP 1     16                         7      9        8
  SINCE JAN 1   1043                      1084    -41     1057
..................................................................


WIND (MPH)
  HIGHEST WIND SPEED    18   HIGHEST WIND DIRECTION     S (170)
  HIGHEST GUST SPEED    23   HIGHEST GUST DIRECTION     S (180)
  AVERAGE WIND SPEED     9.5


SKY COVER
  POSSIBLE SUNSHINE  MM
  AVERAGE SKY COVER 0.0


WEATHER CONDITIONS
 THE FOLLOWING WEATHER WAS RECORDED YESTERDAY.
  FOG


RELATIVE HUMIDITY (PERCENT)
 HIGHEST    93           200 AM
 LOWEST     50           300 PM
 AVERAGE    72

..........................................................


THE ST. JOSEPH MO CLIMATE NORMALS FOR TODAY
                         NORMAL    RECORD    YEAR
 MAXIMUM TEMPERATURE (F)   84       100      1913
 MINIMUM TEMPERATURE (F)   60        45      1981


SUNRISE AND SUNSET
SEPTEMBER  2 2015.....SUNRISE   648 AM CDT   SUNSET   750 PM CDT
SEPTEMBER  3 2015.....SUNRISE   649 AM CDT   SUNSET   748 PM CDT


-  INDICATES NEGATIVE NUMBERS.
R  INDICATES RECORD WAS SET OR TIED.
MM INDICATES DATA IS MISSING.
T  INDICATES TRACE AMOUNT.




$$
