000
CDUS43 KEAX 110650
CLISTJ


CLIMATE REPORT
NATIONAL WEATHER SERVICE KANSAS CITY/PLEASANT HILL MO
1250 AM CST THU FEB 11 2016


...................................

...THE ST. JOSEPH MO CLIMATE SUMMARY FOR FEBRUARY 10 2016...

CLIMATE NORMAL PERIOD 1981 TO 2010
CLIMATE RECORD PERIOD 1892 TO 2016


WEATHER ITEM   OBSERVED TIME   RECORD YEAR NORMAL DEPARTURE LAST
                VALUE   (LST)  VALUE       VALUE  FROM      YEAR
                                                  NORMAL
..................................................................
TEMPERATURE (F)
 YESTERDAY
  MAXIMUM         48    420 PM  74    1932  41      7       49
  MINIMUM         16    103 AM -12    1982  20     -4       28
  AVERAGE         32                        30      2       39

PRECIPITATION (IN)
  YESTERDAY        T             1.90 1898   0.04  -0.04     0.00
  MONTH TO DATE    0.32                      0.30   0.02     0.25
  SINCE DEC 1      3.16                      2.38   0.78     2.36
  SINCE JAN 1      0.91                      0.86   0.05     1.40

DEGREE DAYS
 HEATING
  YESTERDAY       33                        34     -1       26
  MONTH TO DATE  324                       353    -29      378
  SINCE DEC 1   2313                      2625   -312     2469
  SINCE JUL 1   3149                      3736   -587     3715

 COOLING
  YESTERDAY        0                         0      0        0
  MONTH TO DATE    0                         0      0        0
  SINCE DEC 1      0                         0      0        0
  SINCE JAN 1      0                         0      0        0
..................................................................


WIND (MPH)
  HIGHEST WIND SPEED    22   HIGHEST WIND DIRECTION     S (200)
  HIGHEST GUST SPEED    26   HIGHEST GUST DIRECTION     S (200)
  AVERAGE WIND SPEED     9.0


SKY COVER
  POSSIBLE SUNSHINE  MM
  AVERAGE SKY COVER 0.3


WEATHER CONDITIONS
 THE FOLLOWING WEATHER WAS RECORDED YESTERDAY.
  LIGHT SNOW


RELATIVE HUMIDITY (PERCENT)
 HIGHEST    81          1000 PM
 LOWEST     34           300 PM
 AVERAGE    58

..........................................................


THE ST. JOSEPH MO CLIMATE NORMALS FOR TODAY
                         NORMAL    RECORD    YEAR
 MAXIMUM TEMPERATURE (F)   41        71      1951
 MINIMUM TEMPERATURE (F)   21       -14      1981


SUNRISE AND SUNSET
FEBRUARY 11 2016......SUNRISE   718 AM CST   SUNSET   551 PM CST
FEBRUARY 12 2016......SUNRISE   716 AM CST   SUNSET   552 PM CST


-  INDICATES NEGATIVE NUMBERS.
R  INDICATES RECORD WAS SET OR TIED.
MM INDICATES DATA IS MISSING.
T  INDICATES TRACE AMOUNT.




$$
