000
CDUS43 KEAX 220633
CLISTJ


CLIMATE REPORT
NATIONAL WEATHER SERVICE KANSAS CITY/PLEASANT HILL MO
132 AM CDT TUE AUG 22 2017


...................................

...THE ST. JOSEPH MO CLIMATE SUMMARY FOR AUGUST 21 2017...

CLIMATE NORMAL PERIOD 1981 TO 2010
CLIMATE RECORD PERIOD 1892 TO 2017


WEATHER ITEM   OBSERVED TIME   RECORD YEAR NORMAL DEPARTURE LAST
                VALUE   (LST)  VALUE       VALUE  FROM      YEAR
                                                  NORMAL
..................................................................
TEMPERATURE (F)
 YESTERDAY
  MAXIMUM         84    224 PM 103    2003  86     -2       81
  MINIMUM         68   1159 PM  45    1923  64      4       54
  AVERAGE         76                        75      1       68

PRECIPITATION (IN)
  YESTERDAY        0.87          1.81 1961   0.13   0.74     0.00
  MONTH TO DATE    1.72                      2.57  -0.85     2.19
  SINCE JUN 1      6.21                     11.94  -5.73    11.44
  SINCE JAN 1     18.29                     24.89  -6.60    25.57

DEGREE DAYS
 HEATING
  YESTERDAY        0                         0      0        0
  MONTH TO DATE    6                         0      6        0
  SINCE JUN 1     10                         9      1        2
  SINCE JUL 1      6                         1      5        2

 COOLING
  YESTERDAY       11                        10      1        3
  MONTH TO DATE  145                       237    -92      248
  SINCE JUN 1    886                       878      8     1090
  SINCE JAN 1   1005                       991     14     1173
..................................................................


WIND (MPH)
  HIGHEST WIND SPEED    32   HIGHEST WIND DIRECTION    NE (30)
  HIGHEST GUST SPEED    41   HIGHEST GUST DIRECTION    NE (30)
  AVERAGE WIND SPEED     8.6


SKY COVER
  POSSIBLE SUNSHINE  MM
  AVERAGE SKY COVER 0.6


WEATHER CONDITIONS
 THE FOLLOWING WEATHER WAS RECORDED YESTERDAY.
  THUNDERSTORM
  HEAVY RAIN
  RAIN
  LIGHT RAIN
  FOG


RELATIVE HUMIDITY (PERCENT)
 HIGHEST    93           300 AM
 LOWEST     74           300 PM
 AVERAGE    84

..........................................................


THE ST. JOSEPH MO CLIMATE NORMALS FOR TODAY
                         NORMAL    RECORD    YEAR
 MAXIMUM TEMPERATURE (F)   86       101      1936
 MINIMUM TEMPERATURE (F)   63        50      1981


SUNRISE AND SUNSET
AUGUST 22 2017........SUNRISE   639 AM CDT   SUNSET   806 PM CDT
AUGUST 23 2017........SUNRISE   640 AM CDT   SUNSET   804 PM CDT


-  INDICATES NEGATIVE NUMBERS.
R  INDICATES RECORD WAS SET OR TIED.
MM INDICATES DATA IS MISSING.
T  INDICATES TRACE AMOUNT.




$$
