000
CDUS43 KEAX 300707
CLISTJ


CLIMATE REPORT
NATIONAL WEATHER SERVICE KANSAS CITY/PLEASANT HILL MO
148 AM CDT SAT MAY 30 2015


...................................

...THE ST. JOSEPH MO CLIMATE SUMMARY FOR MAY 29 2015...

CLIMATE NORMAL PERIOD 1981 TO 2010
CLIMATE RECORD PERIOD 1892 TO 2015


WEATHER ITEM   OBSERVED TIME   RECORD YEAR NORMAL DEPARTURE LAST
                VALUE   (LST)  VALUE       VALUE  FROM      YEAR
                                                  NORMAL
..................................................................
TEMPERATURE (F)
 YESTERDAY
  MAXIMUM         72    507 PM  98    1934  80     -8       87
  MINIMUM         63    400 AM  35    1947  58      5       63
  AVERAGE         68                        69     -1       75

PRECIPITATION (IN)
  YESTERDAY        0.43          2.56 1994   0.17   0.26     0.01
  MONTH TO DATE    9.75                      5.08   4.67     2.54
  SINCE MAR 1     13.93                     11.12   2.81     6.93
  SINCE JAN 1     15.68                     12.61   3.07     7.75

DEGREE DAYS
 HEATING
  YESTERDAY        0                         1     -1        0
  MONTH TO DATE   91                       110    -19      122
  SINCE MAR 1    970                      1140   -170     1329
  SINCE JUL 1   5494                      5448     46     6269

 COOLING
  YESTERDAY        3                         5     -2       10
  MONTH TO DATE   63                        80    -17      130
  SINCE MAR 1     68                       101    -33      138
  SINCE JAN 1     68                       101    -33      138
..................................................................


WIND (MPH)
  HIGHEST WIND SPEED    16   HIGHEST WIND DIRECTION    SW (210)
  HIGHEST GUST SPEED    21   HIGHEST GUST DIRECTION    SW (220)
  AVERAGE WIND SPEED     7.0


SKY COVER
  POSSIBLE SUNSHINE  MM
  AVERAGE SKY COVER 0.5


WEATHER CONDITIONS
 THE FOLLOWING WEATHER WAS RECORDED YESTERDAY.
  HEAVY RAIN
  RAIN
  LIGHT RAIN
  FOG


RELATIVE HUMIDITY (PERCENT)
 HIGHEST   100           400 AM
 LOWEST     79           600 PM
 AVERAGE    90

..........................................................


THE ST. JOSEPH MO CLIMATE NORMALS FOR TODAY
                         NORMAL    RECORD    YEAR
 MAXIMUM TEMPERATURE (F)   80       103      1934
 MINIMUM TEMPERATURE (F)   59        43      1984


SUNRISE AND SUNSET
MAY 30 2015...........SUNRISE   555 AM CDT   SUNSET   840 PM CDT
MAY 31 2015...........SUNRISE   554 AM CDT   SUNSET   841 PM CDT


-  INDICATES NEGATIVE NUMBERS.
R  INDICATES RECORD WAS SET OR TIED.
MM INDICATES DATA IS MISSING.
T  INDICATES TRACE AMOUNT.




$$
