000
CDUS43 KLSX 280735
CLISTL


CLIMATE REPORT
NATIONAL WEATHER SERVICE ST LOUIS MO
133 AM CST WED JAN 28 2015


...................................

...THE ST. LOUIS CLIMATE SUMMARY FOR JANUARY 27 2015...

CLIMATE NORMAL PERIOD 1981 TO 2010
CLIMATE RECORD PERIOD 1874 TO 2015


WEATHER ITEM   OBSERVED TIME   RECORD YEAR NORMAL DEPARTURE LAST
                VALUE   (LST)  VALUE       VALUE  FROM      YEAR
                                                  NORMAL
..................................................................
TEMPERATURE (F)
 YESTERDAY
  MAXIMUM         46    336 PM  71    1944  41      5       25
  MINIMUM         29   1159 PM -14    1936  24      5        7
  AVERAGE         38                        32      6       16

PRECIPITATION (IN)
  YESTERDAY        0.00          1.00 1949   0.08  -0.08     0.00
  MONTH TO DATE    1.21                      2.11  -0.90     1.67
  SINCE DEC 1      3.93                      4.95  -1.02     3.63
  SINCE JAN 1      1.21                      2.11  -0.90     1.67

SNOWFALL (IN)
  YESTERDAY        0.0           4.6  1979   0.2   -0.2      0.0
  MONTH TO DATE    0.3                       4.9   -4.6     15.8
  SINCE DEC 1      0.5                       9.3   -8.8     21.4
  SINCE JUL 1      4.3                      10.0   -5.7     21.4
  SNOW DEPTH       0

DEGREE DAYS
 HEATING
  YESTERDAY       27                        33     -6       49
  MONTH TO DATE  877                       899    -22     1000
  SINCE DEC 1   1681                      1838   -157     1970
  SINCE JUL 1   2638                      2664    -26     2840

 COOLING
  YESTERDAY        0                         0      0        0
  MONTH TO DATE    0                         0      0        0
  SINCE DEC 1      0                         0      0        0
  SINCE JAN 1      0                         0      0        0
..................................................................


WIND (MPH)
  HIGHEST WIND SPEED    12   HIGHEST WIND DIRECTION    NE (60)
  HIGHEST GUST SPEED    MM   HIGHEST GUST DIRECTION    MM
  AVERAGE WIND SPEED     7.3


SKY COVER
  AVERAGE SKY COVER 0.4


WEATHER CONDITIONS
 THE FOLLOWING WEATHER WAS RECORDED YESTERDAY.
  NO SIGNIFICANT WEATHER WAS OBSERVED.


RELATIVE HUMIDITY (PERCENT)
 HIGHEST    89           600 AM
 LOWEST     57           500 PM
 AVERAGE    73

..........................................................


THE ST. LOUIS CLIMATE NORMALS FOR TODAY
                         NORMAL    RECORD    YEAR
 MAXIMUM TEMPERATURE (F)   41        76      1970
 MINIMUM TEMPERATURE (F)   24       -11      1936


SUNRISE AND SUNSET
JANUARY 28 2015.......SUNRISE   711 AM CST   SUNSET   518 PM CST
JANUARY 29 2015.......SUNRISE   710 AM CST   SUNSET   520 PM CST


-  INDICATES NEGATIVE NUMBERS.
R  INDICATES RECORD WAS SET OR TIED.
MM INDICATES DATA IS MISSING.
T  INDICATES TRACE AMOUNT.




$$
