000
CDUS46 KMTR 250826
CLISTS


CLIMATE REPORT
NATIONAL WEATHER SERVICE SAN FRANCISCO BAY AREA
126 AM PDT SAT MAR 25 2017


...................................

...THE SANTA ROSA AIRPORT CLIMATE SUMMARY FOR MARCH 24 2017...

CLIMATE NORMAL PERIOD 1981 TO 2010
CLIMATE RECORD PERIOD 1998 TO 2017


WEATHER ITEM   OBSERVED TIME   RECORD YEAR NORMAL DEPARTURE LAST
                VALUE   (LST)  VALUE       VALUE  FROM      YEAR
                                                  NORMAL
..................................................................
TEMPERATURE (F)
 YESTERDAY
  MAXIMUM         59    433 PM  77    2014  65     -6       73
  MINIMUM         47   1159 PM  34    2005  42      5       44
  AVERAGE         53                        53      0       59

PRECIPITATION (IN)
  YESTERDAY        1.29          1.92 1999   0.12   1.17     0.00
  MONTH TO DATE    3.18                      4.04  -0.86    10.11
  SINCE OCT 1     55.25                     31.24  24.01    30.30
  SINCE JAN 1     36.83                     17.49  19.34    21.72

DEGREE DAYS
 HEATING
  YESTERDAY       12                                         6
  MONTH TO DATE  243                                       240
  SINCE MAR 1    243                                       240
  SINCE JUL 1   2266                                      1970

 COOLING
  YESTERDAY        0                                         0
  MONTH TO DATE    0                                         0
  SINCE MAR 1      0                                         0
  SINCE JAN 1      0                                         3
..................................................................


WIND (MPH)
  RESULTANT WIND SPEED   6   RESULTANT WIND DIRECTION   S (160)
  HIGHEST WIND SPEED    21   HIGHEST WIND DIRECTION    SE (150)
  HIGHEST GUST SPEED    29   HIGHEST GUST DIRECTION    SE (150)
  AVERAGE WIND SPEED     7.4


SKY COVER
  POSSIBLE SUNSHINE  MM
  AVERAGE SKY COVER 1.0


WEATHER CONDITIONS
 THE FOLLOWING WEATHER WAS RECORDED YESTERDAY.
  HEAVY RAIN
  RAIN
  LIGHT RAIN
  FOG


RELATIVE HUMIDITY (PERCENT)
 HIGHEST   100           900 AM
 LOWEST     72           600 PM
 AVERAGE    86

..........................................................


THE SANTA ROSA AIRPORT CLIMATE NORMALS FOR TODAY
                         NORMAL    RECORD    YEAR
 MAXIMUM TEMPERATURE (F)   65        77      2015
 MINIMUM TEMPERATURE (F)   42        34      2005


SUNRISE AND SUNSET
MARCH 25 2017.........SUNRISE   706 AM PDT   SUNSET   728 PM PDT
MARCH 26 2017.........SUNRISE   705 AM PDT   SUNSET   729 PM PDT


-  INDICATES NEGATIVE NUMBERS.
R  INDICATES RECORD WAS SET OR TIED.
MM INDICATES DATA IS MISSING.
T  INDICATES TRACE AMOUNT.




$$
