913
CDUS43 KFSD 260631
CLISUX


CLIMATE REPORT
NATIONAL WEATHER SERVICE SIOUX FALLS SD
130 AM CDT FRI AUG 26 2016


...................................

...THE SIOUX CITY IA CLIMATE SUMMARY FOR AUGUST 25 2016...

CLIMATE NORMAL PERIOD 1981 TO 2010
CLIMATE RECORD PERIOD 1889 TO 2016


WEATHER ITEM   OBSERVED TIME   RECORD YEAR NORMAL DEPARTURE LAST
                VALUE   (LST)  VALUE       VALUE  FROM      YEAR
                                                  NORMAL
..................................................................
TEMPERATURE (F)
 YESTERDAY
  MAXIMUM         76    457 PM 102    1955  82     -6       77
  MINIMUM         56    551 AM  44    1915  59     -3       45
  AVERAGE         66                        71     -5       61

PRECIPITATION (IN)
  YESTERDAY        0.00          2.21 1992   0.10  -0.10     0.00
  MONTH TO DATE    4.91                      2.58   2.33     3.77
  SINCE JUN 1      8.48                      9.91  -1.43    13.64
  SINCE JAN 1     24.21                     19.89   4.32    21.54

SNOWFALL (IN)
  YESTERDAY        0.0           0.0    MM   0.0    0.0      0.0
  MONTH TO DATE    0.0                       0.0    0.0      0.0
  SINCE JUN 1      0.0                       0.0    0.0      0.0
  SINCE JUL 1      0.0                       0.0    0.0      0.0
  SNOW DEPTH       0

DEGREE DAYS
 HEATING
  YESTERDAY        0                         1     -1        4
  MONTH TO DATE    0                         3     -3       19
  SINCE JUN 1      0                        33    -33       24
  SINCE JUL 1      0                         6     -6       22

 COOLING
  YESTERDAY        1                         6     -5        0
  MONTH TO DATE  240                       198     42      171
  SINCE JUN 1    922                       679    243      668
  SINCE JAN 1    974                       743    231      697
..................................................................


WIND (MPH)
  HIGHEST WIND SPEED    13   HIGHEST WIND DIRECTION     N (340)
  HIGHEST GUST SPEED    16   HIGHEST GUST DIRECTION    NW (330)
  AVERAGE WIND SPEED     5.7


SKY COVER
  POSSIBLE SUNSHINE  MM
  AVERAGE SKY COVER 0.0


WEATHER CONDITIONS
 THE FOLLOWING WEATHER WAS RECORDED YESTERDAY.
  NO SIGNIFICANT WEATHER WAS OBSERVED.


RELATIVE HUMIDITY (PERCENT)
 HIGHEST    93           300 AM
 LOWEST     53           200 PM
 AVERAGE    73

..........................................................


THE SIOUX CITY IA CLIMATE NORMALS FOR TODAY
                         NORMAL    RECORD    YEAR
 MAXIMUM TEMPERATURE (F)   82       104      1955
 MINIMUM TEMPERATURE (F)   59        44      1910
                                             1896


SUNRISE AND SUNSET
AUGUST 26 2016........SUNRISE   645 AM CDT   SUNSET   809 PM CDT
AUGUST 27 2016........SUNRISE   646 AM CDT   SUNSET   807 PM CDT


-  INDICATES NEGATIVE NUMBERS.
R  INDICATES RECORD WAS SET OR TIED.
MM INDICATES DATA IS MISSING.
T  INDICATES TRACE AMOUNT.




$$
