402
CDUS43 KFSD 172242
CLISUX


CLIMATE REPORT
NATIONAL WEATHER SERVICE SIOUX FALLS SD
442 PM CST TUE JAN 17 2017


...................................

...THE SIOUX CITY IA CLIMATE SUMMARY FOR JANUARY 17 2017...
VALID TODAY AS OF 0400 PM LOCAL TIME.

CLIMATE NORMAL PERIOD 1981 TO 2010
CLIMATE RECORD PERIOD 1889 TO 2017


WEATHER ITEM   OBSERVED TIME   RECORD YEAR NORMAL DEPARTURE LAST
                VALUE   (LST)  VALUE       VALUE  FROM      YEAR
                                                  NORMAL
..................................................................
TEMPERATURE (F)
 TODAY
  MAXIMUM         36    353 PM  55    1891  31      5        5
  MINIMUM         20    911 AM -22    1930  10     10      -11
  AVERAGE         28                        20      8       -3

PRECIPITATION (IN)
  TODAY            0.00          0.66 1996   0.02  -0.02     0.00
  MONTH TO DATE    0.36                      0.34   0.02     0.49
  SINCE DEC 1      1.84                      1.14   0.70     3.35
  SINCE JAN 1      0.36                      0.34   0.02     0.49

SNOWFALL (IN)
  TODAY            0.0           5.1  1936   0.3   -0.3      0.0
  MONTH TO DATE    1.0                       3.6   -2.6      3.5
  SINCE DEC 1      5.5                      11.4   -5.9     15.3
  SINCE JUL 1      6.5                      16.8  -10.3     27.8
  SNOW DEPTH       T

DEGREE DAYS
 HEATING
  TODAY           37                        45     -8       68
  MONTH TO DATE  776                       765     11      775
  SINCE DEC 1   2016                      2081    -65     1820
  SINCE JUL 1   2960                      3557   -597     2926

 COOLING
  TODAY            0                         0      0        0
  MONTH TO DATE    0                         0      0        0
  SINCE DEC 1      0                         0      0        0
  SINCE JAN 1      0                         0      0        0
..................................................................


WIND (MPH)
  HIGHEST WIND SPEED    23   HIGHEST WIND DIRECTION    NW (320)
  HIGHEST GUST SPEED    28   HIGHEST GUST DIRECTION    NW (320)
  AVERAGE WIND SPEED    12.1


SKY COVER
  POSSIBLE SUNSHINE  MM
  AVERAGE SKY COVER 0.8


WEATHER CONDITIONS
 THE FOLLOWING WEATHER WAS RECORDED TODAY.
  FOG


RELATIVE HUMIDITY (PERCENT)
 HIGHEST    96           400 AM
 LOWEST     69           200 PM
 AVERAGE    83

..........................................................


THE SIOUX CITY IA CLIMATE NORMALS FOR TOMORROW
                         NORMAL    RECORD    YEAR
 MAXIMUM TEMPERATURE (F)   31        57      1951
                                             1923
 MINIMUM TEMPERATURE (F)   10       -21      1892


SUNRISE AND SUNSET
JANUARY 17 2017.......SUNRISE   751 AM CST   SUNSET   521 PM CST
JANUARY 18 2017.......SUNRISE   750 AM CST   SUNSET   522 PM CST


-  INDICATES NEGATIVE NUMBERS.
R  INDICATES RECORD WAS SET OR TIED.
MM INDICATES DATA IS MISSING.
T  INDICATES TRACE AMOUNT.




$$
