000
CDUS43 KFSD 300633
CLISUX


CLIMATE REPORT
NATIONAL WEATHER SERVICE SIOUX FALLS SD
133 AM CDT THU MAR 30 2017


...................................

...THE SIOUX CITY IA CLIMATE SUMMARY FOR MARCH 29 2017...

CLIMATE NORMAL PERIOD 1981 TO 2010
CLIMATE RECORD PERIOD 1889 TO 2017


WEATHER ITEM   OBSERVED TIME   RECORD YEAR NORMAL DEPARTURE LAST
                VALUE   (LST)  VALUE       VALUE  FROM      YEAR
                                                  NORMAL
..................................................................
TEMPERATURE (F)
 YESTERDAY
  MAXIMUM         48   1221 AM  89    1986  54     -6       62
  MINIMUM         40   1159 PM   5    1969  30     10       37
  AVERAGE         44                        42      2       50

PRECIPITATION (IN)
  YESTERDAY        0.43          0.95 1976   0.09   0.34     0.01
  MONTH TO DATE    1.50                      1.82  -0.32     2.79
  SINCE MAR 1      1.50                      1.82  -0.32     2.79
  SINCE JAN 1      3.09                      3.11  -0.02     4.63

SNOWFALL (IN)
  YESTERDAY        0.0           5.0  1954   0.2   -0.2      0.0
  MONTH TO DATE    3.1                       6.2   -3.1     14.5
  SINCE MAR 1      3.1                       6.2   -3.1     14.5
  SINCE JUL 1     28.6                      32.7   -4.1     57.6
  SNOW DEPTH       0

DEGREE DAYS
 HEATING
  YESTERDAY       21                        23     -2       15
  MONTH TO DATE  729                       840   -111      604
  SINCE MAR 1    729                       840   -111      604
  SINCE JUL 1   4966                      6134  -1168     5063

 COOLING
  YESTERDAY        0                         0      0        0
  MONTH TO DATE    0                         0      0        0
  SINCE MAR 1      0                         0      0        0
  SINCE JAN 1      0                         0      0        0
..................................................................


WIND (MPH)
  HIGHEST WIND SPEED    31   HIGHEST WIND DIRECTION     E (90)
  HIGHEST GUST SPEED    40   HIGHEST GUST DIRECTION    NE (60)
  AVERAGE WIND SPEED    15.7


SKY COVER
  POSSIBLE SUNSHINE  MM
  AVERAGE SKY COVER 1.0


WEATHER CONDITIONS
 THE FOLLOWING WEATHER WAS RECORDED YESTERDAY.
  RAIN
  LIGHT RAIN
  FOG


RELATIVE HUMIDITY (PERCENT)
 HIGHEST   100           600 AM
 LOWEST     80          1200 AM
 AVERAGE    90

..........................................................


THE SIOUX CITY IA CLIMATE NORMALS FOR TODAY
                         NORMAL    RECORD    YEAR
 MAXIMUM TEMPERATURE (F)   55        91      1968
 MINIMUM TEMPERATURE (F)   30         8      1969


SUNRISE AND SUNSET
MARCH 30 2017.........SUNRISE   711 AM CDT   SUNSET   750 PM CDT
MARCH 31 2017.........SUNRISE   709 AM CDT   SUNSET   751 PM CDT


-  INDICATES NEGATIVE NUMBERS.
R  INDICATES RECORD WAS SET OR TIED.
MM INDICATES DATA IS MISSING.
T  INDICATES TRACE AMOUNT.




$$
