000
CDUS41 KBGM 150557
CLISYR


CLIMATE REPORT
NATIONAL WEATHER SERVICE BINGHAMTON NY
1256 AM EST FRI DEC 15 2017


...................................

...THE SYRACUSE NY CLIMATE SUMMARY FOR DECEMBER 14 2017...

CLIMATE NORMAL PERIOD 1981 TO 2010
CLIMATE RECORD PERIOD 1902 TO 2017


WEATHER ITEM   OBSERVED TIME   RECORD YEAR NORMAL DEPARTURE LAST
                VALUE   (LST)  VALUE       VALUE  FROM      YEAR
                                                  NORMAL
..................................................................
TEMPERATURE (F)
 YESTERDAY
  MAXIMUM         20   1159 PM  66    2015  37    -17       33
  MINIMUM          8   1017 AM  -8    2005  23    -15       20
  AVERAGE         14                        30    -16       27

PRECIPITATION (IN)
  YESTERDAY        0.03          1.86 1917   0.11  -0.08     0.01
  MONTH TO DATE    0.86                      1.57  -0.71     1.54
  SINCE DEC 1      0.86                      1.57  -0.71     1.54
  SINCE JAN 1     44.50                     36.82   7.68    38.92

SNOWFALL (IN)
  YESTERDAY        0.8          14.8  2003   1.1   -0.3      0.8
  MONTH TO DATE   16.9                      13.9    3.0     13.4
  SINCE DEC 1     16.9                      13.9    3.0     13.4
  SINCE JUL 1     22.1                      23.8   -1.7     38.8
  SNOW DEPTH      12

DEGREE DAYS
 HEATING
  YESTERDAY       51                        35     16       38
  MONTH TO DATE  479                       458     21      458
  SINCE DEC 1    479                       458     21      458
  SINCE JUL 1   1676                      1807   -131     1652

 COOLING
  YESTERDAY        0                         0      0        0
  MONTH TO DATE    0                         0      0        0
  SINCE DEC 1      0                         0      0        0
  SINCE JAN 1    562                       569     -7      809
..................................................................


WIND (MPH)
  HIGHEST WIND SPEED    23   HIGHEST WIND DIRECTION     W (250)
  HIGHEST GUST SPEED    28   HIGHEST GUST DIRECTION     W (250)
  AVERAGE WIND SPEED    11.5


SKY COVER
  POSSIBLE SUNSHINE  MM
  AVERAGE SKY COVER 0.9


WEATHER CONDITIONS
 THE FOLLOWING WEATHER WAS RECORDED YESTERDAY.
  LIGHT SNOW
  FOG
  HAZE
  BLOWING SNOW


RELATIVE HUMIDITY (PERCENT)
 HIGHEST   100           500 AM
 LOWEST     67           700 PM
 AVERAGE    84

..........................................................


THE SYRACUSE NY CLIMATE NORMALS FOR TODAY
                         NORMAL    RECORD    YEAR
 MAXIMUM TEMPERATURE (F)   36        62      1975
 MINIMUM TEMPERATURE (F)   23        -6      1943


SUNRISE AND SUNSET
DECEMBER 15 2017......SUNRISE   729 AM EST   SUNSET   430 PM EST
DECEMBER 16 2017......SUNRISE   730 AM EST   SUNSET   430 PM EST


-  INDICATES NEGATIVE NUMBERS.
R  INDICATES RECORD WAS SET OR TIED.
MM INDICATES DATA IS MISSING.
T  INDICATES TRACE AMOUNT.




$$
