000
CDUS41 KBGM 270556
CLISYR


CLIMATE REPORT
NATIONAL WEATHER SERVICE BINGHAMTON NY
1256 AM EST MON FEB 27 2017


...................................

...THE SYRACUSE NY CLIMATE SUMMARY FOR FEBRUARY 26 2017...

CLIMATE NORMAL PERIOD 1981 TO 2010
CLIMATE RECORD PERIOD 1902 TO 2017


WEATHER ITEM   OBSERVED TIME   RECORD YEAR NORMAL DEPARTURE LAST
                VALUE   (LST)  VALUE       VALUE  FROM      YEAR
                                                  NORMAL
..................................................................
TEMPERATURE (F)
 YESTERDAY
  MAXIMUM         34    519 PM  64    1976  37     -3       26
  MINIMUM         27   1000 AM -10    1995  20      7       16
                                      1990
  AVERAGE         31                        28      3       21

PRECIPITATION (IN)
  YESTERDAY        T             1.15 1979   0.08  -0.08      T
  MONTH TO DATE    3.55                      1.90   1.65     4.76
  SINCE DEC 1      9.82                      7.62   2.20    11.30
  SINCE JAN 1      6.58                      4.40   2.18     6.47

SNOWFALL (IN)
  YESTERDAY        0.2           8.2  2005   0.8   -0.6      1.2
  MONTH TO DATE   32.7                      23.6    9.1     24.4
  SINCE DEC 1     78.3                      90.3  -12.0     65.3
  SINCE JUL 1    103.7                     100.2    3.5     66.1
  SNOW DEPTH       0

DEGREE DAYS
 HEATING
  YESTERDAY       34                        37     -3       44
  MONTH TO DATE  840                      1022   -182     1004
  SINCE DEC 1   3033                      3409   -376     2939
  SINCE JUL 1   4227                      4758   -531     4024

 COOLING
  YESTERDAY        0                         0      0        0
  MONTH TO DATE    0                         0      0        0
  SINCE DEC 1      0                         0      0        0
  SINCE JAN 1      0                         0      0        0
..................................................................


WIND (MPH)
  HIGHEST WIND SPEED    29   HIGHEST WIND DIRECTION     W (270)
  HIGHEST GUST SPEED    37   HIGHEST GUST DIRECTION     W (280)
  AVERAGE WIND SPEED    14.5


SKY COVER
  POSSIBLE SUNSHINE  MM
  AVERAGE SKY COVER 0.8


WEATHER CONDITIONS
 THE FOLLOWING WEATHER WAS RECORDED YESTERDAY.
  LIGHT SNOW
  FOG


RELATIVE HUMIDITY (PERCENT)
 HIGHEST    92          1000 AM
 LOWEST     51           500 PM
 AVERAGE    72

..........................................................


THE SYRACUSE NY CLIMATE NORMALS FOR TODAY
                         NORMAL    RECORD    YEAR
 MAXIMUM TEMPERATURE (F)   37        64      2000
 MINIMUM TEMPERATURE (F)   20       -11      1993


SUNRISE AND SUNSET
FEBRUARY 27 2017......SUNRISE   643 AM EST   SUNSET   551 PM EST
FEBRUARY 28 2017......SUNRISE   642 AM EST   SUNSET   553 PM EST


-  INDICATES NEGATIVE NUMBERS.
R  INDICATES RECORD WAS SET OR TIED.
MM INDICATES DATA IS MISSING.
T  INDICATES TRACE AMOUNT.




$$
