000
CDUS41 KBGM 280552
CLISYR


CLIMATE REPORT
NATIONAL WEATHER SERVICE BINGHAMTON NY
152 AM EDT TUE JUL 28 2015


...................................

...THE SYRACUSE NY CLIMATE SUMMARY FOR JULY 27 2015...

CLIMATE NORMAL PERIOD 1981 TO 2010
CLIMATE RECORD PERIOD 1902 TO 2015


WEATHER ITEM   OBSERVED TIME   RECORD YEAR NORMAL DEPARTURE LAST
                VALUE   (LST)  VALUE       VALUE  FROM      YEAR
                                                  NORMAL
..................................................................
TEMPERATURE (F)
 YESTERDAY
  MAXIMUM         87    343 PM  95    1941  82      5       82
  MINIMUM         61    436 AM  50    2001  61      0       67
                                      1977
  AVERAGE         74                        72      2       75

PRECIPITATION (IN)
  YESTERDAY        0.00          2.60 2004   0.12  -0.12     0.67
  MONTH TO DATE    2.87                      3.30  -0.43     2.70
  SINCE JUN 1     12.79                      6.61   6.18     5.44
  SINCE JAN 1     24.91                     20.54   4.37    22.82

SNOWFALL (IN)
  YESTERDAY        0.0           0.0  2002   0.0    0.0      0.0
                                      2000
                                      2001
  MONTH TO DATE    0.0                       0.0    0.0      0.0
  SINCE JUN 1      0.0                       0.0    0.0      0.0
  SINCE JUL 1      0.0                       0.0    0.0      0.0
  SNOW DEPTH       0

DEGREE DAYS
 HEATING
  YESTERDAY        0                         0      0        0
  MONTH TO DATE    5                         2      3        0
  SINCE JUN 1     58                        63     -5       23
  SINCE JUL 1      5                         2      3        0

 COOLING
  YESTERDAY        9                         7      2       10
  MONTH TO DATE  148                       181    -33      207
  SINCE JUN 1    237                       294    -57      354
  SINCE JAN 1    342                       324     18      410
..................................................................


WIND (MPH)
  HIGHEST WIND SPEED    13   HIGHEST WIND DIRECTION    NW (320)
  HIGHEST GUST SPEED    20   HIGHEST GUST DIRECTION    NW (310)
  AVERAGE WIND SPEED     3.1


SKY COVER
  POSSIBLE SUNSHINE  MM
  AVERAGE SKY COVER 0.2


WEATHER CONDITIONS
 THE FOLLOWING WEATHER WAS RECORDED YESTERDAY.
  FOG
  HAZE


RELATIVE HUMIDITY (PERCENT)
 HIGHEST   100           200 AM
 LOWEST     46           200 PM
 AVERAGE    73

..........................................................


THE SYRACUSE NY CLIMATE NORMALS FOR TODAY
                         NORMAL    RECORD    YEAR
 MAXIMUM TEMPERATURE (F)   82        96      1964
 MINIMUM TEMPERATURE (F)   61        46      1977


SUNRISE AND SUNSET
JULY 28 2015..........SUNRISE   551 AM EDT   SUNSET   831 PM EDT
JULY 29 2015..........SUNRISE   552 AM EDT   SUNSET   830 PM EDT


-  INDICATES NEGATIVE NUMBERS.
R  INDICATES RECORD WAS SET OR TIED.
MM INDICATES DATA IS MISSING.
T  INDICATES TRACE AMOUNT.




$$
