000
CDUS41 KBGM 120317
CLISYR


CLIMATE REPORT
NATIONAL WEATHER SERVICE BINGHAMTON NY
1016 PM EST THU FEB 11 2016


...................................

...THE SYRACUSE NY CLIMATE SUMMARY FOR FEBRUARY 11 2016...
VALID AS OF 1000 PM LOCAL TIME.

CLIMATE NORMAL PERIOD 1981 TO 2010
CLIMATE RECORD PERIOD 1902 TO 2016


WEATHER ITEM   OBSERVED TIME   RECORD YEAR NORMAL DEPARTURE LAST
                VALUE   (LST)  VALUE       VALUE  FROM      YEAR
                                                  NORMAL
..................................................................
TEMPERATURE (F)
 TODAY
  MAXIMUM         19   1255 AM  61    1932  33    -14       28
  MINIMUM          9    137 PM -19    1979  17     -8       -1
  AVERAGE         14                        25    -11       14

PRECIPITATION (IN)
  TODAY            0.12          1.15 1921   0.07   0.05     0.05
  MONTH TO DATE    0.92                      0.77   0.15     1.58
  SINCE DEC 1      7.46                      6.49   0.97     6.20
  SINCE JAN 1      2.63                      3.27  -0.64     3.18

SNOWFALL (IN)
  TODAY            4.6          11.5  1991   0.9    3.7      1.0
  MONTH TO DATE   10.1                      10.4   -0.3     28.0
  SINCE DEC 1     51.0                      77.1  -26.1     63.8
  SINCE JUL 1     51.8                      87.0  -35.2     74.8
  SNOW DEPTH       6

DEGREE DAYS
 HEATING
  TODAY           51                        40     11       51
  MONTH TO DATE  357                       446    -89      546
  SINCE DEC 1   2292                      2833   -541     3026
  SINCE JUL 1   3377                      4182   -805     4211

 COOLING
  TODAY            0                         0      0        0
  MONTH TO DATE    0                         0      0        0
  SINCE DEC 1      0                         0      0        0
  SINCE JAN 1      0                         0      0        0
..................................................................


WIND (MPH)
  HIGHEST WIND SPEED    32   HIGHEST WIND DIRECTION     W (260)
  HIGHEST GUST SPEED    39   HIGHEST GUST DIRECTION     W (260)
  AVERAGE WIND SPEED    17.0


SKY COVER
  POSSIBLE SUNSHINE  MM
  AVERAGE SKY COVER 1.0


WEATHER CONDITIONS
 THE FOLLOWING WEATHER WAS RECORDED TODAY.
  SNOW
  LIGHT SNOW
  FOG
  BLOWING SNOW


RELATIVE HUMIDITY (PERCENT)
 HIGHEST   100           900 PM
 LOWEST     67           700 AM
 AVERAGE    84

..........................................................


THE SYRACUSE NY CLIMATE NORMALS FOR TOMORROW
                         NORMAL    RECORD    YEAR
 MAXIMUM TEMPERATURE (F)   34        60      1999
                                             1932
 MINIMUM TEMPERATURE (F)   17       -22      1979


SUNRISE AND SUNSET
FEBRUARY 11 2016......SUNRISE   708 AM EST   SUNSET   530 PM EST
FEBRUARY 12 2016......SUNRISE   707 AM EST   SUNSET   531 PM EST


-  INDICATES NEGATIVE NUMBERS.
R  INDICATES RECORD WAS SET OR TIED.
MM INDICATES DATA IS MISSING.
T  INDICATES TRACE AMOUNT.

$$
