000
CDUS41 KBGM 300708
CLISYR


CLIMATE REPORT
NATIONAL WEATHER SERVICE BINGHAMTON NY
308 AM EDT THU MAR 30 2017


...................................

...THE SYRACUSE NY CLIMATE SUMMARY FOR MARCH 29 2017...

CLIMATE NORMAL PERIOD 1981 TO 2010
CLIMATE RECORD PERIOD 1902 TO 2017


WEATHER ITEM   OBSERVED TIME   RECORD YEAR NORMAL DEPARTURE LAST
                VALUE   (LST)  VALUE       VALUE  FROM      YEAR
                                                  NORMAL
..................................................................
TEMPERATURE (F)
 YESTERDAY
  MAXIMUM         47    131 PM  82    1946  49     -2       41
  MINIMUM         28   1154 PM   2    1923  30     -2       29
  AVERAGE         38                        39     -1       35

PRECIPITATION (IN)
  YESTERDAY        0.00          1.35 1954   0.10  -0.10      T
  MONTH TO DATE    2.74                      2.74   0.00     2.36
  SINCE MAR 1      2.74                      2.74   0.00     2.36
  SINCE JAN 1      9.32                      7.31   2.01     8.88

SNOWFALL (IN)
  YESTERDAY        0.0          10.3  1954   0.3   -0.3       T
  MONTH TO DATE   30.7                      17.5   13.2      5.4
  SINCE MAR 1     30.7                      17.5   13.2      5.4
  SINCE JUL 1    134.4                     119.4   15.0     72.2
  SNOW DEPTH       0

DEGREE DAYS
 HEATING
  YESTERDAY       27                        26      1       30
  MONTH TO DATE 1013                       907    106      750
  SINCE MAR 1   1013                       907    106      750
  SINCE JUL 1   5282                      5738   -456     4849

 COOLING
  YESTERDAY        0                         0      0        0
  MONTH TO DATE    0                         0      0        0
  SINCE MAR 1      0                         0      0        0
  SINCE JAN 1      0                         0      0        0
..................................................................


WIND (MPH)
  HIGHEST WIND SPEED    23   HIGHEST WIND DIRECTION    NW (330)
  HIGHEST GUST SPEED    29   HIGHEST GUST DIRECTION    NW (330)
  AVERAGE WIND SPEED     9.2


SKY COVER
  POSSIBLE SUNSHINE  MM
  AVERAGE SKY COVER 0.6


WEATHER CONDITIONS
 THE FOLLOWING WEATHER WAS RECORDED YESTERDAY.
  NO SIGNIFICANT WEATHER WAS OBSERVED.


RELATIVE HUMIDITY (PERCENT)
 HIGHEST    96           500 AM
 LOWEST     42           100 PM
 AVERAGE    69

..........................................................


THE SYRACUSE NY CLIMATE NORMALS FOR TODAY
                         NORMAL    RECORD    YEAR
 MAXIMUM TEMPERATURE (F)   49        87      1986
 MINIMUM TEMPERATURE (F)   30        11      1970


SUNRISE AND SUNSET
MARCH 30 2017.........SUNRISE   650 AM EDT   SUNSET   729 PM EDT
MARCH 31 2017.........SUNRISE   648 AM EDT   SUNSET   730 PM EDT


-  INDICATES NEGATIVE NUMBERS.
R  INDICATES RECORD WAS SET OR TIED.
MM INDICATES DATA IS MISSING.
T  INDICATES TRACE AMOUNT.




$$
