000
CDUS41 KBGM 021030
CLISYR


CLIMATE REPORT
NATIONAL WEATHER SERVICE BINGHAMTON NY
629 AM EDT THU JUL 2 2015


...................................

...THE SYRACUSE NY CLIMATE SUMMARY FOR JULY 1 2015...

CLIMATE NORMAL PERIOD 1981 TO 2010
CLIMATE RECORD PERIOD 1902 TO 2015


WEATHER ITEM   OBSERVED TIME   RECORD YEAR NORMAL DEPARTURE LAST
                VALUE   (LST)  VALUE       VALUE  FROM      YEAR
                                                  NORMAL
..................................................................
TEMPERATURE (F)
 YESTERDAY
  MAXIMUM         74   1043 AM  95    1931  81     -7       94
  MINIMUM         60   1157 PM  46    1912  60      0       73
  AVERAGE         67                        70     -3       84

PRECIPITATION (IN)
  YESTERDAY        0.87          1.49 1932   0.12   0.75      T
  MONTH TO DATE    0.87                      0.12   0.75      T
  SINCE JUN 1     10.79                      3.43   7.36     2.74
  SINCE JAN 1     22.91                     17.36   5.55    20.12

SNOWFALL (IN)
  YESTERDAY        0.0           0.0  2002   0.0    0.0      0.0
                                      2000
                                      2001
  MONTH TO DATE    0.0                       0.0    0.0      0.0
  SINCE JUN 1      0.0                       0.0    0.0      0.0
  SINCE JUL 1      0.0                       0.0    0.0      0.0
  SNOW DEPTH       0

DEGREE DAYS
 HEATING
  YESTERDAY        0                         1     -1        0
  MONTH TO DATE    0                         1     -1        0
  SINCE JUN 1     53                        62     -9       23
  SINCE JUL 1      0                         1     -1        0

 COOLING
  YESTERDAY        2                         6     -4       19
  MONTH TO DATE    2                         6     -4       19
  SINCE JUN 1     91                       119    -28      166
  SINCE JAN 1    196                       149     47      222
..................................................................


WIND (MPH)
  HIGHEST WIND SPEED    22   HIGHEST WIND DIRECTION     W (280)
  HIGHEST GUST SPEED    28   HIGHEST GUST DIRECTION     W (290)
  AVERAGE WIND SPEED    10.0


SKY COVER
  POSSIBLE SUNSHINE  MM
  AVERAGE SKY COVER 0.8


WEATHER CONDITIONS
 THE FOLLOWING WEATHER WAS RECORDED YESTERDAY.
  THUNDERSTORM
  HEAVY RAIN
  RAIN
  LIGHT RAIN
  FOG


RELATIVE HUMIDITY (PERCENT)
 HIGHEST   100           200 AM
 LOWEST     61           500 PM
 AVERAGE    81

..........................................................


THE SYRACUSE NY CLIMATE NORMALS FOR TODAY
                         NORMAL    RECORD    YEAR
 MAXIMUM TEMPERATURE (F)   81       100      1931
 MINIMUM TEMPERATURE (F)   60        45      1943


SUNRISE AND SUNSET
JULY  2 2015..........SUNRISE   529 AM EDT   SUNSET   848 PM EDT
JULY  3 2015..........SUNRISE   530 AM EDT   SUNSET   847 PM EDT


-  INDICATES NEGATIVE NUMBERS.
R  INDICATES RECORD WAS SET OR TIED.
MM INDICATES DATA IS MISSING.
T  INDICATES TRACE AMOUNT.

$$
