000
CDUS41 KBGM 302116
CLISYR


CLIMATE REPORT
NATIONAL WEATHER SERVICE BINGHAMTON NY
516 PM EDT TUE AUG 30 2016


...................................

...THE SYRACUSE NY CLIMATE SUMMARY FOR AUGUST 30 2016...
VALID TODAY AS OF 0500 PM LOCAL TIME.

CLIMATE NORMAL PERIOD 1981 TO 2010
CLIMATE RECORD PERIOD 1902 TO 2016


WEATHER ITEM   OBSERVED TIME   RECORD YEAR NORMAL DEPARTURE LAST
                VALUE   (LST)  VALUE       VALUE  FROM      YEAR
                                                  NORMAL
..................................................................
TEMPERATURE (F)
 TODAY
  MAXIMUM         82    355 PM  96    1953  78      4       80
  MINIMUM         55    537 AM  40    1965  57     -2       64
  AVERAGE         69                        68      1       72

PRECIPITATION (IN)
  TODAY            0.00          2.70 1954   0.11  -0.11     0.00
  MONTH TO DATE    4.05                      3.45   0.60     1.91
  SINCE JUN 1      8.65                     10.54  -1.89    15.20
  SINCE JAN 1     23.21                     24.47  -1.26    27.32

SNOWFALL (IN)
  TODAY            0.0           0.0  2002   0.0    0.0      0.0
  MONTH TO DATE    0.0                       0.0    0.0      0.0
  SINCE JUN 1      T                         0.0    0.0      0.0
  SINCE JUL 1      0.0                       0.0    0.0      0.0
  SNOW DEPTH       0

DEGREE DAYS
 HEATING
  TODAY            0                         1     -1        0
  MONTH TO DATE    1                        17    -16        3
  SINCE JUN 1     54                        86    -32       61
  SINCE JUL 1      1                        25    -24        8

 COOLING
  TODAY            4                         4      0        7
  MONTH TO DATE  285                       161    124      174
  SINCE JUN 1    651                       477    174      460
  SINCE JAN 1    707                       507    200      565
..................................................................


WIND (MPH)
  HIGHEST WIND SPEED    12   HIGHEST WIND DIRECTION     W (280)
  HIGHEST GUST SPEED    16   HIGHEST GUST DIRECTION     W (260)
  AVERAGE WIND SPEED     3.5


SKY COVER
  POSSIBLE SUNSHINE  MM
  AVERAGE SKY COVER 0.4


WEATHER CONDITIONS
 THE FOLLOWING WEATHER WAS RECORDED TODAY.
  NO SIGNIFICANT WEATHER WAS OBSERVED.


RELATIVE HUMIDITY (PERCENT)
 HIGHEST   100           600 AM
 LOWEST     43           400 PM
 AVERAGE    72

..........................................................


THE SYRACUSE NY CLIMATE NORMALS FOR TOMORROW
                         NORMAL    RECORD    YEAR
 MAXIMUM TEMPERATURE (F)   78        93      2012
 MINIMUM TEMPERATURE (F)   57        40      1965


SUNRISE AND SUNSET
AUGUST 30 2016........SUNRISE   627 AM EDT   SUNSET   742 PM EDT
AUGUST 31 2016........SUNRISE   628 AM EDT   SUNSET   740 PM EDT


-  INDICATES NEGATIVE NUMBERS.
R  INDICATES RECORD WAS SET OR TIED.
MM INDICATES DATA IS MISSING.
T  INDICATES TRACE AMOUNT.

$$
