000
CDKA40 PTYA 021600
CLIT11
DAILY CLIMATE REPORT
NATIONAL WEATHER SERVICE YAP FM
2AM LST SUN NOV 03 2017
THE YAP FM CLIMATE SUMMARY FOR NOVEMBER 02 2017
CLIMATE NORMAL PERIOD  1981  TO 2010
CLIMATE RECORD PERIOD  1951  TO 2017
WEATHER ITEM OBSERVED TIME  RECORD YEAR NORMAL DEPARTURE LAST
              VALUE   (LST) VALUE       VALUE    FROM    YEAR
                                                NORMAL
TEMPERATURE   (F)
YESTERDAY
MAXIMUM       88  0945        97  2014     88      0        86
MINIMUM       79  0345        63  1999     78      1        78
AVERAGE       84                           83      1        82
PRECIPITATION INCHES
YESTERDAY       0.02     164.24/1996       0.29    -0.27    0.02
MONTH TO DATE   0.59                       0.60    -0.01    0.08
SINCE 01 DEC    0.59                       0.60    -0.01    0.08
SINCE JAN 01  129.0                      112.25    16.75   89.41
