217
CDKA40 PTYA 221600
CLIT11
DAILY CLIMATE REPORT
NATIONAL WEATHER SERVICE YAP FM
2AM LST MON MAY 23 2016
THE YAP FM CLIMATE SUMMARY FOR MAY 22 2016
CLIMATE NORMAL PERIOD  1981  TO 2010
CLIMATE RECORD PERIOD  1951  TO 2016
WEATHER ITEM OBSERVED TIME  RECORD YEAR NORMAL DEPARTURE LAST
              VALUE   (LST) VALUE       VALUE    FROM    YEAR
                                                NORMAL
TEMPERATURE   (F)
YESTERDAY
MAXIMUM       92  1445 PM  97/2014      89       3        88
MINIMUM       81  0245 AM  63/1999      79       2        78
AVERAGE       87                        84       3        83
PRECIPITATION INCHES
YESTERDAY       0.03    164.24  1996  0.30   -0.27   0.00
MONTH TO DATE   8.00                  5.79    2.21  13.15
SINCE 01 MAR   11.77                 16.85   -5.08  25.17
SINCE JAN 01   15.77                 30.14  -14.37  35.63
