000
CDKA40 PTYA 081700
CLIT11
DAILY CLIMATE REPORT
NATIONAL WEATHER SERVICE YAP FM
2AM LST FRI DEC 09 2016
THE YAP FM CLIMATE SUMMARY FOR DECEMBER 08 2016
CLIMATE NORMAL PERIOD  1981  TO 2010
CLIMATE RECORD PERIOD  1951  TO 2016
WEATHER ITEM OBSERVED TIME  RECORD YEAR NORMAL DEPARTURE LAST
              VALUE   (LST) VALUE       VALUE    FROM    YEAR
                                                NORMAL
TEMPERATURE   (F)
YESTERDAY
MAXIMUM       86  1445   97  2014      88      -2       89
MINIMUM       78  0845   63  1999      78       0       80
AVERAGE       82                       83      -1       85
PRECIPITATION INCHES
YESTERDAY       0.51     164.24 1996  0.31     0.28      0.01
MONTH TO DATE   1.77                  2.43    -0.66      1.01
SINCE 01 DEC    1.77                  2.43    -0.66      1.01
SINCE JAN 01   91.10                114.08    -22.98     89.82
