000
CDUS45 KPUB 161037
CLITAD


CLIMATE REPORT
NATIONAL WEATHER SERVICE PUEBLO
437 AM MDT WED AUG 16 2017


...................................

...THE TRINIDAD CO CLIMATE SUMMARY FOR AUGUST 15 2017...

CLIMATE NORMAL PERIOD 1981 TO 2010
CLIMATE RECORD PERIOD 9999 TO 9999


WEATHER ITEM   OBSERVED TIME   NORMAL DEPARTURE LAST
                VALUE   (LST)  VALUE  FROM      YEAR
                                      NORMAL
......................................................
TEMPERATURE (F)
 YESTERDAY
  MAXIMUM         87   1237 PM  86      1       93
  MINIMUM         59    552 AM  57      2       57
  AVERAGE         73            72      1       75

PRECIPITATION (IN)
  YESTERDAY        0.00          0.08  -0.08     0.00
  MONTH TO DATE    1.63          1.23   0.40     0.00
  SINCE JUN 1      6.54          4.94   1.60     1.94
  SINCE JAN 1     14.95          9.46   5.49     6.17

DEGREE DAYS
 HEATING
  YESTERDAY        0             0      0        0
  MONTH TO DATE    3             0      3        0
  SINCE JUN 1     11            42    -31        4
  SINCE JUL 1      3             3      0        0

 COOLING
  YESTERDAY        8             7      1       10
  MONTH TO DATE   71           111    -40       19
  SINCE JUN 1    584           518     66      348
  SINCE JAN 1    599           546     53      360
......................................................


WIND (MPH)
  HIGHEST WIND SPEED    26   HIGHEST WIND DIRECTION     W (250)
  HIGHEST GUST SPEED    33   HIGHEST GUST DIRECTION     E (100)
  AVERAGE WIND SPEED     9.6


SKY COVER
  POSSIBLE SUNSHINE  MM
  AVERAGE SKY COVER 0.1


WEATHER CONDITIONS
 THE FOLLOWING WEATHER WAS RECORDED YESTERDAY.
  THUNDERSTORM


RELATIVE HUMIDITY (PERCENT)
 HIGHEST    72           600 AM
 LOWEST     21          1200 PM
 AVERAGE    47

..........................................................




SUNRISE AND SUNSET
AUGUST 16 2017........SUNRISE   615 AM MDT   SUNSET   748 PM MDT
AUGUST 17 2017........SUNRISE   616 AM MDT   SUNSET   746 PM MDT


-  INDICATES NEGATIVE NUMBERS.
R  INDICATES RECORD WAS SET OR TIED.
MM INDICATES DATA IS MISSING.
T  INDICATES TRACE AMOUNT.




$$
