000
CDUS45 KPUB 111135
CLITAD


CLIMATE REPORT
NATIONAL WEATHER SERVICE PUEBLO
435 AM MST MON DEC 11 2017


...................................

...THE TRINIDAD CO CLIMATE SUMMARY FOR DECEMBER 10 2017...

CLIMATE NORMAL PERIOD 1981 TO 2010
CLIMATE RECORD PERIOD 9999 TO 9999


WEATHER ITEM   OBSERVED TIME   NORMAL DEPARTURE LAST
                VALUE   (LST)  VALUE  FROM      YEAR
                                      NORMAL
......................................................
TEMPERATURE (F)
 YESTERDAY
  MAXIMUM         60    236 PM  46     14       70
  MINIMUM         25    135 AM  17      8       32
  AVERAGE         43            32     11       51

PRECIPITATION (IN)
  YESTERDAY        0.00          0.02  -0.02     0.00
  MONTH TO DATE    0.00          0.19  -0.19      T
  SINCE DEC 1      0.00          0.19  -0.19      T
  SINCE JAN 1     20.64         13.49   7.15     7.70

DEGREE DAYS
 HEATING
  YESTERDAY       22            33    -11       14
  MONTH TO DATE  261           323    -62      346
  SINCE DEC 1    261           323    -62      346
  SINCE JUL 1   1228          1556   -328     1112

 COOLING
  YESTERDAY        0             0      0        0
  MONTH TO DATE    0             0      0        0
  SINCE DEC 1      0             0      0        0
  SINCE JAN 1    796           719     77      564
......................................................


WIND (MPH)
  HIGHEST WIND SPEED    20   HIGHEST WIND DIRECTION     W (250)
  HIGHEST GUST SPEED    23   HIGHEST GUST DIRECTION     W (250)
  AVERAGE WIND SPEED    10.4


SKY COVER
  POSSIBLE SUNSHINE  MM
  AVERAGE SKY COVER 0.0


WEATHER CONDITIONS
 THE FOLLOWING WEATHER WAS RECORDED YESTERDAY.
  NO SIGNIFICANT WEATHER WAS OBSERVED.


RELATIVE HUMIDITY (PERCENT)
 HIGHEST    42           100 AM
 LOWEST      7           100 PM
 AVERAGE    25

..........................................................




SUNRISE AND SUNSET
DECEMBER 11 2017......SUNRISE   701 AM MST   SUNSET   440 PM MST
DECEMBER 12 2017......SUNRISE   702 AM MST   SUNSET   440 PM MST


-  INDICATES NEGATIVE NUMBERS.
R  INDICATES RECORD WAS SET OR TIED.
MM INDICATES DATA IS MISSING.
T  INDICATES TRACE AMOUNT.




$$
