000
CDUS45 KPUB 171149
CLITAD


CLIMATE REPORT
NATIONAL WEATHER SERVICE PUEBLO
449 AM MST SAT FEB 17 2018


...................................

...THE TRINIDAD CO CLIMATE SUMMARY FOR FEBRUARY 16 2018...

CLIMATE NORMAL PERIOD 1981 TO 2010
CLIMATE RECORD PERIOD 9999 TO 9999


WEATHER ITEM   OBSERVED TIME   NORMAL DEPARTURE LAST
                VALUE   (LST)  VALUE  FROM      YEAR
                                      NORMAL
......................................................
TEMPERATURE (F)
 YESTERDAY
  MAXIMUM         51    417 PM  50      1       70
  MINIMUM         23    744 AM  20      3       32
  AVERAGE         37            35      2       51

PRECIPITATION (IN)
  YESTERDAY        0.00          0.01  -0.01     0.00
  MONTH TO DATE    0.27          0.25   0.02     0.06
  SINCE DEC 1      0.41          1.19  -0.78     1.86
  SINCE JAN 1      0.40          0.65  -0.25     1.56

DEGREE DAYS
 HEATING
  YESTERDAY       28            30     -2       14
  MONTH TO DATE  426           500    -74      319
  SINCE DEC 1   2196          2549   -353     2413
  SINCE JUL 1   3163          3782   -619     3179

 COOLING
  YESTERDAY        0             0      0        0
  MONTH TO DATE    0             0      0        0
  SINCE DEC 1      0             0      0        0
  SINCE JAN 1      0             0      0        0
......................................................


WIND (MPH)
  HIGHEST WIND SPEED    16   HIGHEST WIND DIRECTION     E (100)
  HIGHEST GUST SPEED    23   HIGHEST GUST DIRECTION     E (110)
  AVERAGE WIND SPEED     6.8


SKY COVER
  POSSIBLE SUNSHINE  MM
  AVERAGE SKY COVER 0.4


WEATHER CONDITIONS
 THE FOLLOWING WEATHER WAS RECORDED YESTERDAY.
  FOG
  FOG W/VISIBILITY <= 1/4 MILE


RELATIVE HUMIDITY (PERCENT)
 HIGHEST    92           400 AM
 LOWEST     28           400 PM
 AVERAGE    60

..........................................................




SUNRISE AND SUNSET
FEBRUARY 17 2018......SUNRISE   644 AM MST   SUNSET   539 PM MST
FEBRUARY 18 2018......SUNRISE   643 AM MST   SUNSET   540 PM MST


-  INDICATES NEGATIVE NUMBERS.
R  INDICATES RECORD WAS SET OR TIED.
MM INDICATES DATA IS MISSING.
T  INDICATES TRACE AMOUNT.




$$
