000
CDUS44 KBMX 230940
CLITCL


CLIMATE REPORT
NATIONAL WEATHER SERVICE BIRMINGHAM, AL
440 AM CDT WED APR 23 2014


...................................

...THE TUSCALOOSA CLIMATE SUMMARY FOR APRIL 22 2014...

CLIMATE NORMAL PERIOD 1981 TO 2010
CLIMATE RECORD PERIOD 1948 TO 2014


WEATHER ITEM   OBSERVED TIME   RECORD YEAR NORMAL DEPARTURE LAST
                VALUE   (LST)  VALUE       VALUE  FROM      YEAR
                                                  NORMAL
..................................................................
TEMPERATURE (F)
 YESTERDAY
  MAXIMUM         70    542 PM  88    1987  78     -8       77
                                      1955
  MINIMUM         58   1054 PM  34    1993  52      6       47
  AVERAGE         64                        65     -1       62

PRECIPITATION (IN)
  YESTERDAY        0.55          2.58 1983   0.13   0.42     0.00
  MONTH TO DATE    7.05                      3.14   3.91     3.23
  SINCE MAR 1     12.33                      7.68   4.65     7.98
  SINCE JAN 1     20.05                     18.35   1.70    18.75

SNOWFALL (IN)
  YESTERDAY        0.0                       0.0    0.0
  MONTH TO DATE    0.0                       0.0    0.0
  SINCE MAR 1      0.0                       0.3   -0.3
  SINCE JUL 1      0.8                       0.7    0.1

DEGREE DAYS
 HEATING
  YESTERDAY        1                         3     -2
  MONTH TO DATE  102                       103     -1
  SINCE MAR 1    442                       397     45
  SINCE JUL 1   2759                      2487    272
..................................................................


WIND (MPH)
  HIGHEST WIND SPEED    10   HIGHEST WIND DIRECTION    SW (230)
  HIGHEST GUST SPEED    13   HIGHEST GUST DIRECTION    SW (230)
  AVERAGE WIND SPEED     1.6


SKY COVER
  AVERAGE SKY COVER 0.7


WEATHER CONDITIONS
 THE FOLLOWING WEATHER WAS RECORDED YESTERDAY.
  HEAVY RAIN
  RAIN
  LIGHT RAIN
  FOG
  FOG W/VISIBILITY <= 1/4 MILE


RELATIVE HUMIDITY (PERCENT)
 HIGHEST   100           900 AM
 LOWEST     78           200 PM
 AVERAGE    89

..........................................................


THE TUSCALOOSA CLIMATE NORMALS FOR TODAY
                         NORMAL    RECORD    YEAR
 MAXIMUM TEMPERATURE (F)   78        90      1960
 MINIMUM TEMPERATURE (F)   52        35      1986


SUNRISE AND SUNSET
APRIL 23 2014.........SUNRISE   611 AM CDT   SUNSET   727 PM CDT
APRIL 24 2014.........SUNRISE   610 AM CDT   SUNSET   728 PM CDT


-  INDICATES NEGATIVE NUMBERS.
R  INDICATES RECORD WAS SET OR TIED.
MM INDICATES DATA IS MISSING.
T  INDICATES TRACE AMOUNT.




$$
