827
CDUS44 KBMX 250734
CLITCL


CLIMATE REPORT
NATIONAL WEATHER SERVICE BIRMINGHAM, AL
234 AM CDT THU MAY 25 2017


...................................

...THE TUSCALOOSA CLIMATE SUMMARY FOR MAY 24 2017...

CLIMATE NORMAL PERIOD 1981 TO 2010
CLIMATE RECORD PERIOD 1948 TO 2017


WEATHER ITEM   OBSERVED TIME   RECORD YEAR NORMAL DEPARTURE LAST
                VALUE   (LST)  VALUE       VALUE  FROM      YEAR
                                                  NORMAL
..................................................................
TEMPERATURE (F)
 YESTERDAY
  MAXIMUM         71    335 PM  97    1996  85    -14       88
  MINIMUM         57   1159 PM  50    2002  62     -5       55
  AVERAGE         64                        74    -10       72

PRECIPITATION (IN)
  YESTERDAY        0.36          1.58 1957   0.13   0.23     0.00
  MONTH TO DATE    3.37                      3.08   0.29     0.69
  SINCE MAR 1     14.66                     11.83   2.83    10.80
  SINCE JAN 1     25.87                     22.50   3.37    20.40

..................................................................


WIND (MPH)
  HIGHEST WIND SPEED    22   HIGHEST WIND DIRECTION    NW (300)
  HIGHEST GUST SPEED    30   HIGHEST GUST DIRECTION    NW (300)
  AVERAGE WIND SPEED     7.3


SKY COVER
  AVERAGE SKY COVER 0.8


WEATHER CONDITIONS
 THE FOLLOWING WEATHER WAS RECORDED YESTERDAY.
  THUNDERSTORM
  HEAVY RAIN
  RAIN
  LIGHT RAIN
  FOG


RELATIVE HUMIDITY (PERCENT)
 HIGHEST   100          1200 AM
 LOWEST     61          1100 AM
 AVERAGE    81

..........................................................


THE TUSCALOOSA CLIMATE NORMALS FOR TODAY
                         NORMAL    RECORD    YEAR
 MAXIMUM TEMPERATURE (F)   85        95      1958
                                             1953
 MINIMUM TEMPERATURE (F)   63        51      1979


SUNRISE AND SUNSET
MAY 25 2017...........SUNRISE   545 AM CDT   SUNSET   751 PM CDT
MAY 26 2017...........SUNRISE   544 AM CDT   SUNSET   751 PM CDT


-  INDICATES NEGATIVE NUMBERS.
R  INDICATES RECORD WAS SET OR TIED.
MM INDICATES DATA IS MISSING.
T  INDICATES TRACE AMOUNT.




$$
