000
CDUS44 KBMX 250951 CCA
CLITCL

CLIMATE REPORT
NATIONAL WEATHER SERVICE BIRMINGHAM, AL
449 AM CDT FRI JUL 25 2014


...................................

...THE TUSCALOOSA CLIMATE SUMMARY FOR JULY 24 2014...

CLIMATE NORMAL PERIOD 1981 TO 2010
CLIMATE RECORD PERIOD 1948 TO 2014


WEATHER ITEM   OBSERVED TIME   RECORD YEAR NORMAL DEPARTURE LAST
                VALUE   (LST)  VALUE       VALUE  FROM      YEAR
                                                  NORMAL
..................................................................
TEMPERATURE (F)
 YESTERDAY
  MAXIMUM         92    236 PM 107    1952  92      0       91
  MINIMUM         70    408 AM  63    2009  72     -2       70
                                      2003
  AVERAGE         81                        82     -1       81

PRECIPITATION (IN)
  YESTERDAY        T             1.51 1965   0.15  -0.15     0.15
  MONTH TO DATE    0.92                      3.50  -2.58     6.83
  SINCE JUN 1      6.07                      8.27  -2.20    12.51
  SINCE JAN 1     31.11                     31.67  -0.56    34.47

..................................................................


WIND (MPH)
  HIGHEST WIND SPEED    26   HIGHEST WIND DIRECTION     W (280)
  HIGHEST GUST SPEED    MM   HIGHEST GUST DIRECTION    SW (210)
  AVERAGE WIND SPEED     5.1


SKY COVER
  AVERAGE SKY COVER 0.3


WEATHER CONDITIONS
THE FOLLOWING WEATHER WAS RECORDED YESTERDAY.
  FOG


RELATIVE HUMIDITY (PERCENT)
 HIGHEST   100           600 AM
 LOWEST     49           300 PM
 AVERAGE    75

..........................................................


THE TUSCALOOSA CLIMATE NORMALS FOR TODAY
                         NORMAL    RECORD    YEAR
 MAXIMUM TEMPERATURE (F)   92       106      1952
 MINIMUM TEMPERATURE (F)   72        64      2003


SUNRISE AND SUNSET
JULY 25 2014..........SUNRISE   559 AM CDT   SUNSET   755 PM CDT
JULY 26 2014..........SUNRISE   559 AM CDT   SUNSET   754 PM CDT


-  INDICATES NEGATIVE NUMBERS.
R  INDICATES RECORD WAS SET OR TIED.
MM INDICATES DATA IS MISSING.
T  INDICATES TRACE AMOUNT.




$$
