000
CDUS44 KBMX 302130
CLITCL


CLIMATE REPORT
NATIONAL WEATHER SERVICE BIRMINGHAM, AL
430 PM CDT WED JUL 30 2014


...................................

...THE TUSCALOOSA CLIMATE SUMMARY FOR JULY 30 2014...
VALID AS OF 0400 PM LOCAL TIME.

CLIMATE NORMAL PERIOD 1981 TO 2010
CLIMATE RECORD PERIOD 1948 TO 2014


WEATHER ITEM   OBSERVED TIME   RECORD YEAR NORMAL DEPARTURE LAST
                VALUE   (LST)  VALUE       VALUE  FROM      YEAR
                                                  NORMAL
..................................................................
TEMPERATURE (F)
 TODAY
  MAXIMUM         88    220 PM 102    1986  92     -4       93
                                      1952
  MINIMUM         56R   503 AM  61    1994  72    -16       68
  AVERAGE         72                        82    -10       81

PRECIPITATION (IN)
  TODAY            0.00          2.69 1950   0.13  -0.13      T
  MONTH TO DATE    0.92                      4.28  -3.36     6.83
  SINCE JUN 1      6.07                      9.05  -2.98    12.51
  SINCE JAN 1     31.11                     32.45  -1.34    34.47

DEGREE DAYS
 COOLING
  TODAY            7                        17    -10
  MONTH TO DATE  429                       503    -74
  SINCE JUN 1    863                       906    -43
  SINCE JAN 1   1153                      1217    -64
..................................................................


WIND (MPH)
  HIGHEST WIND SPEED    15   HIGHEST WIND DIRECTION     N (10)
  HIGHEST GUST SPEED    21   HIGHEST GUST DIRECTION    NW (320)
  AVERAGE WIND SPEED     3.8


SKY COVER
  AVERAGE SKY COVER 0.0


WEATHER CONDITIONS
 THE FOLLOWING WEATHER WAS RECORDED TODAY.
  FOG


RELATIVE HUMIDITY (PERCENT)
 HIGHEST    93           400 AM
 LOWEST     31           300 PM
 AVERAGE    62

..........................................................


THE TUSCALOOSA CLIMATE NORMALS FOR TOMORROW
                         NORMAL    RECORD    YEAR
 MAXIMUM TEMPERATURE (F)   92       101      1986
 MINIMUM TEMPERATURE (F)   72        62      1994


SUNRISE AND SUNSET
JULY 30 2014..........SUNRISE   602 AM CDT   SUNSET   751 PM CDT
JULY 31 2014..........SUNRISE   603 AM CDT   SUNSET   751 PM CDT


-  INDICATES NEGATIVE NUMBERS.
R  INDICATES RECORD WAS SET OR TIED.
MM INDICATES DATA IS MISSING.
T  INDICATES TRACE AMOUNT.




$$
