000
CDUS44 KBMX 252142
CLITCL


CLIMATE REPORT
NATIONAL WEATHER SERVICE BIRMINGHAM, AL
442 PM CDT SUN SEP 25 2016


...................................

...THE TUSCALOOSA CLIMATE SUMMARY FOR SEPTEMBER 25 2016...
VALID TODAY AS OF 0400 PM LOCAL TIME.

CLIMATE NORMAL PERIOD 1981 TO 2010
CLIMATE RECORD PERIOD 1948 TO 2016


WEATHER ITEM   OBSERVED TIME   RECORD YEAR NORMAL DEPARTURE LAST
                VALUE   (LST)  VALUE       VALUE  FROM      YEAR
                                                  NORMAL
..................................................................
TEMPERATURE (F)
 TODAY
  MAXIMUM         98R  1247 PM  97    1961  84     14       83
  MINIMUM         67    438 AM  43    1990  60      7       61
  AVERAGE         83                        72     11       72

PRECIPITATION (IN)
  TODAY            0.00          1.84 2005   0.12  -0.12      T
  MONTH TO DATE    0.33                      2.91  -2.58     0.76
  SINCE SEP 1      0.33                      2.91  -2.58     0.76
  SINCE JAN 1     32.07                     38.78  -6.71    35.39

DEGREE DAYS

 COOLING
  TODAY           18                         8     10
  MONTH TO DATE  416                       288    128
  SINCE SEP 1    416                       288    128
  SINCE JAN 1   2262                      2025    237
..................................................................


WIND (MPH)
  HIGHEST WIND SPEED    15   HIGHEST WIND DIRECTION    SW (230)
  HIGHEST GUST SPEED    19   HIGHEST GUST DIRECTION    SW (230)
  AVERAGE WIND SPEED     3.2


SKY COVER
  AVERAGE SKY COVER 0.0


WEATHER CONDITIONS
 THE FOLLOWING WEATHER WAS RECORDED TODAY.
  NO SIGNIFICANT WEATHER WAS OBSERVED.


RELATIVE HUMIDITY (PERCENT)
 HIGHEST    93           400 AM
 LOWEST     30           100 PM
 AVERAGE    62

..........................................................


THE TUSCALOOSA CLIMATE NORMALS FOR TOMORROW
                         NORMAL    RECORD    YEAR
 MAXIMUM TEMPERATURE (F)   84        97      1955
 MINIMUM TEMPERATURE (F)   60        45      2001


SUNRISE AND SUNSET
SEPTEMBER 25 2016.....SUNRISE   641 AM CDT   SUNSET   642 PM CDT
SEPTEMBER 26 2016.....SUNRISE   642 AM CDT   SUNSET   641 PM CDT


-  INDICATES NEGATIVE NUMBERS.
R  INDICATES RECORD WAS SET OR TIED.
MM INDICATES DATA IS MISSING.
T  INDICATES TRACE AMOUNT.




$$
