000
CDUS44 KBMX 010940
CLITCL


CLIMATE REPORT
NATIONAL WEATHER SERVICE BIRMINGHAM, AL
439 AM CDT WED OCT 1 2014


...................................

...THE TUSCALOOSA CLIMATE SUMMARY FOR SEPTEMBER 30 2014...

CLIMATE NORMAL PERIOD 1981 TO 2010
CLIMATE RECORD PERIOD 1948 TO 2014


WEATHER ITEM   OBSERVED TIME   RECORD YEAR NORMAL DEPARTURE LAST
                VALUE   (LST)  VALUE       VALUE  FROM      YEAR
                                                  NORMAL
..................................................................
TEMPERATURE (F)
 YESTERDAY
  MAXIMUM         88    357 PM  96    1954  82      6       77
  MINIMUM         63    518 AM  37    1967  58      5       62
  AVERAGE         76                        70      6       70

PRECIPITATION (IN)
  YESTERDAY        0.00          2.50 1973   0.13  -0.13     0.19
  MONTH TO DATE    1.42                      3.52  -2.10     1.20
  SINCE SEP 1      1.42                      3.52  -2.10     1.20
  SINCE JAN 1     35.08                     39.39  -4.31    40.02

DEGREE DAYS
 HEATING
  YESTERDAY        0                         1     -1
  MONTH TO DATE    0                         5     -5
  SINCE SEP 1      0                         7     -7
  SINCE JUL 1      0                         7     -7
..................................................................


WIND (MPH)
  HIGHEST WIND SPEED    10   HIGHEST WIND DIRECTION    NE (60)
  HIGHEST GUST SPEED    13   HIGHEST GUST DIRECTION    NE (60)
  AVERAGE WIND SPEED     1.8


SKY COVER
  AVERAGE SKY COVER 0.2


WEATHER CONDITIONS
 THE FOLLOWING WEATHER WAS RECORDED YESTERDAY.
  NO SIGNIFICANT WEATHER WAS OBSERVED.


RELATIVE HUMIDITY (PERCENT)
 HIGHEST    93           100 AM
 LOWEST     36           400 PM
 AVERAGE    65

..........................................................


THE TUSCALOOSA CLIMATE NORMALS FOR TODAY
                         NORMAL    RECORD    YEAR
 MAXIMUM TEMPERATURE (F)   82        95      1954
 MINIMUM TEMPERATURE (F)   58        41      1984


SUNRISE AND SUNSET
OCTOBER  1 2014.......SUNRISE   645 AM CDT   SUNSET   635 PM CDT
OCTOBER  2 2014.......SUNRISE   645 AM CDT   SUNSET   634 PM CDT


-  INDICATES NEGATIVE NUMBERS.
R  INDICATES RECORD WAS SET OR TIED.
MM INDICATES DATA IS MISSING.
T  INDICATES TRACE AMOUNT.




$$
