000
CDUS44 KBMX 240836
CLITCL


CLIMATE REPORT
NATIONAL WEATHER SERVICE BIRMINGHAM, AL
235 AM CST FRI NOV 24 2017


...................................

...THE TUSCALOOSA CLIMATE SUMMARY FOR NOVEMBER 23 2017...

CLIMATE NORMAL PERIOD 1981 TO 2010
CLIMATE RECORD PERIOD 1948 TO 2017


WEATHER ITEM   OBSERVED TIME   RECORD YEAR NORMAL DEPARTURE LAST
                VALUE   (LST)  VALUE       VALUE  FROM      YEAR
                                                  NORMAL
..................................................................
TEMPERATURE (F)
 YESTERDAY
  MAXIMUM         62    326 PM  79    1978  64     -2       73
  MINIMUM         28    547 AM  22    1976  41    -13       37
                                      1956
  AVERAGE         45                        52     -7       55

PRECIPITATION (IN)
  YESTERDAY        0.00          1.83 1979   0.20  -0.20      T
  MONTH TO DATE    0.86                      3.65  -2.79      T
  SINCE SEP 1      6.97                     10.68  -3.71     0.33
  SINCE JAN 1     55.26                     46.55   8.71    32.07

SNOWFALL (IN)
  YESTERDAY        0.0                       0.0    0.0
  MONTH TO DATE    0.0                       0.0    0.0
  SINCE SEP 1      0.0                       0.0    0.0
  SINCE JUL 1      0.0                       0.0    0.0

DEGREE DAYS
 HEATING
  YESTERDAY       20                        13      7
  MONTH TO DATE  184                       221    -37
  SINCE SEP 1    299                       338    -39
  SINCE JUL 1    299                       338    -39
..................................................................


WIND (MPH)
  HIGHEST WIND SPEED    12   HIGHEST WIND DIRECTION     N (20)
  HIGHEST GUST SPEED    15   HIGHEST GUST DIRECTION     N (360)
  AVERAGE WIND SPEED     2.7


SKY COVER
  AVERAGE SKY COVER 0.0


WEATHER CONDITIONS
 THE FOLLOWING WEATHER WAS RECORDED YESTERDAY.
  NO SIGNIFICANT WEATHER WAS OBSERVED.


RELATIVE HUMIDITY (PERCENT)
 HIGHEST    96          1100 PM
 LOWEST     27           200 PM
 AVERAGE    62

..........................................................


THE TUSCALOOSA CLIMATE NORMALS FOR TODAY
                         NORMAL    RECORD    YEAR
 MAXIMUM TEMPERATURE (F)   64        79      1950
 MINIMUM TEMPERATURE (F)   40        15      1970


SUNRISE AND SUNSET
NOVEMBER 24 2017......SUNRISE   630 AM CST   SUNSET   444 PM CST
NOVEMBER 25 2017......SUNRISE   631 AM CST   SUNSET   444 PM CST


-  INDICATES NEGATIVE NUMBERS.
R  INDICATES RECORD WAS SET OR TIED.
MM INDICATES DATA IS MISSING.
T  INDICATES TRACE AMOUNT.




$$
