000
CDUS44 KBMX 280824
CLITCL


CLIMATE REPORT
NATIONAL WEATHER SERVICE BIRMINGHAM, AL
221 AM CST WED JAN 28 2015


...................................

...THE TUSCALOOSA CLIMATE SUMMARY FOR JANUARY 27 2015...

CLIMATE NORMAL PERIOD 1981 TO 2010
CLIMATE RECORD PERIOD 1948 TO 2015


WEATHER ITEM   OBSERVED TIME   RECORD YEAR NORMAL DEPARTURE LAST
                VALUE   (LST)  VALUE       VALUE  FROM      YEAR
                                                  NORMAL
..................................................................
TEMPERATURE (F)
 YESTERDAY
  MAXIMUM         61    232 PM  79    1975  56      5       57
  MINIMUM         29    532 AM  14    1986  34     -5       29
  AVERAGE         45                        45      0       43

PRECIPITATION (IN)
  YESTERDAY        0.00          1.48 1962   0.19  -0.19     0.00
  MONTH TO DATE    6.17                      4.55   1.62     2.09
  SINCE DEC 1     13.17                      9.17   4.00     9.50
  SINCE JAN 1      6.17                      4.55   1.62     2.09

SNOWFALL (IN)
  YESTERDAY        0.0                       0.0    0.0
  MONTH TO DATE    0.0                       0.3   -0.3
  SINCE DEC 1      0.0                       0.3   -0.3
  SINCE JUL 1      0.0                       0.3   -0.3

DEGREE DAYS
 HEATING
  YESTERDAY       20                        20      0
  MONTH TO DATE  576                       554     22
  SINCE DEC 1   1039                      1118    -79
  SINCE JUL 1   1583                      1555     28
..................................................................


WIND (MPH)
  HIGHEST WIND SPEED    17   HIGHEST WIND DIRECTION     N (350)
  HIGHEST GUST SPEED    23   HIGHEST GUST DIRECTION     N (10)
  AVERAGE WIND SPEED     5.4


SKY COVER
  AVERAGE SKY COVER 0.0


WEATHER CONDITIONS
 THE FOLLOWING WEATHER WAS RECORDED YESTERDAY.
  FOG


RELATIVE HUMIDITY (PERCENT)
 HIGHEST    92           400 AM
 LOWEST     32           400 PM
 AVERAGE    62

..........................................................


THE TUSCALOOSA CLIMATE NORMALS FOR TODAY
                         NORMAL    RECORD    YEAR
 MAXIMUM TEMPERATURE (F)   56        79      1975
 MINIMUM TEMPERATURE (F)   34        14      1986
                                             1963


SUNRISE AND SUNSET
JANUARY 28 2015.......SUNRISE   649 AM CST   SUNSET   518 PM CST
JANUARY 29 2015.......SUNRISE   648 AM CST   SUNSET   519 PM CST


-  INDICATES NEGATIVE NUMBERS.
R  INDICATES RECORD WAS SET OR TIED.
MM INDICATES DATA IS MISSING.
T  INDICATES TRACE AMOUNT.




$$
