000
CDUS44 KBMX 140741
CLITCL


CLIMATE REPORT
NATIONAL WEATHER SERVICE BIRMINGHAM, AL
140 AM CST SUN FEB 14 2016


...................................

...THE TUSCALOOSA CLIMATE SUMMARY FOR FEBRUARY 13 2016...

CLIMATE NORMAL PERIOD 1994 TO 1994
CLIMATE RECORD PERIOD 1948 TO 2016


WEATHER ITEM   OBSERVED TIME   RECORD YEAR NORMAL DEPARTURE LAST
                VALUE   (LST)  VALUE       VALUE  FROM      YEAR
                                                  NORMAL
..................................................................
TEMPERATURE (F)
 YESTERDAY
  MAXIMUM         48    408 PM  86    1962  60    -12       48
  MINIMUM         31    703 AM  17    1958  37     -6       28
  AVERAGE         40                        48     -8       38

PRECIPITATION (IN)
  YESTERDAY        0.00          0.78 1960   0.21  -0.21     0.00
  MONTH TO DATE    1.35                      2.41  -1.06     0.32
  SINCE DEC 1     13.76                     12.38   1.38    13.49
  SINCE JAN 1      5.49                      7.76  -2.27     6.49

SNOWFALL (IN)
  YESTERDAY        0.0                       0.0    0.0
  MONTH TO DATE    0.0                       0.0    0.0
  SINCE DEC 1      T                         0.3   -0.3
  SINCE JUL 1      T                         0.3   -0.3

DEGREE DAYS
 HEATING
  YESTERDAY       25                        17      8
  MONTH TO DATE  242                       236      6
  SINCE DEC 1   1221                      1431   -210
  SINCE JUL 1   1484                      1868   -384
..................................................................


WIND (MPH)
  HIGHEST WIND SPEED    20   HIGHEST WIND DIRECTION     N (10)
  HIGHEST GUST SPEED    24   HIGHEST GUST DIRECTION     N (10)
  AVERAGE WIND SPEED     9.7


SKY COVER
  AVERAGE SKY COVER 0.0


WEATHER CONDITIONS
 THE FOLLOWING WEATHER WAS RECORDED YESTERDAY.
  NO SIGNIFICANT WEATHER WAS OBSERVED.


RELATIVE HUMIDITY (PERCENT)
 HIGHEST    64           300 AM
 LOWEST     17           400 PM
 AVERAGE    41

..........................................................


THE TUSCALOOSA CLIMATE NORMALS FOR TODAY
                         NORMAL    RECORD    YEAR
 MAXIMUM TEMPERATURE (F)   60        81      1989
                                             1959
 MINIMUM TEMPERATURE (F)   37        16      1971


SUNRISE AND SUNSET
FEBRUARY 14 2016......SUNRISE   636 AM CST   SUNSET   534 PM CST
FEBRUARY 15 2016......SUNRISE   635 AM CST   SUNSET   535 PM CST


-  INDICATES NEGATIVE NUMBERS.
R  INDICATES RECORD WAS SET OR TIED.
MM INDICATES DATA IS MISSING.
T  INDICATES TRACE AMOUNT.




$$
