000
CDUS44 KBMX 020722
CLITCL


CLIMATE REPORT
NATIONAL WEATHER SERVICE BIRMINGHAM, AL
221 AM CDT TUE JUN 2 2015


...................................

...THE TUSCALOOSA CLIMATE SUMMARY FOR JUNE 1 2015...

CLIMATE NORMAL PERIOD 1994 TO 1994
CLIMATE RECORD PERIOD 1994 TO 2015


WEATHER ITEM   OBSERVED TIME   RECORD YEAR NORMAL DEPARTURE LAST
                VALUE   (LST)  VALUE       VALUE  FROM      YEAR
                                                  NORMAL
..................................................................
TEMPERATURE (F)
 YESTERDAY
  MAXIMUM         83    236 PM  99    2011  87     -4       87
  MINIMUM         67    636 AM  45    1984  64      3       70
  AVERAGE         75                        76     -1       79

PRECIPITATION (IN)
  YESTERDAY        0.28          1.70 1973   0.16   0.12      T
  MONTH TO DATE    0.28                      0.16   0.12      T
  SINCE JUN 1      0.28                      0.16   0.12      T
  SINCE JAN 1     25.86                     23.56   2.30    25.04

..................................................................


WIND (MPH)
  HIGHEST WIND SPEED    14   HIGHEST WIND DIRECTION    SE (150)
  HIGHEST GUST SPEED    17   HIGHEST GUST DIRECTION     S (160)
  AVERAGE WIND SPEED     3.7


SKY COVER
  AVERAGE SKY COVER 0.6


WEATHER CONDITIONS
 THE FOLLOWING WEATHER WAS RECORDED YESTERDAY.
  THUNDERSTORM
  HEAVY RAIN
  RAIN
  LIGHT RAIN
  FOG
  HAZE


RELATIVE HUMIDITY (PERCENT)
 HIGHEST    93          1200 AM
 LOWEST     58           200 PM
 AVERAGE    76

..........................................................


THE TUSCALOOSA CLIMATE NORMALS FOR TODAY
                         NORMAL    RECORD    YEAR
 MAXIMUM TEMPERATURE (F)   87       100      2011
 MINIMUM TEMPERATURE (F)   65        48      1966


SUNRISE AND SUNSET
JUNE  2 2015..........SUNRISE   542 AM CDT   SUNSET   755 PM CDT
JUNE  3 2015..........SUNRISE   542 AM CDT   SUNSET   756 PM CDT


-  INDICATES NEGATIVE NUMBERS.
R  INDICATES RECORD WAS SET OR TIED.
MM INDICATES DATA IS MISSING.
T  INDICATES TRACE AMOUNT.




$$
