000
CDUS42 KTAE 070650
CLITLH


CLIMATE REPORT
NATIONAL WEATHER SERVICE TALLAHASSEE FL
149 AM EST WED DEC 7 2016


...................................

...THE TALLAHASSEE CLIMATE SUMMARY FOR DECEMBER 6 2016...

CLIMATE NORMAL PERIOD 1981 TO 2010
CLIMATE RECORD PERIOD 1896 TO 2016


WEATHER ITEM   OBSERVED TIME   RECORD YEAR NORMAL DEPARTURE LAST
                VALUE   (LST)  VALUE       VALUE  FROM      YEAR
                                                  NORMAL
..................................................................
TEMPERATURE (F)
 YESTERDAY
  MAXIMUM         78    354 PM  83    1942  67     11       75
  MINIMUM         55   1159 PM  24    2000  43     12       52
  AVERAGE         67                        55     12       64

PRECIPITATION (IN)
  YESTERDAY        0.39          4.26 1979   0.13   0.26     0.00
  MONTH TO DATE    2.90                      0.78   2.12     0.85
  SINCE DEC 1      2.90                      0.78   2.12     0.85
  SINCE JAN 1     58.52                     56.11   2.41    50.46

SNOWFALL (IN)
  YESTERDAY        0.0                       0.0    0.0

DEGREE DAYS
 HEATING
  YESTERDAY        0                              -11
  MONTH TO DATE   24                              -37
  SINCE DEC 1     24                              -37
  SINCE JUL 1    137                             -160

 COOLING
  YESTERDAY        2                                1
  MONTH TO DATE   11                                5
  SINCE DEC 1     11                                5
  SINCE JAN 1   3274                              688
..................................................................


WIND (MPH)
  HIGHEST WIND SPEED    24   HIGHEST WIND DIRECTION     W (270)
  HIGHEST GUST SPEED    31   HIGHEST GUST DIRECTION     W (250)
  AVERAGE WIND SPEED    11.4




RELATIVE HUMIDITY (PERCENT)
 HIGHEST   100
 LOWEST     43
 AVERAGE    72

..........................................................


THE TALLAHASSEE CLIMATE NORMALS FOR TODAY
                         NORMAL    RECORD    YEAR
 MAXIMUM TEMPERATURE (F)   67        84      2013
 MINIMUM TEMPERATURE (F)   43        18      1937


SUNRISE AND SUNSET
DECEMBER  7 2016......SUNRISE   722 AM EST   SUNSET   537 PM EST
DECEMBER  8 2016......SUNRISE   722 AM EST   SUNSET   537 PM EST


-  INDICATES NEGATIVE NUMBERS.
R  INDICATES RECORD WAS SET OR TIED.
MM INDICATES DATA IS MISSING.
T  INDICATES TRACE AMOUNT.




$$
