000
CDUS42 KTAE 310636
CLITLH


CLIMATE REPORT
NATIONAL WEATHER SERVICE TALLAHASSEE FL
134 AM EST SAT JAN 31 2015


...................................

...THE TALLAHASSEE CLIMATE SUMMARY FOR JANUARY 30 2015...

CLIMATE NORMAL PERIOD 1981 TO 2010
CLIMATE RECORD PERIOD 1896 TO 2015


WEATHER ITEM   OBSERVED TIME   RECORD YEAR NORMAL DEPARTURE LAST
                VALUE   (LST)  VALUE       VALUE  FROM      YEAR
                                                  NORMAL
..................................................................
TEMPERATURE (F)
 YESTERDAY
  MAXIMUM         65    259 PM  83    1957  65      0
  MINIMUM         41   1159 PM  12    1966  40      1
  AVERAGE         53                        52      1

PRECIPITATION (IN)
  YESTERDAY        T             1.96 1947   0.16  -0.16     0.00
  MONTH TO DATE    4.76                      4.18   0.58     3.67
  SINCE DEC 1     13.54                      8.08   5.46     8.56
  SINCE JAN 1      4.76                      4.18   0.58     3.67

SNOWFALL (IN)
  YESTERDAY        0.0                       0.0    0.0

DEGREE DAYS
 HEATING
  YESTERDAY       12                               -1
  MONTH TO DATE  349                              -66
  SINCE DEC 1    599                             -195
  SINCE JUL 1    950                              -80

 COOLING
  YESTERDAY        0                                0
  MONTH TO DATE    7                                7
  SINCE DEC 1     20                                7
  SINCE JAN 1      7                                7
..................................................................


WIND (MPH)
  HIGHEST WIND SPEED    20   HIGHEST WIND DIRECTION     N (340)
  HIGHEST GUST SPEED    24   HIGHEST GUST DIRECTION     N (350)
  AVERAGE WIND SPEED     7.3




RELATIVE HUMIDITY (PERCENT)
 HIGHEST    86
 LOWEST     24
 AVERAGE    55

..........................................................


THE TALLAHASSEE CLIMATE NORMALS FOR TODAY
                         NORMAL    RECORD    YEAR
 MAXIMUM TEMPERATURE (F)   65        81      1975
 MINIMUM TEMPERATURE (F)   40        14      1966


SUNRISE AND SUNSET
JANUARY 31 2015.......SUNRISE   729 AM EST   SUNSET   613 PM EST
FEBRUARY  1 2015......SUNRISE   728 AM EST   SUNSET   614 PM EST


-  INDICATES NEGATIVE NUMBERS.
R  INDICATES RECORD WAS SET OR TIED.
MM INDICATES DATA IS MISSING.
T  INDICATES TRACE AMOUNT.




$$
