000
CDUS42 KTAE 300632
CLITLH


CLIMATE REPORT
NATIONAL WEATHER SERVICE TALLAHASSEE FL
231 AM EDT TUE SEP 30 2014


...................................

...THE TALLAHASSEE CLIMATE SUMMARY FOR SEPTEMBER 29 2014...

CLIMATE NORMAL PERIOD 1981 TO 2010
CLIMATE RECORD PERIOD 1896 TO 2014


WEATHER ITEM   OBSERVED TIME   RECORD YEAR NORMAL DEPARTURE LAST
                VALUE   (LST)  VALUE       VALUE  FROM      YEAR
                                                  NORMAL
..................................................................
TEMPERATURE (F)
 YESTERDAY
  MAXIMUM         84    204 PM  94    1934  86     -2
  MINIMUM         74   1159 PM  46    1967  64     10
                                      1962
  AVERAGE         79                        75      4

PRECIPITATION (IN)
  YESTERDAY        0.70          5.32 1998   0.13   0.57     0.00
  MONTH TO DATE    6.82                      4.56   2.26     3.15
  SINCE SEP 1      6.82                      4.56   2.26     3.15
  SINCE JAN 1     47.90                     48.47  -0.57    56.44

SNOWFALL (IN)
  YESTERDAY        0.0                       0.0    0.0

DEGREE DAYS
 HEATING
  YESTERDAY        0                                0
  MONTH TO DATE    0                                0
  SINCE SEP 1      0                                0
  SINCE JUL 1      0                                0

 COOLING
  YESTERDAY       14                                4
  MONTH TO DATE  435                               47
  SINCE SEP 1    435                               47
  SINCE JAN 1   2606                              265
..................................................................


WIND (MPH)
  HIGHEST WIND SPEED    17   HIGHEST WIND DIRECTION    NW (330)
  HIGHEST GUST SPEED    21   HIGHEST GUST DIRECTION     N (340)
  AVERAGE WIND SPEED     3.9




RELATIVE HUMIDITY (PERCENT)
 HIGHEST   100
 LOWEST     69
 AVERAGE    85

..........................................................


THE TALLAHASSEE CLIMATE NORMALS FOR TODAY
                         NORMAL    RECORD    YEAR
 MAXIMUM TEMPERATURE (F)   86        96      1934
 MINIMUM TEMPERATURE (F)   64        40      1967


SUNRISE AND SUNSET
SEPTEMBER 30 2014.....SUNRISE   730 AM EDT   SUNSET   724 PM EDT
OCTOBER  1 2014.......SUNRISE   731 AM EDT   SUNSET   723 PM EDT


-  INDICATES NEGATIVE NUMBERS.
R  INDICATES RECORD WAS SET OR TIED.
MM INDICATES DATA IS MISSING.
T  INDICATES TRACE AMOUNT.




$$
