000
CDUS42 KTAE 240631
CLITLH


CLIMATE REPORT
NATIONAL WEATHER SERVICE TALLAHASSEE FL
230 AM EDT FRI MAR 24 2017


...................................

...THE TALLAHASSEE CLIMATE SUMMARY FOR MARCH 23 2017...

CLIMATE NORMAL PERIOD 1981 TO 2010
CLIMATE RECORD PERIOD 1896 TO 2017


WEATHER ITEM   OBSERVED TIME   RECORD YEAR NORMAL DEPARTURE LAST
                VALUE   (LST)  VALUE       VALUE  FROM      YEAR
                                                  NORMAL
..................................................................
TEMPERATURE (F)
 YESTERDAY
  MAXIMUM         75    430 PM  91    1935  75      0       76
  MINIMUM         61   1159 PM  25    1986  48     13       39
  AVERAGE         68                        62      6       58

PRECIPITATION (IN)
  YESTERDAY        0.00          3.30 1897   0.16  -0.16     0.00
  MONTH TO DATE    1.05                      4.61  -3.56     2.06
  SINCE MAR 1      1.05                      4.61  -3.56     2.06
  SINCE JAN 1     10.98                     13.80  -2.82    10.76

SNOWFALL (IN)
  YESTERDAY        0.0                       0.0    0.0

DEGREE DAYS
 HEATING
  YESTERDAY        0                               -5
  MONTH TO DATE  128                              -19
  SINCE MAR 1    128                              -19
  SINCE JUL 1    776                             -714

 COOLING
  YESTERDAY        3                                2
  MONTH TO DATE   31                                8
  SINCE MAR 1     31                                8
  SINCE JAN 1     91                               54
..................................................................


WIND (MPH)
  HIGHEST WIND SPEED    20   HIGHEST WIND DIRECTION     E (100)
  HIGHEST GUST SPEED    26   HIGHEST GUST DIRECTION     E (100)
  AVERAGE WIND SPEED    12.2




RELATIVE HUMIDITY (PERCENT)
 HIGHEST    78
 LOWEST     53
 AVERAGE    66

..........................................................


THE TALLAHASSEE CLIMATE NORMALS FOR TODAY
                         NORMAL    RECORD    YEAR
 MAXIMUM TEMPERATURE (F)   75        90      1935
                                             1929
 MINIMUM TEMPERATURE (F)   48        30      1968


SUNRISE AND SUNSET
MARCH 24 2017.........SUNRISE   736 AM EDT   SUNSET   752 PM EDT
MARCH 25 2017.........SUNRISE   735 AM EDT   SUNSET   752 PM EDT


-  INDICATES NEGATIVE NUMBERS.
R  INDICATES RECORD WAS SET OR TIED.
MM INDICATES DATA IS MISSING.
T  INDICATES TRACE AMOUNT.




$$
