000
CDUS42 KTAE 060632
CLITLH


CLIMATE REPORT
NATIONAL WEATHER SERVICE TALLAHASSEE FL
231 AM EDT FRI MAY 6 2016


...................................

...THE TALLAHASSEE CLIMATE SUMMARY FOR MAY 5 2016...

CLIMATE NORMAL PERIOD 1981 TO 2010
CLIMATE RECORD PERIOD 1896 TO 2016


WEATHER ITEM   OBSERVED TIME   RECORD YEAR NORMAL DEPARTURE LAST
                VALUE   (LST)  VALUE       VALUE  FROM      YEAR
                                                  NORMAL
..................................................................
TEMPERATURE (F)
 YESTERDAY
  MAXIMUM         79    353 PM  95    1947  85     -6       86
  MINIMUM         54    247 AM  36    1971  58     -4       64
  AVERAGE         67                        71     -4       75

PRECIPITATION (IN)
  YESTERDAY        0.00          1.73 1967   0.09  -0.09     0.00
  MONTH TO DATE    0.03                      0.42  -0.39     0.00
  SINCE MAR 1     13.02                      9.42   3.60     7.42
  SINCE JAN 1     21.72                     18.61   3.11    16.61

SNOWFALL (IN)
  YESTERDAY        0.0                       0.0    0.0

DEGREE DAYS
 HEATING
  YESTERDAY        0                                0
  MONTH TO DATE    0                               -3
  SINCE MAR 1     98                             -152
  SINCE JUL 1    943                             -650

 COOLING
  YESTERDAY        2                               -5
  MONTH TO DATE   47                               16
  SINCE MAR 1    302                              132
  SINCE JAN 1    305                              121
..................................................................


WIND (MPH)
  HIGHEST WIND SPEED    26   HIGHEST WIND DIRECTION    NW (320)
  HIGHEST GUST SPEED    37   HIGHEST GUST DIRECTION    NW (310)
  AVERAGE WIND SPEED     9.6




RELATIVE HUMIDITY (PERCENT)
 HIGHEST    77
 LOWEST     19
 AVERAGE    48

..........................................................


THE TALLAHASSEE CLIMATE NORMALS FOR TODAY
                         NORMAL    RECORD    YEAR
 MAXIMUM TEMPERATURE (F)   85        94      1955
 MINIMUM TEMPERATURE (F)   58        43      1973


SUNRISE AND SUNSET
MAY  6 2016...........SUNRISE   649 AM EDT   SUNSET   819 PM EDT
MAY  7 2016...........SUNRISE   649 AM EDT   SUNSET   820 PM EDT


-  INDICATES NEGATIVE NUMBERS.
R  INDICATES RECORD WAS SET OR TIED.
MM INDICATES DATA IS MISSING.
T  INDICATES TRACE AMOUNT.




$$
