000
CDUS42 KTAE 180644
CLITLH


CLIMATE REPORT
NATIONAL WEATHER SERVICE TALLAHASSEE FL
141 AM EST THU DEC 18 2014


...................................

...THE TALLAHASSEE CLIMATE SUMMARY FOR DECEMBER 17 2014...

CLIMATE NORMAL PERIOD 1981 TO 2010
CLIMATE RECORD PERIOD 1896 TO 2014


WEATHER ITEM   OBSERVED TIME   RECORD YEAR NORMAL DEPARTURE LAST
                VALUE   (LST)  VALUE       VALUE  FROM      YEAR
                                                  NORMAL
..................................................................
TEMPERATURE (F)
 YESTERDAY
  MAXIMUM         65    329 PM  83    1971  65      0
  MINIMUM         35    751 AM  20    1968  41     -6
  AVERAGE         50                        53     -3

PRECIPITATION (IN)
  YESTERDAY        0.00          3.40 1892   0.12  -0.12     0.00
  MONTH TO DATE    0.09                      2.17  -2.08     2.40
  SINCE DEC 1      0.09                      2.17  -2.08     2.40
  SINCE JAN 1     59.78                     57.50   2.28    64.28

SNOWFALL (IN)
  YESTERDAY        0.0                       0.0    0.0

DEGREE DAYS
 HEATING
  YESTERDAY       15                                2
  MONTH TO DATE  157                              -33
  SINCE DEC 1    157                              -33
  SINCE JUL 1    508                               82

 COOLING
  YESTERDAY        0                                0
  MONTH TO DATE    9                                1
  SINCE DEC 1      9                                1
  SINCE JAN 1   2801                              213
..................................................................


WIND (MPH)
  HIGHEST WIND SPEED    10   HIGHEST WIND DIRECTION     W (270)
  HIGHEST GUST SPEED    15   HIGHEST GUST DIRECTION     W (280)
  AVERAGE WIND SPEED     1.8




RELATIVE HUMIDITY (PERCENT)
 HIGHEST    89
 LOWEST     40
 AVERAGE    65

..........................................................


THE TALLAHASSEE CLIMATE NORMALS FOR TODAY
                         NORMAL    RECORD    YEAR
 MAXIMUM TEMPERATURE (F)   65        82      1967
                                             1931
 MINIMUM TEMPERATURE (F)   41        18      1988


SUNRISE AND SUNSET
DECEMBER 18 2014......SUNRISE   728 AM EST   SUNSET   540 PM EST
DECEMBER 19 2014......SUNRISE   729 AM EST   SUNSET   540 PM EST


-  INDICATES NEGATIVE NUMBERS.
R  INDICATES RECORD WAS SET OR TIED.
MM INDICATES DATA IS MISSING.
T  INDICATES TRACE AMOUNT.




$$
