000
CDUS42 KTAE 190633
CLITLH


CLIMATE REPORT
NATIONAL WEATHER SERVICE TALLAHASSEE FL
233 AM EDT TUE SEP 19 2017


...................................

...THE TALLAHASSEE CLIMATE SUMMARY FOR SEPTEMBER 18 2017...

CLIMATE NORMAL PERIOD 1981 TO 2010
CLIMATE RECORD PERIOD 1896 TO 2017


WEATHER ITEM   OBSERVED TIME   RECORD YEAR NORMAL DEPARTURE LAST
                VALUE   (LST)  VALUE       VALUE  FROM      YEAR
                                                  NORMAL
..................................................................
TEMPERATURE (F)
 YESTERDAY
  MAXIMUM         93    244 PM  98    2005  88      5       91
  MINIMUM         66    624 AM  56    2001  68     -2       74
                                      1967
                                      1910
  AVERAGE         80                        78      2       83

PRECIPITATION (IN)
  YESTERDAY        0.00          3.98 1966   0.15  -0.15     0.77
  MONTH TO DATE    3.40                      3.01   0.39     7.28
  SINCE SEP 1      3.40                      3.01   0.39     7.28
  SINCE JAN 1     48.67                     46.92   1.75    54.59

SNOWFALL (IN)
  YESTERDAY        0.0                       0.0    0.0

DEGREE DAYS
 HEATING
  YESTERDAY        0                                0
  MONTH TO DATE    1                                1
  SINCE SEP 1      1                                1
  SINCE JUL 1      1                                1

 COOLING
  YESTERDAY       15                                2
  MONTH TO DATE  228                              -35
  SINCE SEP 1    228                              -35
  SINCE JAN 1   2406                              190
..................................................................


WIND (MPH)
  HIGHEST WIND SPEED    13   HIGHEST WIND DIRECTION     N (350)
  HIGHEST GUST SPEED    17   HIGHEST GUST DIRECTION     N (360)
  AVERAGE WIND SPEED     2.5




RELATIVE HUMIDITY (PERCENT)
 HIGHEST   100
 LOWEST     38
 AVERAGE    69

..........................................................


THE TALLAHASSEE CLIMATE NORMALS FOR TODAY
                         NORMAL    RECORD    YEAR
 MAXIMUM TEMPERATURE (F)   88        99      2005
 MINIMUM TEMPERATURE (F)   68        46      1981


SUNRISE AND SUNSET
SEPTEMBER 19 2017.....SUNRISE   724 AM EDT   SUNSET   737 PM EDT
SEPTEMBER 20 2017.....SUNRISE   725 AM EDT   SUNSET   736 PM EDT


-  INDICATES NEGATIVE NUMBERS.
R  INDICATES RECORD WAS SET OR TIED.
MM INDICATES DATA IS MISSING.
T  INDICATES TRACE AMOUNT.




$$
