000
CDUS42 KTAE 300630
CLITLH


CLIMATE REPORT
NATIONAL WEATHER SERVICE TALLAHASSEE FL
230 AM EDT SUN APR 30 2017


...................................

...THE TALLAHASSEE CLIMATE SUMMARY FOR APRIL 29 2017...

CLIMATE NORMAL PERIOD 1981 TO 2010
CLIMATE RECORD PERIOD 1896 TO 2017


WEATHER ITEM   OBSERVED TIME   RECORD YEAR NORMAL DEPARTURE LAST
                VALUE   (LST)  VALUE       VALUE  FROM      YEAR
                                                  NORMAL
..................................................................
TEMPERATURE (F)
 YESTERDAY
  MAXIMUM         85    507 PM  95    1942  83      2       91
  MINIMUM         68    611 AM  34    1992  56     12       69
  AVERAGE         77                        69      8       80

PRECIPITATION (IN)
  YESTERDAY        0.00          2.10 1996   0.09  -0.09     0.00
  MONTH TO DATE    3.17                      2.98   0.19     6.49
  SINCE MAR 1      4.36                      8.92  -4.56    12.99
  SINCE JAN 1     14.29                     18.11  -3.82    21.69

SNOWFALL (IN)
  YESTERDAY        0.0                       0.0    0.0

DEGREE DAYS
 HEATING
  YESTERDAY        0                               -1
  MONTH TO DATE   24                              -42
  SINCE MAR 1    152                              -95
  SINCE JUL 1    800                             -790

 COOLING
  YESTERDAY       12                                7
  MONTH TO DATE  163                               70
  SINCE MAR 1    243                              110
  SINCE JAN 1    303                              156
..................................................................


WIND (MPH)
  HIGHEST WIND SPEED    20   HIGHEST WIND DIRECTION    SE (150)
  HIGHEST GUST SPEED    25   HIGHEST GUST DIRECTION     S (180)
  AVERAGE WIND SPEED     6.1




RELATIVE HUMIDITY (PERCENT)
 HIGHEST   100
 LOWEST     59
 AVERAGE    80

..........................................................


THE TALLAHASSEE CLIMATE NORMALS FOR TODAY
                         NORMAL    RECORD    YEAR
 MAXIMUM TEMPERATURE (F)   83        95      2012
                                             1942
 MINIMUM TEMPERATURE (F)   56        40      1992


SUNRISE AND SUNSET
APRIL 30 2017.........SUNRISE   655 AM EDT   SUNSET   815 PM EDT
MAY  1 2017...........SUNRISE   654 AM EDT   SUNSET   816 PM EDT


-  INDICATES NEGATIVE NUMBERS.
R  INDICATES RECORD WAS SET OR TIED.
MM INDICATES DATA IS MISSING.
T  INDICATES TRACE AMOUNT.




$$
