000
CDUS42 KTAE 290628
CLITLH


CLIMATE REPORT
NATIONAL WEATHER SERVICE TALLAHASSEE FL
123 AM EST SAT NOV 29 2014

...................................

...THE TALLAHASSEE CLIMATE SUMMARY FOR NOVEMBER 28 2014...

CLIMATE NORMAL PERIOD 1981 TO 2010
CLIMATE RECORD PERIOD 1896 TO 2014


WEATHER ITEM   OBSERVED TIME   RECORD YEAR NORMAL DEPARTURE LAST
                VALUE   (LST)  VALUE       VALUE  FROM      YEAR
                                                  NORMAL
..................................................................
TEMPERATURE (F)
 YESTERDAY
  MAXIMUM         58    426 PM  85    1994  69    -11
  MINIMUM         33   1159 PM  23    1956  44    -11
  AVERAGE         46                        57    -11

PRECIPITATION (IN)
  YESTERDAY        0.00          2.57 1903   0.13  -0.13     0.00
  MONTH TO DATE    6.92                      3.23   3.69     4.39
  SINCE SEP 1     18.61                     11.15   7.46     8.59
  SINCE JAN 1     59.69                     55.06   4.63    61.88

SNOWFALL (IN)
  YESTERDAY        0.0                       0.0    0.0

DEGREE DAYS
 HEATING
  YESTERDAY       19                               10
  MONTH TO DATE  300                              129
  SINCE SEP 1    325                              107
  SINCE JUL 1    325                              107

 COOLING
  YESTERDAY        0                               -1
  MONTH TO DATE   13                              -32
  SINCE SEP 1    621                               -4
  SINCE JAN 1   2792                              214
..................................................................


WIND (MPH)
  HIGHEST WIND SPEED    12   HIGHEST WIND DIRECTION     N (350)
  HIGHEST GUST SPEED    16   HIGHEST GUST DIRECTION     N (360)
  AVERAGE WIND SPEED     4.5




RELATIVE HUMIDITY (PERCENT)
 HIGHEST    82
 LOWEST     26
 AVERAGE    54

..........................................................


THE TALLAHASSEE CLIMATE NORMALS FOR TODAY
                         NORMAL    RECORD    YEAR
 MAXIMUM TEMPERATURE (F)   69        83      1931
 MINIMUM TEMPERATURE (F)   44        25      2002


SUNRISE AND SUNSET
NOVEMBER 29 2014......SUNRISE   715 AM EST   SUNSET   537 PM EST
NOVEMBER 30 2014......SUNRISE   716 AM EST   SUNSET   536 PM EST


-  INDICATES NEGATIVE NUMBERS.
R  INDICATES RECORD WAS SET OR TIED.
MM INDICATES DATA IS MISSING.
T  INDICATES TRACE AMOUNT.


$$
