000
CDUS42 KTAE 010932
CLITLH


CLIMATE REPORT
NATIONAL WEATHER SERVICE TALLAHASSEE FL
528 AM EDT FRI AUG 1 2014


...................................

...THE TALLAHASSEE CLIMATE SUMMARY FOR JULY 31 2014...

CLIMATE NORMAL PERIOD 1981 TO 2010
CLIMATE RECORD PERIOD 1896 TO 2014


WEATHER ITEM   OBSERVED TIME   RECORD YEAR NORMAL DEPARTURE LAST
                VALUE   (LST)  VALUE       VALUE  FROM      YEAR
                                                  NORMAL
..................................................................
TEMPERATURE (F)
 YESTERDAY
  MAXIMUM         94    254 AM 101    2010  92      2
                                      1999
  MINIMUM         65(E) 600 AM  63    1896  72     -7
  AVERAGE         80                        82     -2

PRECIPITATION (IN)
  YESTERDAY        0.00          2.01 1952   0.26  -0.26     0.36
  MONTH TO DATE    2.33                      7.17  -4.84    14.96
  SINCE JUN 1      6.73                     14.90  -8.17    22.28
  SINCE JAN 1     38.82                     36.56   2.26    44.67

SNOWFALL (IN)
  YESTERDAY        0.0                       0.0    0.0

DEGREE DAYS
 HEATING
  YESTERDAY        0                                0
  MONTH TO DATE    0                                0
  SINCE JUN 1      0                                0
  SINCE JUL 1      0                                0

 COOLING
  YESTERDAY       15                               -2
  MONTH TO DATE  545                               16
  SINCE JUN 1   1066                               80
  SINCE JAN 1   1555                              123
..................................................................


WIND (MPH)
  HIGHEST WIND SPEED     8   HIGHEST WIND DIRECTION    NW (320)
  HIGHEST GUST SPEED    MM   HIGHEST GUST DIRECTION    MM
  AVERAGE WIND SPEED     3.2




RELATIVE HUMIDITY (PERCENT)
 HIGHEST    87
 LOWEST     33
 AVERAGE    60

..........................................................


THE TALLAHASSEE CLIMATE NORMALS FOR TODAY
                         NORMAL    RECORD    YEAR
 MAXIMUM TEMPERATURE (F)   92       102      1986
 MINIMUM TEMPERATURE (F)   72        64      1993


SUNRISE AND SUNSET
AUGUST  1 2014........SUNRISE   656 AM EDT   SUNSET   831 PM EDT
AUGUST  2 2014........SUNRISE   656 AM EDT   SUNSET   831 PM EDT


-  INDICATES NEGATIVE NUMBERS.
R  INDICATES RECORD WAS SET OR TIED.
MM INDICATES DATA IS MISSING.
T  INDICATES TRACE AMOUNT.




$$
