622
CDUS42 KTAE 180630
CLITLH


CLIMATE REPORT
NATIONAL WEATHER SERVICE TALLAHASSEE FL
130 AM EST SAT NOV 18 2017


...................................

...THE TALLAHASSEE CLIMATE SUMMARY FOR NOVEMBER 17 2017...

CLIMATE NORMAL PERIOD 1981 TO 2010
CLIMATE RECORD PERIOD 1896 TO 2017


WEATHER ITEM   OBSERVED TIME   RECORD YEAR NORMAL DEPARTURE LAST
                VALUE   (LST)  VALUE       VALUE  FROM      YEAR
                                                  NORMAL
..................................................................
TEMPERATURE (F)
 YESTERDAY
  MAXIMUM         74    333 PM  85    1938  73      1       83
  MINIMUM         42    721 AM  24    1970  47     -5       43
  AVERAGE         58                        60     -2       63

PRECIPITATION (IN)
  YESTERDAY        0.00          7.75 1930   0.12  -0.12     0.00
  MONTH TO DATE    0.01                      1.89  -1.88      T
  SINCE SEP 1      7.41                      9.81  -2.40     7.82
  SINCE JAN 1     52.68                     53.72  -1.04    55.13

SNOWFALL (IN)
  YESTERDAY        0.0                       0.0    0.0

DEGREE DAYS
 HEATING
  YESTERDAY        7                                0
  MONTH TO DATE   37                              -47
  SINCE SEP 1     90                              -41
  SINCE JUL 1     90                              -41

 COOLING
  YESTERDAY        0                               -1
  MONTH TO DATE   38                                4
  SINCE SEP 1    758                              144
  SINCE JAN 1   2936                              369
..................................................................


WIND (MPH)
  HIGHEST WIND SPEED     9   HIGHEST WIND DIRECTION     N (340)
  HIGHEST GUST SPEED    13   HIGHEST GUST DIRECTION     N (350)
  AVERAGE WIND SPEED     2.5




RELATIVE HUMIDITY (PERCENT)
 HIGHEST   100
 LOWEST     35
 AVERAGE    68

..........................................................


THE TALLAHASSEE CLIMATE NORMALS FOR TODAY
                         NORMAL    RECORD    YEAR
 MAXIMUM TEMPERATURE (F)   72        84      1985
                                             1928
 MINIMUM TEMPERATURE (F)   47        27      1970


SUNRISE AND SUNSET
NOVEMBER 18 2017......SUNRISE   706 AM EST   SUNSET   539 PM EST
NOVEMBER 19 2017......SUNRISE   707 AM EST   SUNSET   539 PM EST


-  INDICATES NEGATIVE NUMBERS.
R  INDICATES RECORD WAS SET OR TIED.
MM INDICATES DATA IS MISSING.
T  INDICATES TRACE AMOUNT.




$$
