000
CDUS44 KBMX 260741
CLITOI


CLIMATE REPORT
NATIONAL WEATHER SERVICE BIRMINGHAM, AL
241 AM CDT THU MAY 26 2016


...................................

...THE TROY CLIMATE SUMMARY FOR MAY 25 2016...

CLIMATE NORMAL PERIOD 1981 TO 2010
CLIMATE RECORD PERIOD 9999 TO 9999


WEATHER ITEM   OBSERVED TIME   RECORD YEAR NORMAL DEPARTURE LAST
                VALUE   (LST)  VALUE       VALUE  FROM      YEAR
                                                  NORMAL
..................................................................
TEMPERATURE (F)
 YESTERDAY
  MAXIMUM         88    256 PM  MM      MM  86      2       85
  MINIMUM         58    451 AM  MM      MM  61     -3       68
  AVERAGE         73                        74     -1       77

PRECIPITATION (IN)
  YESTERDAY        0.00                      0.15  -0.15     0.25
  MONTH TO DATE    2.40                      2.51  -0.11     1.26
  SINCE MAR 1     12.98                     12.53   0.45    11.08
  SINCE JAN 1     19.33                     21.66  -2.33    17.99

DEGREE DAYS
 COOLING
  YESTERDAY        8                         9     -1       12
  MONTH TO DATE  162                       153      9      209
  SINCE MAR 1    321                       225     96      413
  SINCE JAN 1    328                       230     98      415
..................................................................


WIND (MPH)
  HIGHEST WIND SPEED    10   HIGHEST WIND DIRECTION     S (190)
  HIGHEST GUST SPEED    16   HIGHEST GUST DIRECTION     S (160)
  AVERAGE WIND SPEED     2.7


SKY COVER
  AVERAGE SKY COVER 0.1


WEATHER CONDITIONS
 THE FOLLOWING WEATHER WAS RECORDED YESTERDAY.
  FOG


RELATIVE HUMIDITY (PERCENT)
 HIGHEST    93          1200 AM
 LOWEST     42           100 PM
 AVERAGE    68

..........................................................


THE TROY CLIMATE NORMALS FOR TODAY
                         NORMAL    RECORD    YEAR
 MAXIMUM TEMPERATURE (F)   86        MM        MM
 MINIMUM TEMPERATURE (F)   62        MM        MM


SUNRISE AND SUNSET
MAY 26 2016...........SUNRISE   541 AM CDT   SUNSET   742 PM CDT
MAY 27 2016...........SUNRISE   541 AM CDT   SUNSET   742 PM CDT


-  INDICATES NEGATIVE NUMBERS.
R  INDICATES RECORD WAS SET OR TIED.
MM INDICATES DATA IS MISSING.
T  INDICATES TRACE AMOUNT.




$$
