000
CDUS44 KBMX 040749
CLITOI


CLIMATE REPORT
NATIONAL WEATHER SERVICE BIRMINGHAM, AL
148 AM CST WED MAR 4 2015


...................................

...THE TROY CLIMATE SUMMARY FOR MARCH 3 2015...

CLIMATE NORMAL PERIOD 1981 TO 2010
CLIMATE RECORD PERIOD 9999 TO 9999


WEATHER ITEM   OBSERVED TIME   RECORD YEAR NORMAL DEPARTURE LAST
                VALUE   (LST)  VALUE       VALUE  FROM      YEAR
                                                  NORMAL
..................................................................
TEMPERATURE (F)
 YESTERDAY
  MAXIMUM         80    230 PM  MM      MM  66     14       62
  MINIMUM         58    458 AM  MM      MM  40     18       35
  AVERAGE         69                        53     16       49

PRECIPITATION (IN)
  YESTERDAY        0.00                      0.16  -0.16     0.11
  MONTH TO DATE    0.30                      0.48  -0.18     0.11
  SINCE MAR 1      0.30                      0.48  -0.18     0.11
  SINCE JAN 1      7.21                      9.61  -2.40     9.17

SNOWFALL (IN)
  YESTERDAY        0.0                      MM     MM        0.0
  MONTH TO DATE    0.0                      MM     MM        0.0
  SINCE MAR 1      0.0                      MM     MM        0.0
  SINCE JUL 1      0.0                      MM     MM        0.3
  SNOW DEPTH       0

DEGREE DAYS
 HEATING
  YESTERDAY        0                        12    -12       16
  MONTH TO DATE   24                        36    -12       26
  SINCE MAR 1     24                        36    -12       26
  SINCE JUL 1   2025                      1955     70     1966

 COOLING
  YESTERDAY        4                         0      4        0
  MONTH TO DATE    4                         0      4        0
  SINCE MAR 1      4                         0      4        0
  SINCE JAN 1      6                         5      1       11
..................................................................


WIND (MPH)
  HIGHEST WIND SPEED    16   HIGHEST WIND DIRECTION     S (190)
  HIGHEST GUST SPEED    23   HIGHEST GUST DIRECTION    SW (220)
  AVERAGE WIND SPEED     5.3


SKY COVER
  AVERAGE SKY COVER 0.8


WEATHER CONDITIONS
 THE FOLLOWING WEATHER WAS RECORDED YESTERDAY.
  FOG
  FOG W/VISIBILITY <= 1/4 MILE


RELATIVE HUMIDITY (PERCENT)
 HIGHEST   100           300 AM
 LOWEST     54           300 PM
 AVERAGE    77

..........................................................


THE TROY CLIMATE NORMALS FOR TODAY
                         NORMAL    RECORD    YEAR
 MAXIMUM TEMPERATURE (F)   67        MM        MM
 MINIMUM TEMPERATURE (F)   41        MM        MM


SUNRISE AND SUNSET
MARCH  4 2015.........SUNRISE   608 AM CST   SUNSET   544 PM CST
MARCH  5 2015.........SUNRISE   607 AM CST   SUNSET   545 PM CST


-  INDICATES NEGATIVE NUMBERS.
R  INDICATES RECORD WAS SET OR TIED.
MM INDICATES DATA IS MISSING.
T  INDICATES TRACE AMOUNT.




$$
