357
CDUS44 KBMX 280739
CLITOI


CLIMATE REPORT
NATIONAL WEATHER SERVICE BIRMINGHAM, AL
239 AM CDT TUE MAR 28 2017


...................................

...THE TROY CLIMATE SUMMARY FOR MARCH 27 2017...

CLIMATE NORMAL PERIOD 1981 TO 2010
CLIMATE RECORD PERIOD 9999 TO 9999


WEATHER ITEM   OBSERVED TIME   RECORD YEAR NORMAL DEPARTURE LAST
                VALUE   (LST)  VALUE       VALUE  FROM      YEAR
                                                  NORMAL
..................................................................
TEMPERATURE (F)
 YESTERDAY
  MAXIMUM         82    251 PM  MM      MM  72     10       70
  MINIMUM         61    626 AM  MM      MM  45     16       62
  AVERAGE         72                        59     13       66

PRECIPITATION (IN)
  YESTERDAY        0.00                      0.25  -0.25     0.46
  MONTH TO DATE    2.20                      5.17  -2.97     4.82
  SINCE MAR 1      2.20                      5.17  -2.97     4.82
  SINCE JAN 1     20.83                     14.30   6.53    11.17

SNOWFALL (IN)
  YESTERDAY        0.0                      MM     MM        0.0
  MONTH TO DATE    0.0                      MM     MM        0.0
  SINCE MAR 1      0.0                      MM     MM        0.0
  SINCE JUL 1      0.0                      MM     MM         T
  SNOW DEPTH       0

DEGREE DAYS
 HEATING
  YESTERDAY        0                         7     -7        0
  MONTH TO DATE  217                       256    -39      127
  SINCE MAR 1    217                       256    -39      127
  SINCE JUL 1   1378                      2175   -797     1432

 COOLING
  YESTERDAY        7                         1      6        1
  MONTH TO DATE   34                         7     27       74
  SINCE MAR 1     34                         7     27       74
  SINCE JAN 1     56                        12     44       81
..................................................................


WIND (MPH)
  HIGHEST WIND SPEED    17   HIGHEST WIND DIRECTION     S (190)
  HIGHEST GUST SPEED    27   HIGHEST GUST DIRECTION     S (180)
  AVERAGE WIND SPEED     7.4


SKY COVER
  AVERAGE SKY COVER 0.4


WEATHER CONDITIONS
 THE FOLLOWING WEATHER WAS RECORDED YESTERDAY.
  FOG


RELATIVE HUMIDITY (PERCENT)
 HIGHEST   100          1200 AM
 LOWEST     45           100 PM
 AVERAGE    73

..........................................................


THE TROY CLIMATE NORMALS FOR TODAY
                         NORMAL    RECORD    YEAR
 MAXIMUM TEMPERATURE (F)   72        MM        MM
 MINIMUM TEMPERATURE (F)   46        MM        MM


SUNRISE AND SUNSET
MARCH 28 2017.........SUNRISE   637 AM CDT   SUNSET   701 PM CDT
MARCH 29 2017.........SUNRISE   636 AM CDT   SUNSET   702 PM CDT


-  INDICATES NEGATIVE NUMBERS.
R  INDICATES RECORD WAS SET OR TIED.
MM INDICATES DATA IS MISSING.
T  INDICATES TRACE AMOUNT.




$$
