490
CDUS44 KBMX 072235
CLITOI


CLIMATE REPORT
NATIONAL WEATHER SERVICE BIRMINGHAM, AL
434 PM CST SUN FEB 7 2016


...................................

...THE TROY CLIMATE SUMMARY FOR FEBRUARY 7 2016...
VALID AS OF 0400 PM LOCAL TIME.

CLIMATE NORMAL PERIOD 1981 TO 2010
CLIMATE RECORD PERIOD 9999 TO 9999


WEATHER ITEM   OBSERVED TIME   RECORD YEAR NORMAL DEPARTURE LAST
                VALUE   (LST)  VALUE       VALUE  FROM      YEAR
                                                  NORMAL
..................................................................
TEMPERATURE (F)
 TODAY
  MAXIMUM         60    348 PM  MM      MM  60      0       68
  MINIMUM         28    536 AM  MM      MM  36     -8       27
  AVERAGE         44                        48     -4       48

PRECIPITATION (IN)
  TODAY            0.00                      0.16  -0.16     0.00
  MONTH TO DATE    1.86                      1.08   0.78     0.79
  SINCE DEC 1     18.68                     10.47   8.21     9.14
  SINCE JAN 1      4.76                      5.63  -0.87     4.01

SNOWFALL (IN)
  TODAY            0.0                      MM     MM        0.0
  MONTH TO DATE    0.0                      MM     MM        0.0
  SINCE DEC 1      T                        MM     MM        0.0
  SINCE JUL 1      T                        MM     MM        0.0
  SNOW DEPTH       0

DEGREE DAYS
 HEATING
  TODAY           21                        17      4       17
  MONTH TO DATE   84                       120    -36      133
  SINCE DEC 1    853                      1219   -366     1074
  SINCE JUL 1   1038                      1612   -574     1592
..................................................................


WIND (MPH)
  HIGHEST WIND SPEED    18   HIGHEST WIND DIRECTION     N (360)
  HIGHEST GUST SPEED    24   HIGHEST GUST DIRECTION    NW (320)
  AVERAGE WIND SPEED     6.5


SKY COVER
  AVERAGE SKY COVER 0.0


WEATHER CONDITIONS
 THE FOLLOWING WEATHER WAS RECORDED TODAY.
  NO SIGNIFICANT WEATHER WAS OBSERVED.


RELATIVE HUMIDITY (PERCENT)
 HIGHEST    92           400 AM
 LOWEST     24           400 PM
 AVERAGE    58

..........................................................


THE TROY CLIMATE NORMALS FOR TOMORROW
                         NORMAL    RECORD    YEAR
 MAXIMUM TEMPERATURE (F)   61        MM        MM
 MINIMUM TEMPERATURE (F)   36        MM        MM


SUNRISE AND SUNSET
FEBRUARY  7 2016......SUNRISE   633 AM CST   SUNSET   523 PM CST
FEBRUARY  8 2016......SUNRISE   633 AM CST   SUNSET   524 PM CST


-  INDICATES NEGATIVE NUMBERS.
R  INDICATES RECORD WAS SET OR TIED.
MM INDICATES DATA IS MISSING.
T  INDICATES TRACE AMOUNT.




$$
