000
CDUS44 KBMX 152115
CLITOI


CLIMATE REPORT
NATIONAL WEATHER SERVICE BIRMINGHAM, AL
415 PM CDT TUE APR 15 2014


...................................

...THE TROY CLIMATE SUMMARY FOR APRIL 15 2014...
VALID AS OF 0400 PM LOCAL TIME.

CLIMATE NORMAL PERIOD 1981 TO 2010
CLIMATE RECORD PERIOD 9999 TO 9999


WEATHER ITEM   OBSERVED TIME   RECORD YEAR NORMAL DEPARTURE LAST
                VALUE   (LST)  VALUE       VALUE  FROM      YEAR
                                                  NORMAL
..................................................................
TEMPERATURE (F)
 TODAY
  MAXIMUM         65    129 AM  MM      MM  76    -11       82
  MINIMUM         47   1248 PM  MM      MM  50     -3       56
  AVERAGE         56                        63     -7       69

PRECIPITATION (IN)
  TODAY            0.28                      0.14   0.14     0.00
  MONTH TO DATE    6.95                      2.34   4.61     2.07
  SINCE MAR 1     12.64                      8.37   4.27     5.85
  SINCE JAN 1     21.70                     17.50   4.20    21.14

SNOWFALL (IN)
  TODAY            0.0                      MM     MM        0.0
  MONTH TO DATE    0.0                      MM     MM        0.0
  SINCE MAR 1      0.0                      MM     MM        0.0
  SINCE JUL 1      0.3                      MM     MM        0.0
  SNOW DEPTH       0

DEGREE DAYS
 HEATING
  TODAY            9                         4      5        0
  MONTH TO DATE   41                        75    -34       74
  SINCE MAR 1    338                       357    -19      503
  SINCE JUL 1   2278                      2276      2     2109

 COOLING
  TODAY            0                         2     -2        4
  MONTH TO DATE   23                        21      2       19
  SINCE MAR 1     24                        35    -11       24
  SINCE JAN 1     35                        40     -5       44
..................................................................


WIND (MPH)
  HIGHEST WIND SPEED    25   HIGHEST WIND DIRECTION    NW (330)
  HIGHEST GUST SPEED    34   HIGHEST GUST DIRECTION    NW (310)
  AVERAGE WIND SPEED    12.0


SKY COVER
  AVERAGE SKY COVER 1.0


WEATHER CONDITIONS
 THE FOLLOWING WEATHER WAS RECORDED TODAY.
  HEAVY RAIN
  RAIN
  LIGHT RAIN
  FOG


RELATIVE HUMIDITY (PERCENT)
 HIGHEST    93          1200 AM
 LOWEST     54           300 PM
 AVERAGE    74

..........................................................


THE TROY CLIMATE NORMALS FOR TOMORROW
                         NORMAL    RECORD    YEAR
 MAXIMUM TEMPERATURE (F)   77        MM        MM
 MINIMUM TEMPERATURE (F)   50        MM        MM


SUNRISE AND SUNSET
APRIL 15 2014.........SUNRISE   615 AM CDT   SUNSET   713 PM CDT
APRIL 16 2014.........SUNRISE   614 AM CDT   SUNSET   714 PM CDT


-  INDICATES NEGATIVE NUMBERS.
R  INDICATES RECORD WAS SET OR TIED.
MM INDICATES DATA IS MISSING.
T  INDICATES TRACE AMOUNT.




$$
