000
CDUS44 KBMX 250046
CLITOI


CLIMATE REPORT
NATIONAL WEATHER SERVICE BIRMINGHAM, AL
743 PM CDT MON JUL 24 2017


...................................

...THE TROY CLIMATE SUMMARY FOR JULY 24 2017...
VALID TODAY AS OF 0700 PM LOCAL TIME.

CLIMATE NORMAL PERIOD 1981 TO 2010
CLIMATE RECORD PERIOD 9999 TO 9999


WEATHER ITEM   OBSERVED TIME   RECORD YEAR NORMAL DEPARTURE LAST
                VALUE   (LST)  VALUE       VALUE  FROM      YEAR
                                                  NORMAL
..................................................................
TEMPERATURE (F)
 TODAY
  MAXIMUM         89    216 PM  MM      MM  92     -3       92
  MINIMUM         71    512 AM  MM      MM  70      1       72
  AVERAGE         80                        81     -1       82

PRECIPITATION (IN)
  TODAY            0.00                      0.20  -0.20     0.00
  MONTH TO DATE    2.79                      4.39  -1.60     3.59
  SINCE JUN 1     11.30                      9.22   2.08     9.59
  SINCE JAN 1     43.80                     32.05  11.75    28.93

DEGREE DAYS
 COOLING
  TODAY           15                        16     -1       17
  MONTH TO DATE  385                       377      8      399
  SINCE JUN 1    740                       765    -25      840
  SINCE JAN 1   1144                      1052     92     1255
..................................................................


WIND (MPH)
  HIGHEST WIND SPEED    14   HIGHEST WIND DIRECTION    NW (300)
  HIGHEST GUST SPEED    20   HIGHEST GUST DIRECTION    SW (230)
  AVERAGE WIND SPEED     5.0


SKY COVER
  AVERAGE SKY COVER 0.5


WEATHER CONDITIONS
 THE FOLLOWING WEATHER WAS RECORDED TODAY.
  FOG


RELATIVE HUMIDITY (PERCENT)
 HIGHEST   100          1200 AM
 LOWEST     56           200 PM
 AVERAGE    78

..........................................................


THE TROY CLIMATE NORMALS FOR TOMORROW
                         NORMAL    RECORD    YEAR
 MAXIMUM TEMPERATURE (F)   92        MM        MM
 MINIMUM TEMPERATURE (F)   70        MM        MM


SUNRISE AND SUNSET
JULY 24 2017..........SUNRISE   555 AM CDT   SUNSET   746 PM CDT
JULY 25 2017..........SUNRISE   555 AM CDT   SUNSET   745 PM CDT


-  INDICATES NEGATIVE NUMBERS.
R  INDICATES RECORD WAS SET OR TIED.
MM INDICATES DATA IS MISSING.
T  INDICATES TRACE AMOUNT.




$$
