489
CDUS41 KCLE 240545
CLITOL


CLIMATE REPORT
NATIONAL WEATHER SERVICE CLEVELAND OH
145 AM EDT FRI MAR 24 2017


...................................

...THE TOLEDO OH CLIMATE SUMMARY FOR MARCH 23 2017...

CLIMATE NORMAL PERIOD 1981 TO 2010
CLIMATE RECORD PERIOD 1873 TO 2017


WEATHER ITEM   OBSERVED TIME   RECORD YEAR NORMAL DEPARTURE LAST
                VALUE   (LST)  VALUE       VALUE  FROM      YEAR
                                                  NORMAL
..................................................................
TEMPERATURE (F)
 YESTERDAY
  MAXIMUM         50    413 PM  73    1994  50      0       57
                                      1988
  MINIMUM         18    425 AM   5    1888  31    -13       39
  AVERAGE         34                        40     -6       48

PRECIPITATION (IN)
  YESTERDAY        0.15                      0.08   0.07     0.01
  MONTH TO DATE    1.31                      1.77  -0.46     1.65
  SINCE MAR 1      1.31                      1.77  -0.46     1.65
  SINCE JAN 1      7.08                      5.89   1.19     4.87

SNOWFALL (IN)
  YESTERDAY       MM                         0.1   MM        0.0
  MONTH TO DATE    4.7                       4.7    0.0      2.7
  SINCE MAR 1      4.7                       4.7    0.0      2.7
  SINCE JUL 1     21.7                      35.2  -13.5     17.7
  SNOW DEPTH       0

DEGREE DAYS
 HEATING
  YESTERDAY       31                        25      6       17
  MONTH TO DATE  732                       666     66      521
  SINCE MAR 1    732                       666     66      521
  SINCE JUL 1   4577                      5242   -665     4419

 COOLING
  YESTERDAY        0                         0      0        0
  MONTH TO DATE    0                         0      0        0
  SINCE MAR 1      0                         0      0        0
  SINCE JAN 1      0                         0      0        0
..................................................................


WIND (MPH)
  HIGHEST WIND SPEED    15   HIGHEST WIND DIRECTION     E (100)
  HIGHEST GUST SPEED    21   HIGHEST GUST DIRECTION    SE (120)
  AVERAGE WIND SPEED     5.4


SKY COVER
  POSSIBLE SUNSHINE  MM
  AVERAGE SKY COVER 0.2


WEATHER CONDITIONS
 THE FOLLOWING WEATHER WAS RECORDED YESTERDAY.
  RAIN
  LIGHT RAIN
  FOG


RELATIVE HUMIDITY (PERCENT)
 HIGHEST    84           200 AM
 LOWEST     19           300 PM
 AVERAGE    52

..........................................................


THE TOLEDO OH CLIMATE NORMALS FOR TODAY
                         NORMAL    RECORD    YEAR
 MAXIMUM TEMPERATURE (F)   50        83      1910
 MINIMUM TEMPERATURE (F)   31         1      1974


SUNRISE AND SUNSET
MARCH 24 2017.........SUNRISE   731 AM EDT   SUNSET   752 PM EDT
MARCH 25 2017.........SUNRISE   730 AM EDT   SUNSET   753 PM EDT


-  INDICATES NEGATIVE NUMBERS.
R  INDICATES RECORD WAS SET OR TIED.
MM INDICATES DATA IS MISSING.
T  INDICATES TRACE AMOUNT.




$$
