000
CDUS43 KTOP 012145
CLITOP


CLIMATE REPORT
NATIONAL WEATHER SERVICE TOPEKA KS
444 PM CDT SUN MAY 1 2016


...................................

...THE TOPEKA KS CLIMATE SUMMARY FOR MAY 1 2016...
VALID TODAY AS OF 430 PM LOCAL TIME.

CLIMATE NORMAL PERIOD 1981 TO 2010
CLIMATE RECORD PERIOD 1887 TO 2016


WEATHER ITEM   OBSERVED TIME   RECORD YEAR NORMAL DEPARTURE LAST
                VALUE   (LST)  VALUE       VALUE  FROM      YEAR
                                                  NORMAL
..................................................................
TEMPERATURE (F)
 TODAY
  MAXIMUM         61    114 PM  89    1987  71    -10       78
  MINIMUM         45    354 AM  26    1963  49     -4       44
  AVERAGE         53                        60     -7       61

PRECIPITATION (IN)
  TODAY            0.00          1.88 1948   0.15  -0.15     0.00
  MONTH TO DATE    0.00                      0.15  -0.15     0.00
  SINCE MAR 1      9.22                      6.17   3.05     3.17
  SINCE JAN 1     10.49                      8.35   2.14     5.16

SNOWFALL (IN)
  TODAY            0.0           T    1983   0.0    0.0      0.0
  MONTH TO DATE    0.0                       0.0    0.0      0.0
  SINCE JAN 1      3.7                      11.3   -7.6      7.9
  SINCE JUL 1      4.9                      17.8  -12.9     10.3
  SNOW DEPTH       0

DEGREE DAYS
 HEATING
  TODAY           12                         6      6        4
  MONTH TO DATE   12                         6      6        4
  SINCE MAR 1    649                       956   -307      785
  SINCE JUL 1   3901                      4923  -1022     4786

 COOLING
  TODAY            0                         1     -1        0
  MONTH TO DATE    0                         1     -1        0
  SINCE MAR 1     18                        29    -11        5
  SINCE JAN 1     18                        29    -11        5
..................................................................


WIND (MPH)
  HIGHEST WIND SPEED    22   HIGHEST WIND DIRECTION    NW (320)
  HIGHEST GUST SPEED    27   HIGHEST GUST DIRECTION    NW (310)
  AVERAGE WIND SPEED     7.9



WEATHER CONDITIONS
 THE FOLLOWING WEATHER WAS RECORDED TODAY.
  NO SIGNIFICANT WEATHER WAS OBSERVED.


RELATIVE HUMIDITY (PERCENT)
 HIGHEST    92           400 AM
 LOWEST     62          1100 AM
 AVERAGE    77

..........................................................


THE TOPEKA KS CLIMATE NORMALS FOR TOMORROW
                         NORMAL    RECORD    YEAR
 MAXIMUM TEMPERATURE (F)   72        89      1952
 MINIMUM TEMPERATURE (F)   50        29      1961


SUNRISE AND SUNSET
MAY  1 2016...........SUNRISE   624 AM CDT   SUNSET   816 PM CDT
MAY  2 2016...........SUNRISE   623 AM CDT   SUNSET   817 PM CDT


-  INDICATES NEGATIVE NUMBERS.
R  INDICATES RECORD WAS SET OR TIED.
MM INDICATES DATA IS MISSING.
T  INDICATES TRACE AMOUNT.




$$
