000
CDUS43 KTOP 300631
CLITOP


CLIMATE REPORT
NATIONAL WEATHER SERVICE TOPEKA KS
131 AM CDT SUN APR 30 2017


...................................

...THE TOPEKA KS CLIMATE SUMMARY FOR APRIL 29 2017...

CLIMATE NORMAL PERIOD 1981 TO 2010
CLIMATE RECORD PERIOD 1887 TO 2017


WEATHER ITEM   OBSERVED TIME   RECORD YEAR NORMAL DEPARTURE LAST
                VALUE   (LST)  VALUE       VALUE  FROM      YEAR
                                                  NORMAL
..................................................................
TEMPERATURE (F)
 YESTERDAY
  MAXIMUM         50    232 PM  95    1987  71    -21       55
                                      1910
  MINIMUM         44   1159 PM  31    1892  49     -5       48
  AVERAGE         47                        60    -13       52

PRECIPITATION (IN)
  YESTERDAY        0.96          1.56 1974   0.14   0.82     0.55
  MONTH TO DATE    5.65                      3.38   2.27     6.45
  SINCE MAR 1      9.68                      5.87   3.81     8.75
  SINCE JAN 1     11.07                      8.05   3.02    10.02

SNOWFALL (IN)
  YESTERDAY        0.0           0.2  1907   0.0    0.0      0.0
  MONTH TO DATE    T                         0.3   -0.3       T
  SINCE JAN 1      3.5                      11.3   -7.8      3.7
  SINCE JUL 1      6.6                      17.8  -11.2      4.9
  SNOW DEPTH       0

DEGREE DAYS
 HEATING
  YESTERDAY       18                         7     11       13
  MONTH TO DATE  232                       316    -84      204
  SINCE MAR 1    732                       944   -212      632
  SINCE JUL 1   3913                      4911   -998     3884

 COOLING
  YESTERDAY        0                         1     -1        0
  MONTH TO DATE   28                        22      6       15
  SINCE MAR 1     37                        25     12       18
  SINCE JAN 1     37                        25     12       18
..................................................................


WIND (MPH)
  HIGHEST WIND SPEED    32   HIGHEST WIND DIRECTION    NE (50)
  HIGHEST GUST SPEED    41   HIGHEST GUST DIRECTION    NE (50)
  AVERAGE WIND SPEED    13.5


SKY COVER
  AVERAGE SKY COVER 1.0


WEATHER CONDITIONS
 THE FOLLOWING WEATHER WAS RECORDED YESTERDAY.
  THUNDERSTORM
  HEAVY RAIN
  RAIN
  LIGHT RAIN
  FOG


RELATIVE HUMIDITY (PERCENT)
 HIGHEST   100          1200 AM
 LOWEST     93           200 AM
 AVERAGE    97

..........................................................


THE TOPEKA KS CLIMATE NORMALS FOR TODAY
                         NORMAL    RECORD    YEAR
 MAXIMUM TEMPERATURE (F)   71        91      1936
 MINIMUM TEMPERATURE (F)   49        29      1903


SUNRISE AND SUNSET
APRIL 30 2017.........SUNRISE   625 AM CDT   SUNSET   815 PM CDT
MAY  1 2017...........SUNRISE   624 AM CDT   SUNSET   816 PM CDT


-  INDICATES NEGATIVE NUMBERS.
R  INDICATES RECORD WAS SET OR TIED.
MM INDICATES DATA IS MISSING.
T  INDICATES TRACE AMOUNT.




$$
